{"id":99,"date":"2022-02-23T14:39:30","date_gmt":"2022-02-23T13:39:30","guid":{"rendered":"https:\/\/semmelweis.hu\/szakrendelo\/?page_id=99"},"modified":"2026-03-26T12:08:39","modified_gmt":"2026-03-26T11:08:39","slug":"gasztroenterologia","status":"publish","type":"page","link":"https:\/\/semmelweis.hu\/szakrendelo\/szakrendelesek\/gasztroenterologia\/","title":{"rendered":"Gasztroenterol\u00f3gia"},"content":{"rendered":"<div id=\"GroupWiseSection_1649225626000_czenczer.norbert@med.semmelweis-univ.hu_48719E8111F70000B4706F6437386637_\" class=\"GroupWiseMessageBody active keretes w-100\"><span style=\"font-size: 18pt\"><span style=\"font-size: 18pt\"><span style=\"font-size: 18pt\"><strong>A bejelentkez\u00e9shez beutal\u00f3 sz\u00fcks\u00e9ges<br \/>\nA betegeink beh\u00edv\u00e1sa el\u0151jegyz\u00e9s szerint t\u00f6rt\u00e9nik<br \/>\n<\/strong><\/span><\/span><\/span><\/p>\n<p style=\"font-size: 20px\"><span style=\"font-weight: bolder\">Id\u0151pontfoglal\u00e1s:<\/span>\u00a0+36 1 553 3503 telefonsz\u00e1mon<br \/>\nh\u00e9tf\u0151t\u0151l &#8211; p\u00e9ntekig 07.00-15.00 \u00f3ra k\u00f6z\u00f6tt lehets\u00e9ges<\/p>\n<p style=\"font-size: 20px\"><span style=\"font-weight: bolder\">Rendel\u00e9s helye:\u00a0<\/span>Gyulai P\u00e1l u. 2. (K\u00f3rh\u00e1z \u00e9p\u00fclete)<\/p>\n<\/div>\n<p>&nbsp;<\/p>\n<div class=\"responsive-tabs\">\n<h2 class=\"tabtitle\">Konz\u00edlium, endoszk\u00f3pos vizsg\u00e1lat<\/h2>\n<div class=\"tabcontent\">\n\n<h5>Szakorvosi konz\u00edlium \u00e9s endoszk\u00f3pos vizsg\u00e1lat:<\/h5>\n<h5>Dr. T\u00f6r\u00f6k Attila klinikai f\u0151orvos<\/h5>\n<p>Szakasszisztens: Kahut Erika<\/p>\n<p>Orvos\u00edrnok: Szunyog Zsuzsanna<\/p>\n<p><strong>Eszk\u00f6z\u00f6s vizsg\u00e1lat:<\/strong><\/p>\n<table style=\"width: 101.162%\">\n<thead>\n<tr>\n<td style=\"width: 30%\">Nap<\/td>\n<td style=\"width: 769.698%\">Id\u0151pont<\/td>\n<\/tr>\n<\/thead>\n<tbody>\n<tr>\n<td style=\"width: 30%\" scope=\"col\">H\u00e9tf\u0151<\/td>\n<td style=\"width: 769.698%\">08.00 &#8211; 14.00<\/td>\n<\/tr>\n<tr>\n<td style=\"width: 30%\">Kedd<\/td>\n<td style=\"width: 769.698%\">08.00 &#8211; 14.00<\/td>\n<\/tr>\n<tr>\n<td style=\"width: 30%\">Szerda<\/td>\n<td style=\"width: 769.698%\">08.00 &#8211; 14.00<\/td>\n<\/tr>\n<tr>\n<td style=\"width: 30%\">Cs\u00fct\u00f6rt\u00f6k<\/td>\n<td style=\"width: 769.698%\">08.00 &#8211; 14.00<\/td>\n<\/tr>\n<tr>\n<td style=\"width: 30%\">P\u00e9ntek<\/td>\n<td style=\"width: 769.698%\">&#8211;<\/td>\n<\/tr>\n<\/tbody>\n<\/table>\n<div class=\"w-100\">\n<p>\n<strong style=\"font-size: 1rem\">Konzult\u00e1ci\u00f3s nap:<\/strong><\/p>\n<table style=\"width: 101.528%\">\n<thead>\n<tr>\n<td style=\"width: 30%\">Nap<\/td>\n<td style=\"width: 1174.79%\">Id\u0151pont<\/td>\n<\/tr>\n<\/thead>\n<tbody>\n<tr>\n<td style=\"width: 30%\" scope=\"col\">H\u00e9tf\u0151<\/td>\n<td style=\"width: 1174.79%\">&#8211;<\/td>\n<\/tr>\n<tr>\n<td style=\"width: 30%\">Kedd<\/td>\n<td style=\"width: 1174.79%\">&#8211;<\/td>\n<\/tr>\n<tr>\n<td style=\"width: 30%\">Szerda<\/td>\n<td style=\"width: 1174.79%\">&#8211;<\/td>\n<\/tr>\n<tr>\n<td style=\"width: 30%\">Cs\u00fct\u00f6rt\u00f6k<\/td>\n<td style=\"width: 1174.79%\">&#8211;<\/td>\n<\/tr>\n<tr>\n<td style=\"width: 30%\">P\u00e9ntek<\/td>\n<td style=\"width: 1174.79%\">08.00-12.00<\/td>\n<\/tr>\n<\/tbody>\n<\/table>\n<\/div>\n<p>&nbsp;<\/p>\n<h5>A Szakrendel\u00e9s \u00e1ltal\u00e1nos c\u00e9lja<\/h5>\n<p><strong>Gasztroenterol\u00f3gia Szakrendel\u00e9s:<\/strong><br \/>\nMinden orvosi dokument\u00e1ci\u00f3, minden megjelen\u00e9s alkalm\u00e1val sz\u00fcks\u00e9ges (leletek, z\u00e1r\u00f3jelent\u00e9sek) \u2013 m\u00e1s ter\u00fcletr\u0151l is.<br \/>\n&#8211; szakorvosi konzult\u00e1ci\u00f3 minden endoszk\u00f3pos vizsg\u00e1lat el\u0151tt, majd sz\u00fcks\u00e9g szerint ellen\u0151rz\u00e9s, gondoz\u00e1s.<br \/>\n&#8211; endoszk\u00f3pos vizsg\u00e1latok (gasztroszk\u00f3pia, kolonoszk\u00f3pia) \u00e9s ter\u00e1pi\u00e1s beavatkoz\u00e1sok<\/p>\n<p><strong>Egynapos gasztroenterol\u00f3giai &#8211; seb\u00e9szeti beavatkoz\u00e1sok:<\/strong><br \/>\nA beavatkoz\u00e1s el\u0151tt el\u0151vizsg\u00e1latok v\u00e9gz\u00e9se \u00e9s azok leletei is sz\u00fcks\u00e9gesek.<br \/>\n&#8211; endoszk\u00f3pos polypektomia<br \/>\n&#8211; em\u00e9szt\u0151szervi daganatok \u00e9s \u00e9rfejl\u0151d\u00e9si rendelleness\u00e9gek endoszk\u00f3pos L\u00c9ZER kezel\u00e9se<\/p>\n\n<\/div><h2 class=\"tabtitle\">Kil\u00e9gz\u00e9si vizsg\u00e1latok<\/h2>\n<div class=\"tabcontent\">\n\n<h4>Kil\u00e9gz\u00e9si vizsg\u00e1latok:<\/h4>\n<ul style=\"list-style-type: square\">\n<li>v\u00e9konyb\u00e9lfunkci\u00f3s vizsg\u00e1latok hidrog\u00e9n kil\u00e9gz\u00e9si teszttel (H2)<\/li>\n<li>helicobacter pylori fert\u0151z\u00e9s kimutat\u00e1sa urea-kil\u00e9gz\u00e9si teszttel (HP)<\/li>\n<\/ul>\n<p><strong>Kil\u00e9gz\u00e9ses vizsg\u00e1latokra (HP \u00e9s H2) bejelentkez\u00e9s:<\/strong><\/p>\n<p>+36 1 553 3503-as telefonsz\u00e1mon h\u00e9tf\u0151t\u0151l &#8211; p\u00e9ntekig 7.00 -15.00 \u00f3ra k\u00f6z\u00f6tt lehets\u00e9ges<\/p>\n<p><strong>Kil\u00e9gz\u00e9si vizsg\u00e1latok el\u0151tt az al\u00e1bb r\u00e9szletezett \u00e9tkez\u00e9si, gy\u00f3gyszerel\u00e9si utas\u00edt\u00e1sokat be kell tartani.<\/strong><\/p>\n<h4>Helicobacter kil\u00e9gz\u00e9si teszt (hp)<\/h4>\n<p><strong><span style=\"font-size: 18pt\">A vizsg\u00e1latot csak szakorvosi beutal\u00f3val tudjuk elv\u00e9gezni<\/span><\/strong><\/p>\n<div class=\"keretes w-100\">\n<p><strong>Helicobacter pylori kimutat\u00e1sra urea-kil\u00e9gz\u00e9si teszttel (HP) vizsg\u00e1lat id\u0151pontja:<\/strong><br \/>\nKedd:\u00a0 08.00 (minden p\u00e1ros h\u00e9ten)<\/p>\n<\/div>\n<p><strong>El\u0151k\u00e9sz\u00edt\u00e9s:<\/strong><\/p>\n<ul style=\"list-style-type: square\">\n<li><span style=\"color: #000000\"><strong>A vizsg\u00e1latot megel\u0151z\u0151 egy h\u00f3napon bel\u00fcl tilos antibiotikumot szedni<\/strong><\/span><\/li>\n<li><span style=\"color: #000000\"><strong>A vizsg\u00e1lat el\u0151tt egy h\u00e9ttel gyomorra\/em\u00e9szt\u00e9sre hat\u00f3 gy\u00f3gyszerek szed\u00e9se tilos<\/strong><\/span><\/li>\n<li><span style=\"color: #000000\"><strong>A vizsg\u00e1lat napj\u00e1n a vizsg\u00e1lat el\u0151tt 6 \u00f3r\u00e1val tilos enni, doh\u00e1nyozni, fogat mosni, r\u00e1g\u00f3zni.\u00a0 Inni csak vizet lehet<\/strong><\/span><\/li>\n<\/ul>\n<h4>\u00a0<\/h4>\n<h4>HIDROG\u00c9N KIL\u00c9GZ\u00c9SES VIZSG\u00c1LATHOZ (H2)<\/h4>\n<div class=\"keretes w-100\">\n<p><strong><span style=\"font-size: 18pt\">A vizsg\u00e1latot csak szakorvosi beutal\u00f3val tudjuk elv\u00e9gezni<\/p>\n<p><\/span><\/strong><span style=\"font-weight: bolder;font-size: 1rem\">V\u00e9konyb\u00e9l funkci\u00f3s vizsg\u00e1latok hidrog\u00e9n kil\u00e9gz\u00e9si teszttel (H2) vizsg\u00e1lat id\u0151pontja:<br \/>\n<\/span><span style=\"font-size: 1rem\">Szerda, cs\u00fct\u00f6rt\u00f6k: 08.30<\/span><\/p>\n<\/div>\n<p><strong>El\u0151k\u00e9sz\u00edt\u00e9s:<\/strong><\/p>\n<ul style=\"list-style-type: square\">\n<li><strong>A vizsg\u00e1lat el\u0151tt 1 h\u00f3nappal nem szabad antibiotikumot szedni<\/strong><\/li>\n<li><strong>A vizsg\u00e1lat el\u0151tt 1 h\u00e9ttel tilos bevenni em\u00e9szt\u00e9sre hat\u00f3 gy\u00f3gyszert<\/strong><\/li>\n<li><strong>A vizsg\u00e1lat el\u0151tt 2 nappal tilos bevenni hashajt\u00f3t<\/strong><\/li>\n<li><strong>Vizsg\u00e1lat el\u0151tti nap: este 7 \u00f3ra ut\u00e1n tilos enni. (inni csak sz\u00e9nsavmentes folyad\u00e9kot) lefekv\u00e9s el\u0151tt alapos fogmos\u00e1st kell v\u00e9gezni<\/strong><\/li>\n<li><strong>Eg\u00e9sz nap tilos enni: z\u00f6lds\u00e9get, gy\u00fcm\u00f6lcs\u00f6t \u00e9s h\u00fcvelyeseket olyan \u00e9telt, amiben z\u00f6lds\u00e9g f\u0151tt<\/strong><\/li>\n<li><strong>Eg\u00e9sz nap tilos inni: sz\u00e9nsavas italt, gy\u00fcm\u00f6lcslevet<\/strong><\/li>\n<\/ul>\n<p><strong>Vizsg\u00e1lat napj\u00e1n:<\/strong><\/p>\n<ul style=\"list-style-type: square\">\n<li><strong>Reggel k\u00e9tszeri alapos fogmos\u00e1s (a fogmos\u00f3 v\u00edz ne legyen lenyelve) a m\u00e1sodik fogmos\u00e1s indul\u00e1s el\u0151tt legyen<\/strong><\/li>\n<li><strong>Tilos doh\u00e1nyozni, nem szabad enni, inni (k\u00e1v\u00e9t sem, de m\u00e9g vizet sem)<\/strong><\/li>\n<\/ul>\n<p>A vizsg\u00e1lat hossza kb. 2,5 \u00f3ra.<\/p>\n<p>Laborat\u00f3riumi asszisztens \u2013 kil\u00e9gz\u00e9ses vizsg\u00e1latok: Dr. T\u00f6r\u00f6k Attil\u00e1n\u00e9<\/p>\n<\/div><\/div>\n","protected":false},"excerpt":{"rendered":"<p>A bejelentkez\u00e9shez beutal\u00f3 sz\u00fcks\u00e9ges A betegeink beh\u00edv\u00e1sa el\u0151jegyz\u00e9s szerint t\u00f6rt\u00e9nik Id\u0151pontfoglal\u00e1s:\u00a0+36 1 553 3503 telefonsz\u00e1mon h\u00e9tf\u0151t\u0151l &#8211; p\u00e9ntekig 07.00-15.00 \u00f3ra k\u00f6z\u00f6tt lehets\u00e9ges Rendel\u00e9s helye:\u00a0Gyulai P\u00e1l u. 2. (K\u00f3rh\u00e1z \u00e9p\u00fclete) &nbsp; Szakorvosi konz\u00edlium \u00e9s endoszk\u00f3pos vizsg\u00e1lat: Dr. T\u00f6r\u00f6k Attila klinikai f\u0151orvos Szakasszisztens: Kahut Erika Orvos\u00edrnok: Szunyog Zsuzsanna Eszk\u00f6z\u00f6s vizsg\u00e1lat: Nap Id\u0151pont H\u00e9tf\u0151 08.00 &#8211; 14.00 Kedd &hellip;<\/p>\n","protected":false},"author":101884,"featured_media":0,"parent":45,"menu_order":0,"comment_status":"closed","ping_status":"closed","template":"","meta":{"_acf_changed":false,"footnotes":""},"categories":[4],"tags":[],"class_list":["post-99","page","type-page","status-publish","hentry","category-szakrendelesek"],"acf":[],"_links":{"self":[{"href":"https:\/\/semmelweis.hu\/szakrendelo\/wp-json\/wp\/v2\/pages\/99","targetHints":{"allow":["GET"]}}],"collection":[{"href":"https:\/\/semmelweis.hu\/szakrendelo\/wp-json\/wp\/v2\/pages"}],"about":[{"href":"https:\/\/semmelweis.hu\/szakrendelo\/wp-json\/wp\/v2\/types\/page"}],"author":[{"embeddable":true,"href":"https:\/\/semmelweis.hu\/szakrendelo\/wp-json\/wp\/v2\/users\/101884"}],"replies":[{"embeddable":true,"href":"https:\/\/semmelweis.hu\/szakrendelo\/wp-json\/wp\/v2\/comments?post=99"}],"version-history":[{"count":13,"href":"https:\/\/semmelweis.hu\/szakrendelo\/wp-json\/wp\/v2\/pages\/99\/revisions"}],"predecessor-version":[{"id":1417,"href":"https:\/\/semmelweis.hu\/szakrendelo\/wp-json\/wp\/v2\/pages\/99\/revisions\/1417"}],"up":[{"embeddable":true,"href":"https:\/\/semmelweis.hu\/szakrendelo\/wp-json\/wp\/v2\/pages\/45"}],"wp:attachment":[{"href":"https:\/\/semmelweis.hu\/szakrendelo\/wp-json\/wp\/v2\/media?parent=99"}],"wp:term":[{"taxonomy":"category","embeddable":true,"href":"https:\/\/semmelweis.hu\/szakrendelo\/wp-json\/wp\/v2\/categories?post=99"},{"taxonomy":"post_tag","embeddable":true,"href":"https:\/\/semmelweis.hu\/szakrendelo\/wp-json\/wp\/v2\/tags?post=99"}],"curies":[{"name":"wp","href":"https:\/\/api.w.org\/{rel}","templated":true}]}}