{"id":93,"date":"2022-02-23T14:36:22","date_gmt":"2022-02-23T13:36:22","guid":{"rendered":"https:\/\/semmelweis.hu\/szakrendelo\/?page_id=93"},"modified":"2026-03-26T11:51:19","modified_gmt":"2026-03-26T10:51:19","slug":"fizikoterapia","status":"publish","type":"page","link":"https:\/\/semmelweis.hu\/szakrendelo\/szakrendelesek\/fizikoterapia\/","title":{"rendered":"Fizikoter\u00e1pia"},"content":{"rendered":"<div class=\"keretes w-100\">\n<p><strong><span style=\"font-size: 18pt\">A bejelentkez\u00e9shez beutal\u00f3 sz\u00fcks\u00e9ges<\/span><\/strong><\/p>\n<p><strong>Id\u0151pontk\u00e9r\u00e9s:<\/strong> +36 30 016 4185 telefonsz\u00e1mon<br \/>\nh\u00e9tf\u0151t\u0151l-p\u00e9ntekig 06.00-14.00 \u00f3ra k\u00f6z\u00f6tt lehets\u00e9ges<\/p>\n<p><strong>Rendel\u00e9s helye: <\/strong>Gyulai P\u00e1l u. 2. (K\u00f3rh\u00e1z \u00e9p\u00fclete)<\/p>\n<h6>Hornungn\u00e9 Fontos Marianna fizikoterapeuta<\/h6>\n<h6>Bagoly Gizella fizikoterapeuta<\/h6>\n<\/div>\n<div class=\"w-100\">\n<table style=\"width: 100.87%\">\n<thead>\n<tr>\n<td style=\"width: 30%\">Nap<\/td>\n<td style=\"width: 768.243%\">Id\u0151pont<\/td>\n<\/tr>\n<\/thead>\n<tbody>\n<tr>\n<td style=\"width: 30%\" scope=\"col\">H\u00e9tf\u0151<\/td>\n<td style=\"width: 768.243%\">06.30 &#8211; 15.00<\/td>\n<\/tr>\n<tr>\n<td style=\"width: 30%\">Kedd<\/td>\n<td style=\"width: 768.243%\">06.30 &#8211; 15.00<\/td>\n<\/tr>\n<tr>\n<td style=\"width: 30%\">Szerda<\/td>\n<td style=\"width: 768.243%\">06.30 &#8211; 15.00<\/td>\n<\/tr>\n<tr>\n<td style=\"width: 30%\">Cs\u00fct\u00f6rt\u00f6k<\/td>\n<td style=\"width: 768.243%\">06.30 &#8211; 15.00<\/td>\n<\/tr>\n<tr>\n<td style=\"width: 30%\">P\u00e9ntek<\/td>\n<td style=\"width: 768.243%\">06.30 &#8211; 15.00<\/td>\n<\/tr>\n<\/tbody>\n<\/table>\n<p>\n<span style=\"color: #313b40;font-family: Montserrat, sans-serif;font-weight: bold\">A szakrendel\u00e9s \u00e1ltal\u00e1nos c\u00e9lja:<\/span><\/p>\n<\/div>\n<p>Reumatol\u00f3gus, neurol\u00f3gus, ortop\u00e9dus szakorvosok \u00e1ltal elrendelt kezel\u00e9sek elv\u00e9gz\u00e9se a mozg\u00e1sszervi eg\u00e9szs\u00e9gi \u00e1llapot jav\u00edt\u00e1sa \u00e9rdek\u00e9ben.<br \/>\nA kis-, \u00e9s k\u00f6z\u00e9pfrekvenci\u00e1s elektromos \u00e9s ultrahang kezel\u00e9sek el\u0151zetes id\u0151pont egyeztet\u00e9s\u00e9vel vehet\u0151k ig\u00e9nybe.<\/p>\n","protected":false},"excerpt":{"rendered":"<p>A bejelentkez\u00e9shez beutal\u00f3 sz\u00fcks\u00e9ges Id\u0151pontk\u00e9r\u00e9s: +36 30 016 4185 telefonsz\u00e1mon h\u00e9tf\u0151t\u0151l-p\u00e9ntekig 06.00-14.00 \u00f3ra k\u00f6z\u00f6tt lehets\u00e9ges Rendel\u00e9s helye: Gyulai P\u00e1l u. 2. (K\u00f3rh\u00e1z \u00e9p\u00fclete) Hornungn\u00e9 Fontos Marianna fizikoterapeuta Bagoly Gizella fizikoterapeuta Nap Id\u0151pont H\u00e9tf\u0151 06.30 &#8211; 15.00 Kedd 06.30 &#8211; 15.00 Szerda 06.30 &#8211; 15.00 Cs\u00fct\u00f6rt\u00f6k 06.30 &#8211; 15.00 P\u00e9ntek 06.30 &#8211; 15.00 A szakrendel\u00e9s \u00e1ltal\u00e1nos &hellip;<\/p>\n","protected":false},"author":101884,"featured_media":0,"parent":45,"menu_order":0,"comment_status":"closed","ping_status":"closed","template":"","meta":{"_acf_changed":false,"footnotes":""},"categories":[4],"tags":[],"class_list":["post-93","page","type-page","status-publish","hentry","category-szakrendelesek"],"acf":[],"_links":{"self":[{"href":"https:\/\/semmelweis.hu\/szakrendelo\/wp-json\/wp\/v2\/pages\/93","targetHints":{"allow":["GET"]}}],"collection":[{"href":"https:\/\/semmelweis.hu\/szakrendelo\/wp-json\/wp\/v2\/pages"}],"about":[{"href":"https:\/\/semmelweis.hu\/szakrendelo\/wp-json\/wp\/v2\/types\/page"}],"author":[{"embeddable":true,"href":"https:\/\/semmelweis.hu\/szakrendelo\/wp-json\/wp\/v2\/users\/101884"}],"replies":[{"embeddable":true,"href":"https:\/\/semmelweis.hu\/szakrendelo\/wp-json\/wp\/v2\/comments?post=93"}],"version-history":[{"count":13,"href":"https:\/\/semmelweis.hu\/szakrendelo\/wp-json\/wp\/v2\/pages\/93\/revisions"}],"predecessor-version":[{"id":1413,"href":"https:\/\/semmelweis.hu\/szakrendelo\/wp-json\/wp\/v2\/pages\/93\/revisions\/1413"}],"up":[{"embeddable":true,"href":"https:\/\/semmelweis.hu\/szakrendelo\/wp-json\/wp\/v2\/pages\/45"}],"wp:attachment":[{"href":"https:\/\/semmelweis.hu\/szakrendelo\/wp-json\/wp\/v2\/media?parent=93"}],"wp:term":[{"taxonomy":"category","embeddable":true,"href":"https:\/\/semmelweis.hu\/szakrendelo\/wp-json\/wp\/v2\/categories?post=93"},{"taxonomy":"post_tag","embeddable":true,"href":"https:\/\/semmelweis.hu\/szakrendelo\/wp-json\/wp\/v2\/tags?post=93"}],"curies":[{"name":"wp","href":"https:\/\/api.w.org\/{rel}","templated":true}]}}