{"id":1290,"date":"2026-01-26T16:57:40","date_gmt":"2026-01-26T15:57:40","guid":{"rendered":"https:\/\/semmelweis.hu\/szakrendelo\/?page_id=1290"},"modified":"2026-01-29T10:20:45","modified_gmt":"2026-01-29T09:20:45","slug":"csaladterapia","status":"publish","type":"page","link":"https:\/\/semmelweis.hu\/szakrendelo\/csaladterapia\/","title":{"rendered":"Csal\u00e1dter\u00e1pia"},"content":{"rendered":"<p>A szakrendel\u00e9s olyan beteg gyermeket nevel\u0151 csal\u00e1doknak ny\u00fajt seg\u00edts\u00e9get, ahol a gyermek eg\u00e9szs\u00e9g\u00fcgyi ell\u00e1t\u00e1st ig\u00e9nyl\u0151 betegs\u00e9ggel vagy \u00e1llapottal \u00e9l. A program c\u00e9lja, hogy a csal\u00e1di szint\u0171 konzult\u00e1ci\u00f3k r\u00e9v\u00e9n javuljon az egy\u00fcttm\u0171k\u00f6d\u00e9s, n\u00f6vekedjenek a gy\u00f3gyul\u00e1si es\u00e9lyek, illetve \u00f6sszess\u00e9g\u00e9ben jobb \u00e9letmin\u0151s\u00e9g v\u00e1ljon el\u00e9rhet\u0151v\u00e9 az \u00e9rintettek sz\u00e1m\u00e1ra.<\/p>\n<p><strong><span style=\"font-size: 1rem\">A szolg\u00e1ltat\u00e1s ir\u00e1nti \u00e9rdekl\u0151d\u00e9s\u00fcket a csal\u00e1dok az al\u00e1bbi \u0171rlap kit\u00f6lt\u00e9s\u00e9vel jelezhetik:\u00a0<\/span><\/strong><strong style=\"font-size: 1rem\"> <a href=\"https:\/\/forms.cloud.microsoft\/pages\/responsepage.aspx?id=uJCuuvE5TUOrpmTr1YljV8E1ZTZK0EhGqFb51chGvHxUMU5YVUNBWFZDOFRSRFowNTJVTko3VkxSUi4u&amp;route=shorturl\">kit\u00f6lt\u00f6m az \u0171rlapot<\/a><\/strong><\/p>\n<p>A kit\u00f6lt\u00e9s ut\u00e1n k\u00e9t h\u00e9ten bel\u00fcl az egyik csal\u00e1dterapeuta fogja felvenni a kapcsolatot a csal\u00e1ddal, a megadott el\u00e9rhet\u0151s\u00e9gek egyik\u00e9n.<\/p>\n<p><strong>Rendel\u00e9s helye: <\/strong>Semmelweis Egyetem, Szent R\u00f3kus Klinikai T\u00f6mb, Szakrendel\u0151 Int\u00e9zet <br \/>\nBudapest, VIII. ker\u00fclet, Gyulai P\u00e1l u. 2. (K\u00f3rh\u00e1z \u00e9p\u00fclete)<\/p>\n<h4><strong>Rendel\u00e9si id\u0151s\u00e1vok:<\/strong><\/h4>\n<div class=\"keretes w-100\">\n<p><strong>Dr. T\u00f6r\u00f6k Szabolcs <br \/>\n<\/strong>gyermekgy\u00f3gy\u00e1sz \u00e9s pszichoterapeuta szakorvos, csal\u00e1dterapeuta <br \/>\nSzerda: 9.00-13.00<\/p>\n<p><strong>Dr. Papp Zsuzsanna <br \/>\n<\/strong>pszichol\u00f3gus, k\u00e9pz\u00e9sben l\u00e9v\u0151 csal\u00e1dterapeuta<br \/>\nKedd: 9.00-13.00<\/p>\n<p><strong>Pereszta Ibolya <br \/>\n<\/strong>klinikai szakpszichol\u00f3gus, k\u00e9pz\u00e9sben l\u00e9v\u0151 csal\u00e1dterapeuta <br \/>\nP\u00e9ntek: 8.00-12.00<\/p>\n<p><strong>Szab\u00f3 P\u00e9ter <br \/>\n<\/strong>klinikai szakpszichol\u00f3gus, csal\u00e1dterapeuta <br \/>\nKedd: 9.00-13.00<\/p>\n<p><strong>Dupont Kinga\u00a0 <br \/>\n<\/strong>pszichol\u00f3gus, csal\u00e1dterapeuta<br \/>\nSzerda: 9.00-13.00<\/p>\n<p><strong>Koll\u00e1r M\u00e1rta <br \/>\n<\/strong>pszichol\u00f3gus, csal\u00e1dterapeuta<strong> <br \/>\n<\/strong>P\u00e9ntek: 8.00-12.00<\/p>\n<\/div>\n<p>A Semmelweis Egyetem Szent R\u00f3kus Klinikai T\u00f6mb Szakrendel\u0151 Int\u00e9zet csal\u00e1dter\u00e1pi\u00e1s ell\u00e1t\u00e1s fejleszt\u00e9se a MOL-\u00daj Eur\u00f3pa Alap\u00edtv\u00e1ny Kozma Imre Gyermekgy\u00f3gy\u00edt\u00f3 Plusz p\u00e1ly\u00e1zati programj\u00e1nak t\u00e1mogat\u00e1s\u00e1val j\u00f6tt l\u00e9tre \u00e9s m\u0171k\u00f6dik.<br \/>\nA szolg\u00e1ltat\u00e1s ig\u00e9nybev\u00e9tele a csal\u00e1dok r\u00e9sz\u00e9re ingyenes!<em><br \/>\n<\/em><\/p>\n<p><img loading=\"lazy\" decoding=\"async\" class=\"size-medium wp-image-1277 aligncenter\" src=\"https:\/\/semmelweis.hu\/szakrendelo\/files\/2026\/01\/MOL-Uj-Europa-Alapitvany-jpg-400x225.jpg\" alt=\"\" width=\"400\" height=\"225\" srcset=\"https:\/\/semmelweis.hu\/szakrendelo\/files\/2026\/01\/MOL-Uj-Europa-Alapitvany-jpg-400x225.jpg 400w, https:\/\/semmelweis.hu\/szakrendelo\/files\/2026\/01\/MOL-Uj-Europa-Alapitvany-jpg-1024x576.jpg 1024w, https:\/\/semmelweis.hu\/szakrendelo\/files\/2026\/01\/MOL-Uj-Europa-Alapitvany-jpg-768x432.jpg 768w, https:\/\/semmelweis.hu\/szakrendelo\/files\/2026\/01\/MOL-Uj-Europa-Alapitvany-jpg-1536x864.jpg 1536w, https:\/\/semmelweis.hu\/szakrendelo\/files\/2026\/01\/MOL-Uj-Europa-Alapitvany-jpg-753x424.jpg 753w, https:\/\/semmelweis.hu\/szakrendelo\/files\/2026\/01\/MOL-Uj-Europa-Alapitvany-jpg.jpg 1600w\" sizes=\"auto, (max-width: 400px) 100vw, 400px\" \/><\/p>\n","protected":false},"excerpt":{"rendered":"<p>A szakrendel\u00e9s olyan beteg gyermeket nevel\u0151 csal\u00e1doknak ny\u00fajt seg\u00edts\u00e9get, ahol a gyermek eg\u00e9szs\u00e9g\u00fcgyi ell\u00e1t\u00e1st ig\u00e9nyl\u0151 betegs\u00e9ggel vagy \u00e1llapottal \u00e9l. A program c\u00e9lja, hogy a csal\u00e1di szint\u0171 konzult\u00e1ci\u00f3k r\u00e9v\u00e9n javuljon az egy\u00fcttm\u0171k\u00f6d\u00e9s, n\u00f6vekedjenek a gy\u00f3gyul\u00e1si es\u00e9lyek, illetve \u00f6sszess\u00e9g\u00e9ben jobb \u00e9letmin\u0151s\u00e9g v\u00e1ljon el\u00e9rhet\u0151v\u00e9 az \u00e9rintettek sz\u00e1m\u00e1ra. A szolg\u00e1ltat\u00e1s ir\u00e1nti \u00e9rdekl\u0151d\u00e9s\u00fcket a csal\u00e1dok az al\u00e1bbi \u0171rlap kit\u00f6lt\u00e9s\u00e9vel jelezhetik:\u00a0 &hellip;<\/p>\n","protected":false},"author":102515,"featured_media":0,"parent":0,"menu_order":0,"comment_status":"closed","ping_status":"closed","template":"","meta":{"_acf_changed":false,"footnotes":""},"categories":[4],"tags":[],"class_list":["post-1290","page","type-page","status-publish","hentry","category-szakrendelesek"],"acf":[],"_links":{"self":[{"href":"https:\/\/semmelweis.hu\/szakrendelo\/wp-json\/wp\/v2\/pages\/1290","targetHints":{"allow":["GET"]}}],"collection":[{"href":"https:\/\/semmelweis.hu\/szakrendelo\/wp-json\/wp\/v2\/pages"}],"about":[{"href":"https:\/\/semmelweis.hu\/szakrendelo\/wp-json\/wp\/v2\/types\/page"}],"author":[{"embeddable":true,"href":"https:\/\/semmelweis.hu\/szakrendelo\/wp-json\/wp\/v2\/users\/102515"}],"replies":[{"embeddable":true,"href":"https:\/\/semmelweis.hu\/szakrendelo\/wp-json\/wp\/v2\/comments?post=1290"}],"version-history":[{"count":6,"href":"https:\/\/semmelweis.hu\/szakrendelo\/wp-json\/wp\/v2\/pages\/1290\/revisions"}],"predecessor-version":[{"id":1304,"href":"https:\/\/semmelweis.hu\/szakrendelo\/wp-json\/wp\/v2\/pages\/1290\/revisions\/1304"}],"wp:attachment":[{"href":"https:\/\/semmelweis.hu\/szakrendelo\/wp-json\/wp\/v2\/media?parent=1290"}],"wp:term":[{"taxonomy":"category","embeddable":true,"href":"https:\/\/semmelweis.hu\/szakrendelo\/wp-json\/wp\/v2\/categories?post=1290"},{"taxonomy":"post_tag","embeddable":true,"href":"https:\/\/semmelweis.hu\/szakrendelo\/wp-json\/wp\/v2\/tags?post=1290"}],"curies":[{"name":"wp","href":"https:\/\/api.w.org\/{rel}","templated":true}]}}