{"id":127,"date":"2022-02-23T14:49:17","date_gmt":"2022-02-23T13:49:17","guid":{"rendered":"https:\/\/semmelweis.hu\/szakrendelo\/?page_id=127"},"modified":"2026-03-26T16:31:18","modified_gmt":"2026-03-26T15:31:18","slug":"nefrologia","status":"publish","type":"page","link":"https:\/\/semmelweis.hu\/szakrendelo\/szakrendelesek\/nefrologia\/","title":{"rendered":"Nefrol\u00f3gia"},"content":{"rendered":"<div class=\"keretes w-100\">\n<p><strong><span style=\"font-size: 18pt\">A bejelentkez\u00e9shez beutal\u00f3 sz\u00fcks\u00e9ges<br \/>\nA betegeink beh\u00edv\u00e1sa el\u0151jegyz\u00e9s szerint t\u00f6rt\u00e9nik<\/span><\/strong><\/p>\n<p><strong>Id\u0151pont k\u00e9r\u00e9s &#8220;\u00faj&#8221; betegek sz\u00e1m\u00e1ra:<\/strong>\u00a0<span style=\"font-size: 1rem\">+36 1 553 3503<\/span><span style=\"font-size: 1rem\">\u00a0telefonsz\u00e1mon h\u00e9tf\u0151t\u0151l-p\u00e9ntekig 07.00-15.00 \u00f3ra k\u00f6z\u00f6tt lehets\u00e9ges<\/span><\/p>\n<p><strong>Kontroll id\u0151pont:<\/strong> +36 20 663 2237 rendel\u00e9si id\u0151ben<br \/>\n<strong>Rendel\u00e9s helye:<\/strong> Gyulai P\u00e1l u. 2. (K\u00f3rh\u00e1z \u00e9p\u00fclete) &#8211; Dial\u00edzis \u00e1llom\u00e1son<\/p>\n<\/div>\n<h5>Dr. Gigacz T\u00fcnde klinikai f\u0151orvos<\/h5>\n<div class=\"w-100\">\n<table style=\"width: 101.528%\">\n<thead>\n<tr>\n<td style=\"width: 30%\">Nap<\/td>\n<td style=\"width: 1576.61%\">Id\u0151pont<\/td>\n<\/tr>\n<\/thead>\n<tbody>\n<tr>\n<td style=\"width: 30%\" scope=\"col\">H\u00e9tf\u0151<\/td>\n<td style=\"width: 1576.61%\">08.00 &#8211; 15.00<\/td>\n<\/tr>\n<tr>\n<td style=\"width: 30%\">Kedd<\/td>\n<td style=\"width: 1576.61%\">&#8211;<\/td>\n<\/tr>\n<tr>\n<td style=\"width: 30%\">Szerda<\/td>\n<td style=\"width: 1576.61%\">08.00 &#8211; 15.00<\/td>\n<\/tr>\n<tr>\n<td style=\"width: 30%\">Cs\u00fct\u00f6rt\u00f6k<\/td>\n<td style=\"width: 1576.61%\">08.00 &#8211; 15.00<\/td>\n<\/tr>\n<tr>\n<td style=\"width: 30%\">P\u00e9ntek<\/td>\n<td style=\"width: 1576.61%\">08.00 &#8211; 13.00<\/td>\n<\/tr>\n<\/tbody>\n<\/table>\n<\/div>\n<p>&nbsp;<\/p>\n<h4>A szakrendel\u00e9s \u00e1ltal\u00e1nos c\u00e9lja:<\/h4>\n<p>A kr\u00f3nikus vesebetegek kisz\u0171r\u00e9se, gondoz\u00e1sa, k\u00f6vet\u00e9se (di\u00e9t\u00e1s tan\u00e1csad\u00e1s, k\u00e9palkot\u00f3 vizsg\u00e1latok, speci\u00e1lis labor megszervez\u00e9se). S\u00falyos st\u00e1diumban l\u00e9v\u0151kn\u00e9l dial\u00edzis el\u0151k\u00e9sz\u00edt\u00e9s. Vese eredet\u0171 v\u00e9rszeg\u00e9nys\u00e9g kezel\u00e9se.<\/p>\n","protected":false},"excerpt":{"rendered":"<p>A bejelentkez\u00e9shez beutal\u00f3 sz\u00fcks\u00e9ges A betegeink beh\u00edv\u00e1sa el\u0151jegyz\u00e9s szerint t\u00f6rt\u00e9nik Id\u0151pont k\u00e9r\u00e9s &#8220;\u00faj&#8221; betegek sz\u00e1m\u00e1ra:\u00a0+36 1 553 3503\u00a0telefonsz\u00e1mon h\u00e9tf\u0151t\u0151l-p\u00e9ntekig 07.00-15.00 \u00f3ra k\u00f6z\u00f6tt lehets\u00e9ges Kontroll id\u0151pont: +36 20 663 2237 rendel\u00e9si id\u0151ben Rendel\u00e9s helye: Gyulai P\u00e1l u. 2. (K\u00f3rh\u00e1z \u00e9p\u00fclete) &#8211; Dial\u00edzis \u00e1llom\u00e1son Dr. Gigacz T\u00fcnde klinikai f\u0151orvos Nap Id\u0151pont H\u00e9tf\u0151 08.00 &#8211; 15.00 Kedd &#8211; &hellip;<\/p>\n","protected":false},"author":101884,"featured_media":0,"parent":45,"menu_order":0,"comment_status":"closed","ping_status":"closed","template":"","meta":{"_acf_changed":false,"footnotes":""},"categories":[4],"tags":[],"class_list":["post-127","page","type-page","status-publish","hentry","category-szakrendelesek"],"acf":[],"_links":{"self":[{"href":"https:\/\/semmelweis.hu\/szakrendelo\/wp-json\/wp\/v2\/pages\/127","targetHints":{"allow":["GET"]}}],"collection":[{"href":"https:\/\/semmelweis.hu\/szakrendelo\/wp-json\/wp\/v2\/pages"}],"about":[{"href":"https:\/\/semmelweis.hu\/szakrendelo\/wp-json\/wp\/v2\/types\/page"}],"author":[{"embeddable":true,"href":"https:\/\/semmelweis.hu\/szakrendelo\/wp-json\/wp\/v2\/users\/101884"}],"replies":[{"embeddable":true,"href":"https:\/\/semmelweis.hu\/szakrendelo\/wp-json\/wp\/v2\/comments?post=127"}],"version-history":[{"count":13,"href":"https:\/\/semmelweis.hu\/szakrendelo\/wp-json\/wp\/v2\/pages\/127\/revisions"}],"predecessor-version":[{"id":1456,"href":"https:\/\/semmelweis.hu\/szakrendelo\/wp-json\/wp\/v2\/pages\/127\/revisions\/1456"}],"up":[{"embeddable":true,"href":"https:\/\/semmelweis.hu\/szakrendelo\/wp-json\/wp\/v2\/pages\/45"}],"wp:attachment":[{"href":"https:\/\/semmelweis.hu\/szakrendelo\/wp-json\/wp\/v2\/media?parent=127"}],"wp:term":[{"taxonomy":"category","embeddable":true,"href":"https:\/\/semmelweis.hu\/szakrendelo\/wp-json\/wp\/v2\/categories?post=127"},{"taxonomy":"post_tag","embeddable":true,"href":"https:\/\/semmelweis.hu\/szakrendelo\/wp-json\/wp\/v2\/tags?post=127"}],"curies":[{"name":"wp","href":"https:\/\/api.w.org\/{rel}","templated":true}]}}