{"id":108,"date":"2022-02-23T14:43:07","date_gmt":"2022-02-23T13:43:07","guid":{"rendered":"https:\/\/semmelweis.hu\/szakrendelo\/?page_id=108"},"modified":"2026-03-26T14:31:08","modified_gmt":"2026-03-26T13:31:08","slug":"gyermek-pulmonologia","status":"publish","type":"page","link":"https:\/\/semmelweis.hu\/szakrendelo\/szakrendelesek\/gyermek-pulmonologia\/","title":{"rendered":"Gyermek Pulmonol\u00f3gia"},"content":{"rendered":"<div class=\"keretes w-100\">\n<p><strong><span style=\"font-size: 18pt\">A vizsg\u00e1latokhoz h\u00e1ziorvosi beutal\u00f3 sz\u00fcks\u00e9ges<\/span>\u00a0<\/strong><\/p>\n<p><strong>Bejelentkez\u00e9s: <\/strong><span style=\"font-size: 14pt\">+36 1 553 3503<\/span><span style=\"font-size: 14pt\">\u00a0<\/span>telefonsz\u00e1mon<br \/>\nh\u00e9tf\u0151t\u0151l &#8211; p\u00e9ntekig 07.00 -15.00 \u00f3ra k\u00f6z\u00f6tt lehets\u00e9ges<\/p>\n<p><strong>Kontroll id\u0151pont\/szakmai k\u00e9rd\u00e9s:<\/strong> +36 30 685 9622 telefonsz\u00e1mon,<br \/>\nrendel\u00e9si id\u0151ben lehets\u00e9ges<\/p>\n<p><strong>Rendel\u00e9s helye: <\/strong>Gyulai P\u00e1l u. 2. (K\u00f3rh\u00e1z \u00e9p\u00fclete)<\/p>\n<\/div>\n<h5>Dr. Keresztes Em\u00edlia klinikai f\u0151orvos, klinikai immunol\u00f3gus \u2013 allergol\u00f3gus, gyermekpulmol\u00f3gus szakorvos<\/h5>\n<table style=\"width: 101.162%\">\n<thead>\n<tr>\n<td style=\"width: 30%\">Nap<\/td>\n<td style=\"width: 1170.79%\">Id\u0151pont<\/td>\n<\/tr>\n<\/thead>\n<tbody>\n<tr>\n<td style=\"width: 30%\" scope=\"col\">H\u00e9tf\u0151<\/td>\n<td style=\"width: 1170.79%\">08.00 &#8211; 14.00<\/td>\n<\/tr>\n<tr>\n<td style=\"width: 30%\">Kedd<\/td>\n<td style=\"width: 1170.79%\">08.00 &#8211; 14.00<\/td>\n<\/tr>\n<tr>\n<td style=\"width: 30%\">Szerda<\/td>\n<td style=\"width: 1170.79%\">08.00 &#8211; 14.00<\/td>\n<\/tr>\n<tr>\n<td style=\"width: 30%\">Cs\u00fct\u00f6rt\u00f6k<\/td>\n<td style=\"width: 1170.79%\">08.00 &#8211; 14.00<\/td>\n<\/tr>\n<tr>\n<td style=\"width: 30%\">P\u00e9ntek<\/td>\n<td style=\"width: 1170.79%\">08.30 &#8211; 13.00<\/td>\n<\/tr>\n<\/tbody>\n<\/table>\n<div class=\"w-100\">\n<p><b>\u00a0<br \/>\n<\/b><span style=\"color: #313b40;font-family: Montserrat, sans-serif;font-size: 22px;text-transform: uppercase\">A szakrendel\u00e9s \u00e1ltal\u00e1nos c\u00e9lja:<\/span><\/p>\n<\/div>\n<ul style=\"list-style-type: square\">\n<li>kisdedkori, csecsem\u0151kori visszat\u00e9r\u0151 l\u00e9g\u00fati betegs\u00e9gek kivizsg\u00e1l\u00e1sa<\/li>\n<li>asztma kivizsg\u00e1l\u00e1s<\/li>\n<li>allergi\u00e1s orrpanaszok, szempanaszok, b\u0151rpanaszok kivizsg\u00e1l\u00e1sa<\/li>\n<li>\u00e9telallergi\u00e1k, csecsem\u0151kori tejallergia kivizsg\u00e1l\u00e1sa<\/li>\n<li>kr\u00f3nikus k\u00f6h\u00f6g\u00e9s kivizsg\u00e1l\u00e1sa<\/li>\n<li>l\u00e9g\u00fati allergia diagn\u00f3zisa eset\u00e9n lehet\u0151s\u00e9g van oki kezel\u00e9sre immunter\u00e1pi\u00e1val<\/li>\n<li>c\u00f6li\u00e1kia sz\u0171r\u00e9se<\/li>\n<li>indokolt esetben immunhi\u00e1nyos \u00e1llapotok kisz\u0171r\u00e9se<\/li>\n<\/ul>\n<h4>Vizsg\u00e1lat t\u00edpusok:<\/h4>\n<ul style=\"list-style-type: square\">\n<li>allergi\u00e1s b\u0151rpr\u00f3b\u00e1k-l\u00e9g\u00fati \u00e9s \u00e9tel allerg\u00e9nekre (prick-teszt)<\/li>\n<li>l\u00e9gz\u00e9sfunkci\u00f3s vizsg\u00e1latok: spirometria, teljestest pletysmogr\u00e1fia<\/li>\n<li>provok\u00e1ci\u00f3s vizsg\u00e1latok, terhel\u00e9ses l\u00e9gz\u00e9sfunkci\u00f3<\/li>\n<li>r\u00f6ntgen vizsg\u00e1latok, labor vizsg\u00e1latok<\/li>\n<\/ul>\n<p>&nbsp;<\/p>\n","protected":false},"excerpt":{"rendered":"<p>A vizsg\u00e1latokhoz h\u00e1ziorvosi beutal\u00f3 sz\u00fcks\u00e9ges\u00a0 Bejelentkez\u00e9s: +36 1 553 3503\u00a0telefonsz\u00e1mon h\u00e9tf\u0151t\u0151l &#8211; p\u00e9ntekig 07.00 -15.00 \u00f3ra k\u00f6z\u00f6tt lehets\u00e9ges Kontroll id\u0151pont\/szakmai k\u00e9rd\u00e9s: +36 30 685 9622 telefonsz\u00e1mon, rendel\u00e9si id\u0151ben lehets\u00e9ges Rendel\u00e9s helye: Gyulai P\u00e1l u. 2. (K\u00f3rh\u00e1z \u00e9p\u00fclete) Dr. Keresztes Em\u00edlia klinikai f\u0151orvos, klinikai immunol\u00f3gus \u2013 allergol\u00f3gus, gyermekpulmol\u00f3gus szakorvos Nap Id\u0151pont H\u00e9tf\u0151 08.00 &#8211; 14.00 Kedd &hellip;<\/p>\n","protected":false},"author":101884,"featured_media":0,"parent":45,"menu_order":0,"comment_status":"closed","ping_status":"closed","template":"","meta":{"_acf_changed":false,"footnotes":""},"categories":[4],"tags":[],"class_list":["post-108","page","type-page","status-publish","hentry","category-szakrendelesek"],"acf":[],"_links":{"self":[{"href":"https:\/\/semmelweis.hu\/szakrendelo\/wp-json\/wp\/v2\/pages\/108","targetHints":{"allow":["GET"]}}],"collection":[{"href":"https:\/\/semmelweis.hu\/szakrendelo\/wp-json\/wp\/v2\/pages"}],"about":[{"href":"https:\/\/semmelweis.hu\/szakrendelo\/wp-json\/wp\/v2\/types\/page"}],"author":[{"embeddable":true,"href":"https:\/\/semmelweis.hu\/szakrendelo\/wp-json\/wp\/v2\/users\/101884"}],"replies":[{"embeddable":true,"href":"https:\/\/semmelweis.hu\/szakrendelo\/wp-json\/wp\/v2\/comments?post=108"}],"version-history":[{"count":13,"href":"https:\/\/semmelweis.hu\/szakrendelo\/wp-json\/wp\/v2\/pages\/108\/revisions"}],"predecessor-version":[{"id":1427,"href":"https:\/\/semmelweis.hu\/szakrendelo\/wp-json\/wp\/v2\/pages\/108\/revisions\/1427"}],"up":[{"embeddable":true,"href":"https:\/\/semmelweis.hu\/szakrendelo\/wp-json\/wp\/v2\/pages\/45"}],"wp:attachment":[{"href":"https:\/\/semmelweis.hu\/szakrendelo\/wp-json\/wp\/v2\/media?parent=108"}],"wp:term":[{"taxonomy":"category","embeddable":true,"href":"https:\/\/semmelweis.hu\/szakrendelo\/wp-json\/wp\/v2\/categories?post=108"},{"taxonomy":"post_tag","embeddable":true,"href":"https:\/\/semmelweis.hu\/szakrendelo\/wp-json\/wp\/v2\/tags?post=108"}],"curies":[{"name":"wp","href":"https:\/\/api.w.org\/{rel}","templated":true}]}}