{"id":8300,"date":"2023-01-16T05:17:41","date_gmt":"2023-01-16T04:17:41","guid":{"rendered":"https:\/\/semmelweis.hu\/szaknyelv\/?page_id=8300"},"modified":"2026-01-30T00:53:10","modified_gmt":"2026-01-29T23:53:10","slug":"szabadon-valaszthato-elonyelvi-kurzusok","status":"publish","type":"page","link":"https:\/\/semmelweis.hu\/szaknyelv\/oktatas\/tantargyak\/szabadon-valaszthato-elonyelvi-kurzusok\/","title":{"rendered":"Szabadon v\u00e1laszthat\u00f3 \u00e9l\u0151nyelvi kurzusok"},"content":{"rendered":"<p style=\"text-align: center\"><a class=\"button\" href=\"https:\/\/semmelweis.hu\/szaknyelv\/magyar-hallgatok-szamara-felveheto-kurzusok-25_26_2\/\" target=\"_self\" rel=\"noopener\">\u00d3rarend<\/a><\/p>\n<p><img loading=\"lazy\" decoding=\"async\" class=\"alignright wp-image-15570 size-large\" src=\"https:\/\/semmelweis.hu\/szaknyelv\/files\/2026\/01\/1.-Elonyelvi-kurzusok-25_26_2-576x1024.png\" alt=\"\" width=\"576\" height=\"1024\" srcset=\"https:\/\/semmelweis.hu\/szaknyelv\/files\/2026\/01\/1.-Elonyelvi-kurzusok-25_26_2-576x1024.png 576w, https:\/\/semmelweis.hu\/szaknyelv\/files\/2026\/01\/1.-Elonyelvi-kurzusok-25_26_2-225x400.png 225w, https:\/\/semmelweis.hu\/szaknyelv\/files\/2026\/01\/1.-Elonyelvi-kurzusok-25_26_2-768x1365.png 768w, https:\/\/semmelweis.hu\/szaknyelv\/files\/2026\/01\/1.-Elonyelvi-kurzusok-25_26_2-864x1536.png 864w, https:\/\/semmelweis.hu\/szaknyelv\/files\/2026\/01\/1.-Elonyelvi-kurzusok-25_26_2-753x1339.png 753w, https:\/\/semmelweis.hu\/szaknyelv\/files\/2026\/01\/1.-Elonyelvi-kurzusok-25_26_2.png 1080w\" sizes=\"auto, (max-width: 576px) 100vw, 576px\" \/><\/p>\n<p style=\"text-align: justify\">Szeretettel v\u00e1rjuk a hallgat\u00f3kat az al\u00e1bbi szabadon v\u00e1laszthat\u00f3 szaknyelvi kurzusainkra!<\/p>\n<p style=\"text-align: justify\">A 2025\/26 tavaszi f\u00e9l\u00e9vben azokat a kurzusokat tudj\u00e1k felvenni, ahol l\u00e1tj\u00e1k a t\u00e1rgy Neptun k\u00f3dj\u00e1t az al\u00e1bbi t\u00e1bl\u00e1zatban. A <strong>kurzusok id\u0151pontj\u00e1t \u00e9s oktat\u00f3j\u00e1t<\/strong> is <strong>a Neptunban<\/strong> megtal\u00e1lj\u00e1k.<\/p>\n<p style=\"text-align: justify\">A <strong>Bevezet\u00e9s I. \u00e9s II.<\/strong><strong>,<\/strong> az <strong>egyes nyelveket teljesen null\u00e1r\u00f3l kezd\u0151<\/strong> kurzusokon angol k\u00f6zvet\u00edt\u0151nyelvet haszn\u00e1lunk, amennyiben k\u00fclf\u00f6ldi hallgat\u00f3k is felveszik a t\u00e1rgyat. A t\u00f6bbi kurzuson k\u00f6zvet\u00edt\u0151nyelv n\u00e9lk\u00fcl oktatunk. (A neptunban a kurzus nyelv\u00e9n\u00e9l l\u00e1tj\u00e1k, angol vagy magyar-e a k\u00f6zvet\u00edt\u0151nyelv.)<\/p>\n<p style=\"text-align: justify\">Akik az <strong>Alapvizsg\u00e1t<\/strong> ebben a szemeszterben szeretn\u00e9k letenni, javasoljuk az <strong>Alapvizsga felk\u00e9sz\u00edt\u0151 kurzusokat<\/strong>. Az Alapvizsg\u00e1nak azonban NEM felt\u00e9tele a felk\u00e9sz\u00edt\u0151 kurzus elv\u00e9gz\u00e9se. Felh\u00edvjuk figyelm\u00fcket, hogy a felk\u00e9sz\u00edt\u0151 kurzus \u00e9s az Alapvizsga k\u00e9t k\u00fcl\u00f6n t\u00e1rgy a Neptunban!<\/p>\n<p style=\"text-align: justify\"><span class=\"TextRun SCXW96503356 BCX8\" lang=\"HU-HU\" xml:lang=\"HU-HU\" data-contrast=\"auto\"><span class=\"NormalTextRun CommentStart CommentHighlightPipeRest CommentHighlightRest SCXW96503356 BCX8\">Tov\u00e1bb\u00e1 vigy\u00e1zzanak, hogy a diplom\u00e1hoz sz\u00fcks\u00e9ges B2 nyelvvizsg\u00e1val nem rendelkez\u0151 hallgat\u00f3knak<\/span><span class=\"NormalTextRun CommentHighlightRest SCXW96503356 BCX8\"> az alapvizsg\u00e1n t\u00fal fel kell venni\u00fck a<\/span><span class=\"NormalTextRun CommentHighlightRest SCXW96503356 BCX8\">z \u00e1ltal\u00e1nos nyelvi z\u00e1r\u00f3vizsg\u00e1t is. A k\u00e9t vizsga k\u00f6zti k\u00fcl\u00f6nbs\u00e9gr\u0151l inform\u00e1ci\u00f3t itt tal\u00e1lhatnak:<\/span><\/span><\/p>\n<p style=\"text-align: justify\"><span class=\"TextRun SCXW96503356 BCX8\" lang=\"HU-HU\" xml:lang=\"HU-HU\" data-contrast=\"auto\"> <span class=\"NormalTextRun CommentHighlightRest SCXW96503356 BCX8\"><a href=\"https:\/\/semmelweis.hu\/szaknyelv\/rolunk\/tevekenysegeink\/kurzusok-es-vizsgak\/\">Kurzusok es vizsgak<\/a><\/span><span class=\"EOP CommentHighlightPipeRest SCXW96503356 BCX8\" data-ccp-props=\"{}\">\u00a0<\/span><\/span><\/p>\n<p style=\"text-align: justify\">A <strong>Szaknyelv I-II-III-IV-(V)<\/strong> kurzusok b\u00e1rmilyen sorrendben teljes\u00edthet\u0151k.<\/p>\n<p style=\"text-align: justify\"><strong>Az egyes t\u00e1rgyak nyelvi szintjei az \u00e1ltal\u00e1nos nyelvtud\u00e1st jelzik (nem a szaknyelvit)<\/strong>, k\u00e9rj\u00fck, olyan kurzust vegyenek fel, amelyik legink\u00e1bb megfelel a nyelvi szintj\u00fcknek az adott nyelvb\u0151l:<br \/>\nA1 \u2013 teljesen kezd\u0151<br \/>\nA2 \u2013 alapfok alatti<br \/>\nB1 \u2013 alapfok<br \/>\nB2 \u2013 k\u00f6z\u00e9pfok<\/p>\n<p>&nbsp;<\/p>\n<p><img loading=\"lazy\" decoding=\"async\" class=\"alignleft wp-image-15576 size-full\" src=\"https:\/\/semmelweis.hu\/szaknyelv\/files\/2026\/01\/magyar-1.png\" alt=\"\" width=\"1720\" height=\"5727\" srcset=\"https:\/\/semmelweis.hu\/szaknyelv\/files\/2026\/01\/magyar-1.png 1720w, https:\/\/semmelweis.hu\/szaknyelv\/files\/2026\/01\/magyar-1-120x400.png 120w, https:\/\/semmelweis.hu\/szaknyelv\/files\/2026\/01\/magyar-1-768x2557.png 768w, https:\/\/semmelweis.hu\/szaknyelv\/files\/2026\/01\/magyar-1-461x1536.png 461w, https:\/\/semmelweis.hu\/szaknyelv\/files\/2026\/01\/magyar-1-615x2048.png 615w, https:\/\/semmelweis.hu\/szaknyelv\/files\/2026\/01\/magyar-1-753x2507.png 753w\" sizes=\"auto, (max-width: 1720px) 100vw, 1720px\" \/><\/p>\n<p>Oktat\u00f3k el\u00e9rhet\u0151s\u00e9ge:<br \/>\n<a href=\"https:\/\/semmelweis.hu\/szaknyelv\/rolunk\/munkatarsaink\/\">https:\/\/semmelweis.hu\/szaknyelv\/rolunk\/munkatarsaink\/<\/a><\/p>\n","protected":false},"excerpt":{"rendered":"<p><a class=\"button\" href=\"https:\/\/semmelweis.hu\/szaknyelv\/magyar-hallgatok-szamara-felveheto-kurzusok-25_26_2\/\" target=\"_self\" rel=\"noopener\">\u00d3rarend<\/a> Szeretettel v\u00e1rjuk a hallgat\u00f3kat az al\u00e1bbi szabadon v\u00e1laszthat\u00f3 szaknyelvi kurzusainkra! A 2025\/26 tavaszi f\u00e9l\u00e9vben azokat a kurzusokat tudj\u00e1k felvenni, ahol l\u00e1tj\u00e1k a t\u00e1rgy Neptun k\u00f3dj\u00e1t az al\u00e1bbi t\u00e1bl\u00e1zatban. A kurzusok id\u0151pontj\u00e1t \u00e9s oktat\u00f3j\u00e1t is a Neptunban megtal\u00e1lj\u00e1k. A Bevezet\u00e9s I. \u00e9s II., az egyes nyelveket teljesen null\u00e1r\u00f3l kezd\u0151 kurzusokon angol k\u00f6zvet\u00edt\u0151nyelvet haszn\u00e1lunk, amennyiben k\u00fclf\u00f6ldi hallgat\u00f3k &hellip;<\/p>\n","protected":false},"author":102166,"featured_media":0,"parent":4260,"menu_order":0,"comment_status":"closed","ping_status":"closed","template":"template-fullwidth.php","meta":{"_acf_changed":false,"footnotes":""},"categories":[],"tags":[],"class_list":["post-8300","page","type-page","status-publish","hentry"],"acf":[],"_links":{"self":[{"href":"https:\/\/semmelweis.hu\/szaknyelv\/wp-json\/wp\/v2\/pages\/8300","targetHints":{"allow":["GET"]}}],"collection":[{"href":"https:\/\/semmelweis.hu\/szaknyelv\/wp-json\/wp\/v2\/pages"}],"about":[{"href":"https:\/\/semmelweis.hu\/szaknyelv\/wp-json\/wp\/v2\/types\/page"}],"author":[{"embeddable":true,"href":"https:\/\/semmelweis.hu\/szaknyelv\/wp-json\/wp\/v2\/users\/102166"}],"replies":[{"embeddable":true,"href":"https:\/\/semmelweis.hu\/szaknyelv\/wp-json\/wp\/v2\/comments?post=8300"}],"version-history":[{"count":10,"href":"https:\/\/semmelweis.hu\/szaknyelv\/wp-json\/wp\/v2\/pages\/8300\/revisions"}],"predecessor-version":[{"id":15608,"href":"https:\/\/semmelweis.hu\/szaknyelv\/wp-json\/wp\/v2\/pages\/8300\/revisions\/15608"}],"up":[{"embeddable":true,"href":"https:\/\/semmelweis.hu\/szaknyelv\/wp-json\/wp\/v2\/pages\/4260"}],"wp:attachment":[{"href":"https:\/\/semmelweis.hu\/szaknyelv\/wp-json\/wp\/v2\/media?parent=8300"}],"wp:term":[{"taxonomy":"category","embeddable":true,"href":"https:\/\/semmelweis.hu\/szaknyelv\/wp-json\/wp\/v2\/categories?post=8300"},{"taxonomy":"post_tag","embeddable":true,"href":"https:\/\/semmelweis.hu\/szaknyelv\/wp-json\/wp\/v2\/tags?post=8300"}],"curies":[{"name":"wp","href":"https:\/\/api.w.org\/{rel}","templated":true}]}}