{"id":7682,"date":"2022-10-21T11:59:26","date_gmt":"2022-10-21T09:59:26","guid":{"rendered":"https:\/\/semmelweis.hu\/szaknyelv\/?page_id=7682"},"modified":"2026-02-26T12:40:34","modified_gmt":"2026-02-26T11:40:34","slug":"telc-medizinfsp","status":"publish","type":"page","link":"https:\/\/semmelweis.hu\/szaknyelv\/telc-medizinfsp\/","title":{"rendered":"telc MEDIZIN Fachsprachpr\u00fcfung (n\u00e9met)"},"content":{"rendered":"<p style=\"text-align: center\"><strong><em>t<\/em><\/strong><strong><em>elc<\/em><\/strong> <strong>Deutsch B2\u00b7C1<\/strong><strong> Medizin Fachsprachpr\u00fcfung<\/strong> <br \/>\nn\u00e9met orvosi szaknyelvi nyelvvizsga<\/p>\n<p style=\"text-align: justify\">A <strong><em>t<\/em><\/strong><strong><em>elc<\/em><\/strong> <strong>Deutsch B2\u00b7C1<\/strong><strong> Medizin Fachsprachpr\u00fcfung<\/strong> vizsga N\u00e9metorsz\u00e1gban akkredit\u00e1lt, \u00e9s n\u00e9h\u00e1ny tartom\u00e1nyban az approb\u00e1ci\u00f3 r\u00e9sz\u00e9t k\u00e9pezi. A vizsg\u00e1ra els\u0151sorban a m\u00e1r v\u00e9gzett orvosok jelentkez\u00e9s\u00e9t v\u00e1rjuk.<\/p>\n<p style=\"text-align: center\">Friss vizsga \u00e9s tanfolyam inform\u00e1ci\u00f3k itt:<br \/>\n<a href=\"https:\/\/semmelweis.hu\/szaknyelv\/en\/exams\/exams-for-specific-purposes\/telc-medizinfsp\/\">https:\/\/semmelweis.hu\/szaknyelv\/en\/exams\/exams-for-specific-purposes\/telc-medizinfsp\/<\/a><\/p>\n<p style=\"text-align: justify\"><span style=\"font-size: 12pt\">* K\u00e9rj\u00fck ellen\u0151rizze, hogy az \u00d6n \u00e1ltal kiv\u00e1lasztott int\u00e9zm\u00e9ny elfogadja-e a telc Medizin FSP-t az approb\u00e1ci\u00f3 r\u00e9szek\u00e9nt.<\/span><\/p>\n<p>&nbsp;<\/p>\n","protected":false},"excerpt":{"rendered":"<p>telc Deutsch B2\u00b7C1 Medizin Fachsprachpr\u00fcfung n\u00e9met orvosi szaknyelvi nyelvvizsga A telc Deutsch B2\u00b7C1 Medizin Fachsprachpr\u00fcfung vizsga N\u00e9metorsz\u00e1gban akkredit\u00e1lt, \u00e9s n\u00e9h\u00e1ny tartom\u00e1nyban az approb\u00e1ci\u00f3 r\u00e9sz\u00e9t k\u00e9pezi. A vizsg\u00e1ra els\u0151sorban a m\u00e1r v\u00e9gzett orvosok jelentkez\u00e9s\u00e9t v\u00e1rjuk. Friss vizsga \u00e9s tanfolyam inform\u00e1ci\u00f3k itt: <a href=\"https:\/\/semmelweis.hu\/szaknyelv\/en\/exams\/exams-for-specific-purposes\/telc-medizinfsp\/\">https:\/\/semmelweis.hu\/szaknyelv\/en\/exams\/exams-for-specific-purposes\/telc-medizinfsp\/<\/a> * K\u00e9rj\u00fck ellen\u0151rizze, hogy az \u00d6n \u00e1ltal kiv\u00e1lasztott int\u00e9zm\u00e9ny elfogadja-e a telc Medizin FSP-t az &hellip;<\/p>\n","protected":false},"author":118,"featured_media":0,"parent":0,"menu_order":0,"comment_status":"closed","ping_status":"closed","template":"","meta":{"_acf_changed":false,"footnotes":""},"categories":[],"tags":[],"class_list":["post-7682","page","type-page","status-publish","hentry"],"acf":[],"_links":{"self":[{"href":"https:\/\/semmelweis.hu\/szaknyelv\/wp-json\/wp\/v2\/pages\/7682","targetHints":{"allow":["GET"]}}],"collection":[{"href":"https:\/\/semmelweis.hu\/szaknyelv\/wp-json\/wp\/v2\/pages"}],"about":[{"href":"https:\/\/semmelweis.hu\/szaknyelv\/wp-json\/wp\/v2\/types\/page"}],"author":[{"embeddable":true,"href":"https:\/\/semmelweis.hu\/szaknyelv\/wp-json\/wp\/v2\/users\/118"}],"replies":[{"embeddable":true,"href":"https:\/\/semmelweis.hu\/szaknyelv\/wp-json\/wp\/v2\/comments?post=7682"}],"version-history":[{"count":10,"href":"https:\/\/semmelweis.hu\/szaknyelv\/wp-json\/wp\/v2\/pages\/7682\/revisions"}],"predecessor-version":[{"id":15804,"href":"https:\/\/semmelweis.hu\/szaknyelv\/wp-json\/wp\/v2\/pages\/7682\/revisions\/15804"}],"wp:attachment":[{"href":"https:\/\/semmelweis.hu\/szaknyelv\/wp-json\/wp\/v2\/media?parent=7682"}],"wp:term":[{"taxonomy":"category","embeddable":true,"href":"https:\/\/semmelweis.hu\/szaknyelv\/wp-json\/wp\/v2\/categories?post=7682"},{"taxonomy":"post_tag","embeddable":true,"href":"https:\/\/semmelweis.hu\/szaknyelv\/wp-json\/wp\/v2\/tags?post=7682"}],"curies":[{"name":"wp","href":"https:\/\/api.w.org\/{rel}","templated":true}]}}

telc MEDIZIN Fachsprachprüfung (német)

<p style="text-align: center"><strong><em>t</em></strong><strong><em>elc</em></strong> <strong>Deutsch B2·C1</strong><strong> Medizin Fachsprachprüfung</strong> <br />
német orvosi szaknyelvi nyelvvizsga</p>
<p style="text-align: justify">A <strong><em>t</em></strong><strong><em>elc</em></strong> <strong>Deutsch B2·C1</strong><strong> Medizin Fachsprachprüfung</strong> vizsga Németországban akkreditált, és néhány tartományban az approbáció részét képezi. A vizsgára elsősorban a már végzett orvosok jelentkezését várjuk.</p>
<p style="text-align: center">Friss vizsga és tanfolyam információk itt:<br />
<a href="https://semmelweis.hu/szaknyelv/en/exams/exams-for-specific-purposes/telc-medizinfsp/">https://semmelweis.hu/szaknyelv/en/exams/exams-for-specific-purposes/telc-medizinfsp/</a></p>
<p style="text-align: justify"><span style="font-size: 12pt">* Kérjük ellenőrizze, hogy az Ön által kiválasztott intézmény elfogadja-e a telc Medizin FSP-t az approbáció részeként.</span></p>
<p>&nbsp;</p>

<p>telc Deutsch B2·C1 Medizin Fachsprachprüfung német orvosi szaknyelvi nyelvvizsga A telc Deutsch B2·C1 Medizin Fachsprachprüfung vizsga Németországban akkreditált, és néhány tartományban az approbáció részét képezi. A vizsgára elsősorban a már végzett orvosok jelentkezését várjuk. Friss vizsga és tanfolyam információk itt: <a href="https://semmelweis.hu/szaknyelv/en/exams/exams-for-specific-purposes/telc-medizinfsp/">https://semmelweis.hu/szaknyelv/en/exams/exams-for-specific-purposes/telc-medizinfsp/</a> * Kérjük ellenőrizze, hogy az Ön által kiválasztott intézmény elfogadja-e a telc Medizin FSP-t az &hellip;</p>
