{"id":7314,"date":"2022-09-28T09:18:09","date_gmt":"2022-09-28T07:18:09","guid":{"rendered":"https:\/\/semmelweis.hu\/szaknyelv\/?page_id=7314"},"modified":"2023-06-13T10:53:06","modified_gmt":"2023-06-13T08:53:06","slug":"adatvedelem","status":"publish","type":"page","link":"https:\/\/semmelweis.hu\/szaknyelv\/rolunk\/adatvedelem\/","title":{"rendered":"Adatv\u00e9delem"},"content":{"rendered":"<p>A Szaknyelvi Int\u00e9zet \u00e1ltal v\u00e9gzett szem\u00e9lyes adatkezel\u00e9ssel kapcsolatos inform\u00e1ci\u00f3k az al\u00e1bbi linken \u00e9rhet\u0151k el:<\/p>\n<ul>\n<li>\n<p><a href=\"https:\/\/semmelweis.hu\/szaknyelv\/files\/2022\/10\/Adatkezelesi-tajekoztato_SZI_2022.pdf\">Adatkezel\u00e9si t\u00e1j\u00e9koztat\u00f3 (pdf)<\/a><\/p>\n<\/li>\n<li>\n<p><a href=\"https:\/\/semmelweis.hu\/szaknyelv\/files\/2022\/10\/Adatkezelesi-nyilvantartas-Szaknyelvi-Intezet-2022.09.20.-2.xlsx\">Adatkezel\u00e9si nyilv\u00e1ntart\u00e1s (xlsx)<\/a><\/p>\n<\/li>\n<\/ul>\n","protected":false},"excerpt":{"rendered":"<p>A Szaknyelvi Int\u00e9zet \u00e1ltal v\u00e9gzett szem\u00e9lyes adatkezel\u00e9ssel kapcsolatos inform\u00e1ci\u00f3k az al\u00e1bbi linken \u00e9rhet\u0151k el:<\/p>\n<p><a href=\"https:\/\/semmelweis.hu\/szaknyelv\/files\/2022\/10\/Adatkezelesi-tajekoztato_SZI_2022.pdf\">Adatkezel\u00e9si t\u00e1j\u00e9koztat\u00f3 (pdf)<\/a><\/p>\n<p><a href=\"https:\/\/semmelweis.hu\/szaknyelv\/files\/2022\/10\/Adatkezelesi-nyilvantartas-Szaknyelvi-Intezet-2022.09.20.-2.xlsx\">Adatkezel\u00e9si nyilv\u00e1ntart\u00e1s (xlsx)<\/a><\/p>\n","protected":false},"author":118,"featured_media":0,"parent":7988,"menu_order":0,"comment_status":"closed","ping_status":"closed","template":"","meta":{"_acf_changed":false,"footnotes":""},"categories":[],"tags":[],"class_list":["post-7314","page","type-page","status-publish","hentry"],"acf":[],"_links":{"self":[{"href":"https:\/\/semmelweis.hu\/szaknyelv\/wp-json\/wp\/v2\/pages\/7314","targetHints":{"allow":["GET"]}}],"collection":[{"href":"https:\/\/semmelweis.hu\/szaknyelv\/wp-json\/wp\/v2\/pages"}],"about":[{"href":"https:\/\/semmelweis.hu\/szaknyelv\/wp-json\/wp\/v2\/types\/page"}],"author":[{"embeddable":true,"href":"https:\/\/semmelweis.hu\/szaknyelv\/wp-json\/wp\/v2\/users\/118"}],"replies":[{"embeddable":true,"href":"https:\/\/semmelweis.hu\/szaknyelv\/wp-json\/wp\/v2\/comments?post=7314"}],"version-history":[{"count":6,"href":"https:\/\/semmelweis.hu\/szaknyelv\/wp-json\/wp\/v2\/pages\/7314\/revisions"}],"predecessor-version":[{"id":9500,"href":"https:\/\/semmelweis.hu\/szaknyelv\/wp-json\/wp\/v2\/pages\/7314\/revisions\/9500"}],"up":[{"embeddable":true,"href":"https:\/\/semmelweis.hu\/szaknyelv\/wp-json\/wp\/v2\/pages\/7988"}],"wp:attachment":[{"href":"https:\/\/semmelweis.hu\/szaknyelv\/wp-json\/wp\/v2\/media?parent=7314"}],"wp:term":[{"taxonomy":"category","embeddable":true,"href":"https:\/\/semmelweis.hu\/szaknyelv\/wp-json\/wp\/v2\/categories?post=7314"},{"taxonomy":"post_tag","embeddable":true,"href":"https:\/\/semmelweis.hu\/szaknyelv\/wp-json\/wp\/v2\/tags?post=7314"}],"curies":[{"name":"wp","href":"https:\/\/api.w.org\/{rel}","templated":true}]}}