{"id":6630,"date":"2022-04-08T11:39:47","date_gmt":"2022-04-08T09:39:47","guid":{"rendered":"https:\/\/semmelweis.hu\/szaknyelv\/?page_id=6630"},"modified":"2025-05-30T13:33:47","modified_gmt":"2025-05-30T11:33:47","slug":"fakultaet-fuer-allgemeinmedizin","status":"publish","type":"page","link":"https:\/\/semmelweis.hu\/szaknyelv\/de\/lehre\/studentische-hilfskraefte\/fakultaet-fuer-allgemeinmedizin\/","title":{"rendered":"Fakult\u00e4t f\u00fcr Allgemeinmedizin"},"content":{"rendered":"<p style=\"text-align: justify\"><strong>Liebe Studierende, lieber Studierender der Medizinischen Fakult\u00e4t!<\/strong><\/p>\n<p style=\"text-align: justify\">Wir freuen uns, sich dar\u00fcber informieren zu k\u00f6nnen, dass der Dekan der Fakult\u00e4t f\u00fcr Medizin der Semmelweis Universit\u00e4t die Stellenausschreibung f\u00fcr Demonstratorinnen und Demonstratoren (studentische Hilfskr\u00e4fte) f\u00fcr das Institut f\u00fcr Fachsprachen f\u00fcr das Studienjahr 2025\/26 (befristet auf 10 Monate ab September, 20 Stunden pro Monat) genehmigt hat.<\/p>\n<p style=\"text-align: justify\">Falls Sie sich f\u00fcr die Welt der Sprachen interessierst, dann haben Sie jetzt die Gelegenheit, sich als Demonstratorin oder Demonstrator zu bewerben f\u00fcr \u2026<\/p>\n<ul style=\"text-align: justify\">\n<li>im ungarischen Studiengang auf Englisch, Deutsch, Franz\u00f6sisch, Italienisch, Russisch oder Spanisch unterrichtete\u00a0<strong>medizinische Fachsprachkurse<\/strong>,<\/li>\n<li>einen\u00a0<strong>medizinischen Terminologie-Kurs<\/strong>.<\/li>\n<\/ul>\n<p style=\"text-align: justify\">Die Demonstratoren und Demonstratorinnen des Instituts f\u00fcr Fachsprachen haben eine Reihe von spannenden Aufgaben: Sie \u2026<\/p>\n<ul style=\"text-align: justify\">\n<li>unterst\u00fctzen Dozentinnen und Dozenten bei der\u00a0<strong>Vorbereitung von Sprachkursen und Forschungsarbeiten<\/strong>;<\/li>\n<li><strong>sammeln<\/strong>\u00a0und organisieren authentisches\u00a0<strong>Material<\/strong>\u00a0f\u00fcr den Fachsprachunterricht;<\/li>\n<li>erstellen\u00a0<strong>thematische Glossare<\/strong>;<\/li>\n<li>digitalisieren und verarbeiten\u00a0<strong>medizinische Dokumentation<\/strong>;<\/li>\n<li>beteiligen sich an der\u00a0<strong>Zusammenstellung von Terminologie-Datenbanken<\/strong>;<\/li>\n<li>wirken bei der\u00a0<strong>Aufsicht schriftlicher Pr\u00fcfungen mit<\/strong>;<\/li>\n<li>wirken auch als\u00a0<strong>Simulationspatientinnen und -patienten<\/strong>\u00a0mit, die den Dozentinnen und Dozenten helfen, fachsprachliche Situationen authentisch zu simulieren und die patientenorientierte Kommunikation zu \u00fcben.<\/li>\n<\/ul>\n<p style=\"text-align: justify\">Die Voraussetzungen f\u00fcr Demonstratorinnen und Demonstranten am Institut f\u00fcr Fachsprachen sind:<\/p>\n<ol style=\"text-align: justify\">\n<li>a) Sie sind mindestens im zweiten Studienjahr und \u2026<\/li>\n<li>b) Sie haben in den zwei vorangegangenen Semestern mindestens einen guten Notendurchschnitt (3,51) erreicht;<\/li>\n<li>c) Fachsprachunterricht auf Ungarisch und in modernen Sprachen: Sie sind Muttersprachlerin oder Muttersprachler der betreffenden Sprache oder sprechen die Sprache auf einem fortgeschrittenen Niveau. Der Besuch von Fachsprachenkursen (Fachsprache I-IV, Vorbereitungskurs Fachsprachengrundpr\u00fcfung) und eine sehr gute Note sind von Vorteil;<\/li>\n<li>d) Terminologie: Sie haben Medizinische und Fachmedizinische Terminologie mit einem Notendurchschnitt von 4,5 abgeschlossen; eine Platzierung im akademischen Fachwettbewerb Latein \/ Terminologie oder ein Ergebnis \u00fcber 80 % sind von Vorteil;<\/li>\n<li>e) Moderne Sprachen: Sie haben ein hohes Niveau an Kenntnissen in einer bestimmten Fachsprache; Terminologie: Sie sind mit der anatomischen und klinischen Terminologie vertraut;<\/li>\n<li>f) Sie sind ein gutes Vorbild und m\u00f6chten in einer lebendigen und aktiven Gemeinschaft mitwirken.<\/li>\n<\/ol>\n<p style=\"text-align: justify\">Bewerbungsfrist: 4. Juli 2025.<\/p>\n<p style=\"text-align: justify\">Die Bewerbungen sind per E-Mail an\u00a0<a href=\"mailto:app.demonstrator@gmail.com\">app.demonstrator@gmail.com<\/a>\u00a0zu \u00fcbersenden.<\/p>\n<p style=\"text-align: justify\">F\u00fcr einen <strong>g\u00fcltigen Antrag<\/strong> erforderliche Dokumente:<\/p>\n<ul style=\"text-align: justify\">\n<li>ein ausgef\u00fclltes und unterzeichnetes Antragsformular f\u00fcr Demonstratorinnen und Demonstratoren (kann von der Website der Fakult\u00e4t f\u00fcr Medizin heruntergeladen werden)<\/li>\n<li>ein Motivationsschreiben von etwa einer halben bis einer Seite<\/li>\n<\/ul>\n<p style=\"text-align: justify\"><u>Darin sollten folgende Aspekte angesprochen werden<\/u>: Erfahrung mit der medizinischen Fachsprache (z. B. Praktikum, Freiwilligenarbeit, Teilausbildung im Ausland, Profex-Sprachpr\u00fcfung, usw.), Platzierung bei einem Latein- \/ Terminologiewettbewerb, usw.), Beweggr\u00fcnde f\u00fcr die Bewerbung um eine Stelle als Demonstratorin \/ Demonstrator.<\/p>\n<p style=\"text-align: justify\"><strong>Mitte Juli\u00a0<\/strong>wird ein pers\u00f6nliches Gespr\u00e4ch mit den Bewerberinnen und Bewerbern f\u00fcr die Stelle als Demonstratorin \/ Demonstrator stattfinden. Die Terminvereinbarung erfolgt per E-Mail.<\/p>\n<p style=\"text-align: justify\">Die Beurteilung der Eignung erfolgt durch die Dozentinnen und Dozenten des Instituts f\u00fcr Fachsprachen. \u00dcber deren Entscheidung werden die Bewerberinnen und Bewerber bis sp\u00e4testens\u00a0<strong>Ende Juli<\/strong>\u00a0informiert.<\/p>\n<p style=\"text-align: justify\">Die endg\u00fcltige Entscheidung \u00fcber die Ernennung liegt im Zust\u00e4ndigkeitsbereich des Dekans der Fakult\u00e4t f\u00fcr Pharmazeutische Wissenschaften. Das Ergebnis der Bewerbung wird sp\u00e4testens\u00a0<strong>Anfang September<\/strong>\u00a0bekannt gegeben.<\/p>\n<p style=\"text-align: justify\">Wenn Sie sich in die Arbeit unseres Instituts einbringen m\u00f6chtest, freuen wir uns auf Ihre Besuch! Falls Sie Fragen haben, wende Sie sich bitte an die zust\u00e4ndige Koordinatorin:<\/p>\n<p style=\"text-align: justify\">Vikt\u00f3ria Sirokm\u00e1ny<br \/>\nMobiltelefon: 06206701830<br \/>\nInstitut f\u00fcr Fachsprachen<\/p>\n","protected":false},"excerpt":{"rendered":"<p>Liebe Studierende, lieber Studierender der Medizinischen Fakult\u00e4t! Wir freuen uns, sich dar\u00fcber informieren zu k\u00f6nnen, dass der Dekan der Fakult\u00e4t f\u00fcr Medizin der Semmelweis Universit\u00e4t die Stellenausschreibung f\u00fcr Demonstratorinnen und Demonstratoren (studentische Hilfskr\u00e4fte) f\u00fcr das Institut f\u00fcr Fachsprachen f\u00fcr das Studienjahr 2025\/26 (befristet auf 10 Monate ab September, 20 Stunden pro Monat) genehmigt hat. Falls &hellip;<\/p>\n","protected":false},"author":118,"featured_media":0,"parent":4757,"menu_order":0,"comment_status":"closed","ping_status":"closed","template":"","meta":{"_acf_changed":false,"footnotes":""},"categories":[],"tags":[],"class_list":["post-6630","page","type-page","status-publish","hentry"],"acf":[],"_links":{"self":[{"href":"https:\/\/semmelweis.hu\/szaknyelv\/wp-json\/wp\/v2\/pages\/6630","targetHints":{"allow":["GET"]}}],"collection":[{"href":"https:\/\/semmelweis.hu\/szaknyelv\/wp-json\/wp\/v2\/pages"}],"about":[{"href":"https:\/\/semmelweis.hu\/szaknyelv\/wp-json\/wp\/v2\/types\/page"}],"author":[{"embeddable":true,"href":"https:\/\/semmelweis.hu\/szaknyelv\/wp-json\/wp\/v2\/users\/118"}],"replies":[{"embeddable":true,"href":"https:\/\/semmelweis.hu\/szaknyelv\/wp-json\/wp\/v2\/comments?post=6630"}],"version-history":[{"count":10,"href":"https:\/\/semmelweis.hu\/szaknyelv\/wp-json\/wp\/v2\/pages\/6630\/revisions"}],"predecessor-version":[{"id":14453,"href":"https:\/\/semmelweis.hu\/szaknyelv\/wp-json\/wp\/v2\/pages\/6630\/revisions\/14453"}],"up":[{"embeddable":true,"href":"https:\/\/semmelweis.hu\/szaknyelv\/wp-json\/wp\/v2\/pages\/4757"}],"wp:attachment":[{"href":"https:\/\/semmelweis.hu\/szaknyelv\/wp-json\/wp\/v2\/media?parent=6630"}],"wp:term":[{"taxonomy":"category","embeddable":true,"href":"https:\/\/semmelweis.hu\/szaknyelv\/wp-json\/wp\/v2\/categories?post=6630"},{"taxonomy":"post_tag","embeddable":true,"href":"https:\/\/semmelweis.hu\/szaknyelv\/wp-json\/wp\/v2\/tags?post=6630"}],"curies":[{"name":"wp","href":"https:\/\/api.w.org\/{rel}","templated":true}]}}