{"id":6420,"date":"2022-03-11T15:15:53","date_gmt":"2022-03-11T14:15:53","guid":{"rendered":"https:\/\/semmelweis.hu\/szaknyelv\/?page_id=6420"},"modified":"2024-02-20T09:43:37","modified_gmt":"2024-02-20T08:43:37","slug":"kulso-partnerek-reszere","status":"publish","type":"page","link":"https:\/\/semmelweis.hu\/szaknyelv\/kulso-partnerek-reszere\/","title":{"rendered":"K\u00fcls\u0151 partnerek r\u00e9sz\u00e9re"},"content":{"rendered":"<p>A Semmelweis Egyetem Szaknyelvi Int\u00e9zete v\u00e1llalja tudom\u00e1nyos k\u00f6zlem\u00e9nyek \u00e9s szaksz\u00f6vegek <strong>lektor\u00e1l\u00e1s\u00e1t k\u00fcls\u0151 partnerek<\/strong> r\u00e9sz\u00e9re:<\/p>\n<p>Lektor\u00e1l\u00e1si d\u00edj: 9000 Ft\/60 perc<\/p>\n<p>A lektor\u00e1land\u00f3 anyagokat word form\u00e1tumban az al\u00e1bbi email c\u00edmre v\u00e1rjuk: <a href=\"mailto:publication.lsp@semmelweis.hu\">publication.lsp@semmelweis.hu<\/a><\/p>\n","protected":false},"excerpt":{"rendered":"<p>A Semmelweis Egyetem Szaknyelvi Int\u00e9zete v\u00e1llalja tudom\u00e1nyos k\u00f6zlem\u00e9nyek \u00e9s szaksz\u00f6vegek lektor\u00e1l\u00e1s\u00e1t k\u00fcls\u0151 partnerek r\u00e9sz\u00e9re:<br \/>\nLektor\u00e1l\u00e1si d\u00edj: 9000 Ft\/60 perc<br \/>\nA lektor\u00e1land\u00f3 anyagokat word form\u00e1tumban az al\u00e1bbi email c\u00edmre v\u00e1rjuk: <a href=\"mailto:publication.lsp@semmelweis.hu\">publication.lsp@semmelweis.hu<\/a><\/p>\n","protected":false},"author":118,"featured_media":0,"parent":0,"menu_order":0,"comment_status":"closed","ping_status":"closed","template":"","meta":{"_acf_changed":false,"footnotes":""},"categories":[],"tags":[],"class_list":["post-6420","page","type-page","status-publish","hentry"],"acf":[],"_links":{"self":[{"href":"https:\/\/semmelweis.hu\/szaknyelv\/wp-json\/wp\/v2\/pages\/6420","targetHints":{"allow":["GET"]}}],"collection":[{"href":"https:\/\/semmelweis.hu\/szaknyelv\/wp-json\/wp\/v2\/pages"}],"about":[{"href":"https:\/\/semmelweis.hu\/szaknyelv\/wp-json\/wp\/v2\/types\/page"}],"author":[{"embeddable":true,"href":"https:\/\/semmelweis.hu\/szaknyelv\/wp-json\/wp\/v2\/users\/118"}],"replies":[{"embeddable":true,"href":"https:\/\/semmelweis.hu\/szaknyelv\/wp-json\/wp\/v2\/comments?post=6420"}],"version-history":[{"count":5,"href":"https:\/\/semmelweis.hu\/szaknyelv\/wp-json\/wp\/v2\/pages\/6420\/revisions"}],"predecessor-version":[{"id":12303,"href":"https:\/\/semmelweis.hu\/szaknyelv\/wp-json\/wp\/v2\/pages\/6420\/revisions\/12303"}],"wp:attachment":[{"href":"https:\/\/semmelweis.hu\/szaknyelv\/wp-json\/wp\/v2\/media?parent=6420"}],"wp:term":[{"taxonomy":"category","embeddable":true,"href":"https:\/\/semmelweis.hu\/szaknyelv\/wp-json\/wp\/v2\/categories?post=6420"},{"taxonomy":"post_tag","embeddable":true,"href":"https:\/\/semmelweis.hu\/szaknyelv\/wp-json\/wp\/v2\/tags?post=6420"}],"curies":[{"name":"wp","href":"https:\/\/api.w.org\/{rel}","templated":true}]}}

Külső partnerek részére

<p>A Semmelweis Egyetem Szaknyelvi Intézete vállalja tudományos közlemények és szakszövegek <strong>lektorálását külső partnerek</strong> részére:</p>
<p>Lektorálási díj: 9000 Ft/60 perc</p>
<p>A lektorálandó anyagokat word formátumban az alábbi email címre várjuk: <a href="mailto:publication.lsp@semmelweis.hu">publication.lsp@semmelweis.hu</a></p>

<p>A Semmelweis Egyetem Szaknyelvi Intézete vállalja tudományos közlemények és szakszövegek lektorálását külső partnerek részére:<br />
Lektorálási díj: 9000 Ft/60 perc<br />
A lektorálandó anyagokat word formátumban az alábbi email címre várjuk: <a href="mailto:publication.lsp@semmelweis.hu">publication.lsp@semmelweis.hu</a></p>
