{"id":5815,"date":"2021-11-12T11:26:51","date_gmt":"2021-11-12T10:26:51","guid":{"rendered":"https:\/\/semmelweis.hu\/szaknyelv\/?page_id=5815"},"modified":"2025-11-03T09:55:03","modified_gmt":"2025-11-03T08:55:03","slug":"szakfordito-egeszsegtudomanyi-kepzeseink","status":"publish","type":"page","link":"https:\/\/semmelweis.hu\/szaknyelv\/kepzeseink\/szakfordito-egeszsegtudomanyi-kepzeseink\/","title":{"rendered":"Szakford\u00edt\u00f3 eg\u00e9szs\u00e9gtudom\u00e1nyi k\u00e9pz\u00e9seink"},"content":{"rendered":"<h1><img loading=\"lazy\" decoding=\"async\" class=\"aligncenter wp-image-15134 size-large\" src=\"https:\/\/semmelweis.hu\/szaknyelv\/files\/2025\/11\/normal-slider-meret-1280x420-1-1024x336.png\" alt=\"\" width=\"753\" height=\"247\" srcset=\"https:\/\/semmelweis.hu\/szaknyelv\/files\/2025\/11\/normal-slider-meret-1280x420-1-1024x336.png 1024w, https:\/\/semmelweis.hu\/szaknyelv\/files\/2025\/11\/normal-slider-meret-1280x420-1-400x131.png 400w, https:\/\/semmelweis.hu\/szaknyelv\/files\/2025\/11\/normal-slider-meret-1280x420-1-768x252.png 768w, https:\/\/semmelweis.hu\/szaknyelv\/files\/2025\/11\/normal-slider-meret-1280x420-1-753x247.png 753w, https:\/\/semmelweis.hu\/szaknyelv\/files\/2025\/11\/normal-slider-meret-1280x420-1.png 1280w\" sizes=\"auto, (max-width: 753px) 100vw, 753px\" \/><br \/>\nszakford\u00edt\u00f3- \u00e9s tolm\u00e1csk\u00e9pz\u00e9s<\/h1>\n<style>\n           #page-grid .card-body > .line-clamp-box.excerpt{\n        width: inherit;\n        max-width: inherit;\n        display:flex;\n        min-height: 2.4em;\n        flex-direction: column;\n        justify-content: space-around;\n        background-color: #D6E4EA;\n        min-height: 3.4rem;\n        font-family: \"Montserrat\", sans-serif;\n    }\n\n    #page-grid a:hover .card-body > .line-clamp-box.excerpt {\n        background-color: #fff;\n        color: #313B40;\n    }\n\n    #page-grid .card-body .line-clamp-box.excerpt section{\n        max-width: inherit;\n        display: -webkit-box;\n        -webkit-line-clamp: 2;\n        -webkit-box-orient: vertical;\n        overflow: hidden;\n        text-overflow: ellipsis;\n        hyphens: auto;\n        margin: auto;\n        \n    }\n    .line-clamp-box.excerpt section, .line-clamp-box.excerpt section p{\n        font-size:0.8em;\n    }\n    \n<\/style>\n    <section id=\"page-grid\">\n        \n        <div class=\"row row-cols-1 row-cols-md-2 row-cols-lg-2 no-gutters mx-0 \">    <div class =\"col  mb-2 card-wrapper\">\n        <a class=\"d-flex flex-fill card-link-warapper m-md-1\" href=\"https:\/\/semmelweis.hu\/szaknyelv\/kepzeseink\/szakfordito-egeszsegtudomanyi-kepzeseink\/altalanos-informaciok\/\">\n            <div class=\"card border border-secondary se-border flex-fill\">\n                <div class=\"row no-gutters mx-0 d-flex flex-nowrap flex-md-wrap align-items-center\">\n                    <div class =\"  col-5 col-md-12  d-none  d-md-none d-md-none  bg-image  card-image justify-content-center\">\n                        <img class='wp-post-image img-fluid landscape' src='https:\/\/semmelweis.hu\/szaknyelv\/wp-content\/themes\/se18\/dist\/images\/svg\/bg-image.svg' \/>\n                    <\/div>\n                    <div class=\"card-body  col flex-column  col-md-12 p-0\">\n                        <div class=\"line-clamp-box p-3\">\n                            <h5 class=\"ml-0 ml-sm-1 mt-2 align-items-center\"  >\u00c1ltal\u00e1nos inform\u00e1ci\u00f3k<\/h5>\n                        <\/div>\n                        \n                    <\/div>\n                <\/div>\n\n            <\/div>\n        <\/a>\n    <\/div>    <div class =\"col  mb-2 card-wrapper\">\n        <a class=\"d-flex flex-fill card-link-warapper m-md-1\" href=\"https:\/\/semmelweis.hu\/szaknyelv\/kepzeseink\/szakfordito-egeszsegtudomanyi-kepzeseink\/szabalyzatok-es-dokumentumok\/\">\n            <div class=\"card border border-secondary se-border flex-fill\">\n                <div class=\"row no-gutters mx-0 d-flex flex-nowrap flex-md-wrap align-items-center\">\n                    <div class =\"  col-5 col-md-12  d-none  d-md-none d-md-none  bg-image  card-image justify-content-center\">\n                        <img class='wp-post-image img-fluid landscape' src='https:\/\/semmelweis.hu\/szaknyelv\/wp-content\/themes\/se18\/dist\/images\/svg\/bg-image.svg' \/>\n                    <\/div>\n                    <div class=\"card-body  col flex-column  col-md-12 p-0\">\n                        <div class=\"line-clamp-box p-3\">\n                            <h5 class=\"ml-0 ml-sm-1 mt-2 align-items-center\"  >Szab\u00e1lyzatok \u00e9s dokumentumok<\/h5>\n                        <\/div>\n                        \n                    <\/div>\n                <\/div>\n\n            <\/div>\n        <\/a>\n    <\/div>    <div class =\"col  mb-2 card-wrapper\">\n        <a class=\"d-flex flex-fill card-link-warapper m-md-1\" href=\"https:\/\/semmelweis.hu\/szaknyelv\/kepzeseink\/szakfordito-egeszsegtudomanyi-kepzeseink\/szakfordito-es-tolmacskepzes-angol\/\">\n            <div class=\"card border border-secondary se-border flex-fill\">\n                <div class=\"row no-gutters mx-0 d-flex flex-nowrap flex-md-wrap align-items-center\">\n                    <div class =\"  col-5 col-md-12  d-none  d-md-none d-md-none  bg-image  card-image justify-content-center\">\n                        <img class='wp-post-image img-fluid landscape' src='https:\/\/semmelweis.hu\/szaknyelv\/wp-content\/themes\/se18\/dist\/images\/svg\/bg-image.svg' \/>\n                    <\/div>\n                    <div class=\"card-body  col flex-column  col-md-12 p-0\">\n                        <div class=\"line-clamp-box p-3\">\n                            <h5 class=\"ml-0 ml-sm-1 mt-2 align-items-center\"  >Szakford\u00edt\u00f3- \u00e9s tolm\u00e1csk\u00e9pz\u00e9s angol<\/h5>\n                        <\/div>\n                        \n                    <\/div>\n                <\/div>\n\n            <\/div>\n        <\/a>\n    <\/div>    <div class =\"col  mb-2 card-wrapper\">\n        <a class=\"d-flex flex-fill card-link-warapper m-md-1\" href=\"https:\/\/semmelweis.hu\/szaknyelv\/kepzeseink\/szakfordito-egeszsegtudomanyi-kepzeseink\/szakfordito-es-tolmacskepzes-nemet\/\">\n            <div class=\"card border border-secondary se-border flex-fill\">\n                <div class=\"row no-gutters mx-0 d-flex flex-nowrap flex-md-wrap align-items-center\">\n                    <div class =\"  col-5 col-md-12  d-none  d-md-none d-md-none  bg-image  card-image justify-content-center\">\n                        <img class='wp-post-image img-fluid landscape' src='https:\/\/semmelweis.hu\/szaknyelv\/wp-content\/themes\/se18\/dist\/images\/svg\/bg-image.svg' \/>\n                    <\/div>\n                    <div class=\"card-body  col flex-column  col-md-12 p-0\">\n                        <div class=\"line-clamp-box p-3\">\n                            <h5 class=\"ml-0 ml-sm-1 mt-2 align-items-center\"  >Szakford\u00edt\u00f3- \u00e9s tolm\u00e1csk\u00e9pz\u00e9s n\u00e9met<\/h5>\n                        <\/div>\n                        \n                    <\/div>\n                <\/div>\n\n            <\/div>\n        <\/a>\n    <\/div>    <div class =\"col  mb-2 card-wrapper\">\n        <a class=\"d-flex flex-fill card-link-warapper m-md-1\" href=\"https:\/\/semmelweis.hu\/szaknyelv\/kepzeseink\/szakfordito-egeszsegtudomanyi-kepzeseink\/szakforditoi-gyakornoki-program\/\">\n            <div class=\"card border border-secondary se-border flex-fill\">\n                <div class=\"row no-gutters mx-0 d-flex flex-nowrap flex-md-wrap align-items-center\">\n                    <div class =\"  col-5 col-md-12  d-none  d-md-none d-md-none  bg-image  card-image justify-content-center\">\n                        <img class='wp-post-image img-fluid landscape' src='https:\/\/semmelweis.hu\/szaknyelv\/wp-content\/themes\/se18\/dist\/images\/svg\/bg-image.svg' \/>\n                    <\/div>\n                    <div class=\"card-body  col flex-column  col-md-12 p-0\">\n                        <div class=\"line-clamp-box p-3\">\n                            <h5 class=\"ml-0 ml-sm-1 mt-2 align-items-center\"  >Szakford\u00edt\u00f3i gyakornoki program<\/h5>\n                        <\/div>\n                        \n                    <\/div>\n                <\/div>\n\n            <\/div>\n        <\/a>\n    <\/div>        <\/div>\n    <\/section>\n<p><img loading=\"lazy\" decoding=\"async\" class=\"aligncenter wp-image-15135 size-large\" src=\"https:\/\/semmelweis.hu\/szaknyelv\/files\/2025\/11\/Szakfordito-kepzes-anyaganak-frissitese-2025-oktober-28-410x1024.png\" alt=\"\" width=\"410\" height=\"1024\" srcset=\"https:\/\/semmelweis.hu\/szaknyelv\/files\/2025\/11\/Szakfordito-kepzes-anyaganak-frissitese-2025-oktober-28-410x1024.png 410w, https:\/\/semmelweis.hu\/szaknyelv\/files\/2025\/11\/Szakfordito-kepzes-anyaganak-frissitese-2025-oktober-28-160x400.png 160w, https:\/\/semmelweis.hu\/szaknyelv\/files\/2025\/11\/Szakfordito-kepzes-anyaganak-frissitese-2025-oktober-28-768x1920.png 768w, https:\/\/semmelweis.hu\/szaknyelv\/files\/2025\/11\/Szakfordito-kepzes-anyaganak-frissitese-2025-oktober-28-819x2048.png 819w, https:\/\/semmelweis.hu\/szaknyelv\/files\/2025\/11\/Szakfordito-kepzes-anyaganak-frissitese-2025-oktober-28-753x1883.png 753w\" sizes=\"auto, (max-width: 410px) 100vw, 410px\" \/><\/p>\n<p>&nbsp;<\/p>\n","protected":false},"excerpt":{"rendered":"<p>szakford\u00edt\u00f3- \u00e9s tolm\u00e1csk\u00e9pz\u00e9s<\/p>\n<p>&nbsp;<\/p>\n","protected":false},"author":118,"featured_media":0,"parent":5809,"menu_order":1,"comment_status":"closed","ping_status":"closed","template":"","meta":{"_acf_changed":false,"footnotes":""},"categories":[],"tags":[],"class_list":["post-5815","page","type-page","status-publish","hentry"],"acf":[],"_links":{"self":[{"href":"https:\/\/semmelweis.hu\/szaknyelv\/wp-json\/wp\/v2\/pages\/5815","targetHints":{"allow":["GET"]}}],"collection":[{"href":"https:\/\/semmelweis.hu\/szaknyelv\/wp-json\/wp\/v2\/pages"}],"about":[{"href":"https:\/\/semmelweis.hu\/szaknyelv\/wp-json\/wp\/v2\/types\/page"}],"author":[{"embeddable":true,"href":"https:\/\/semmelweis.hu\/szaknyelv\/wp-json\/wp\/v2\/users\/118"}],"replies":[{"embeddable":true,"href":"https:\/\/semmelweis.hu\/szaknyelv\/wp-json\/wp\/v2\/comments?post=5815"}],"version-history":[{"count":13,"href":"https:\/\/semmelweis.hu\/szaknyelv\/wp-json\/wp\/v2\/pages\/5815\/revisions"}],"predecessor-version":[{"id":15140,"href":"https:\/\/semmelweis.hu\/szaknyelv\/wp-json\/wp\/v2\/pages\/5815\/revisions\/15140"}],"up":[{"embeddable":true,"href":"https:\/\/semmelweis.hu\/szaknyelv\/wp-json\/wp\/v2\/pages\/5809"}],"wp:attachment":[{"href":"https:\/\/semmelweis.hu\/szaknyelv\/wp-json\/wp\/v2\/media?parent=5815"}],"wp:term":[{"taxonomy":"category","embeddable":true,"href":"https:\/\/semmelweis.hu\/szaknyelv\/wp-json\/wp\/v2\/categories?post=5815"},{"taxonomy":"post_tag","embeddable":true,"href":"https:\/\/semmelweis.hu\/szaknyelv\/wp-json\/wp\/v2\/tags?post=5815"}],"curies":[{"name":"wp","href":"https:\/\/api.w.org\/{rel}","templated":true}]}}

Szakfordító egészségtudományi képzéseink

<h1><img loading="lazy" decoding="async" class="aligncenter wp-image-15134 size-large" src="https://semmelweis.hu/szaknyelv/files/2025/11/normal-slider-meret-1280x420-1-1024x336.png" alt="" width="753" height="247" srcset="https://semmelweis.hu/szaknyelv/files/2025/11/normal-slider-meret-1280x420-1-1024x336.png 1024w, https://semmelweis.hu/szaknyelv/files/2025/11/normal-slider-meret-1280x420-1-400x131.png 400w, https://semmelweis.hu/szaknyelv/files/2025/11/normal-slider-meret-1280x420-1-768x252.png 768w, https://semmelweis.hu/szaknyelv/files/2025/11/normal-slider-meret-1280x420-1-753x247.png 753w, https://semmelweis.hu/szaknyelv/files/2025/11/normal-slider-meret-1280x420-1.png 1280w" sizes="auto, (max-width: 753px) 100vw, 753px" /><br />
szakfordító- és tolmácsképzés</h1>
<style>
           #page-grid .card-body > .line-clamp-box.excerpt{
        width: inherit;
        max-width: inherit;
        display:flex;
        min-height: 2.4em;
        flex-direction: column;
        justify-content: space-around;
        background-color: #D6E4EA;
        min-height: 3.4rem;
        font-family: "Montserrat", sans-serif;
    }

    #page-grid a:hover .card-body > .line-clamp-box.excerpt {
        background-color: #fff;
        color: #313B40;
    }

    #page-grid .card-body .line-clamp-box.excerpt section{
        max-width: inherit;
        display: -webkit-box;
        -webkit-line-clamp: 2;
        -webkit-box-orient: vertical;
        overflow: hidden;
        text-overflow: ellipsis;
        hyphens: auto;
        margin: auto;
        
    }
    .line-clamp-box.excerpt section, .line-clamp-box.excerpt section p{
        font-size:0.8em;
    }
    
</style>
    <section id="page-grid">
        
        <div class="row row-cols-1 row-cols-md-2 row-cols-lg-2 no-gutters mx-0 ">    <div class ="col  mb-2 card-wrapper">
        <a class="d-flex flex-fill card-link-warapper m-md-1" href="https://semmelweis.hu/szaknyelv/kepzeseink/szakfordito-egeszsegtudomanyi-kepzeseink/altalanos-informaciok/">
            <div class="card border border-secondary se-border flex-fill">
                <div class="row no-gutters mx-0 d-flex flex-nowrap flex-md-wrap align-items-center">
                    <div class ="  col-5 col-md-12  d-none  d-md-none d-md-none  bg-image  card-image justify-content-center">
                        <img class='wp-post-image img-fluid landscape' src='https://semmelweis.hu/szaknyelv/wp-content/themes/se18/dist/images/svg/bg-image.svg' />
                    </div>
                    <div class="card-body  col flex-column  col-md-12 p-0">
                        <div class="line-clamp-box p-3">
                            <h5 class="ml-0 ml-sm-1 mt-2 align-items-center"  >Általános információk</h5>
                        </div>
                        
                    </div>
                </div>

            </div>
        </a>
    </div>    <div class ="col  mb-2 card-wrapper">
        <a class="d-flex flex-fill card-link-warapper m-md-1" href="https://semmelweis.hu/szaknyelv/kepzeseink/szakfordito-egeszsegtudomanyi-kepzeseink/szabalyzatok-es-dokumentumok/">
            <div class="card border border-secondary se-border flex-fill">
                <div class="row no-gutters mx-0 d-flex flex-nowrap flex-md-wrap align-items-center">
                    <div class ="  col-5 col-md-12  d-none  d-md-none d-md-none  bg-image  card-image justify-content-center">
                        <img class='wp-post-image img-fluid landscape' src='https://semmelweis.hu/szaknyelv/wp-content/themes/se18/dist/images/svg/bg-image.svg' />
                    </div>
                    <div class="card-body  col flex-column  col-md-12 p-0">
                        <div class="line-clamp-box p-3">
                            <h5 class="ml-0 ml-sm-1 mt-2 align-items-center"  >Szabályzatok és dokumentumok</h5>
                        </div>
                        
                    </div>
                </div>

            </div>
        </a>
    </div>    <div class ="col  mb-2 card-wrapper">
        <a class="d-flex flex-fill card-link-warapper m-md-1" href="https://semmelweis.hu/szaknyelv/kepzeseink/szakfordito-egeszsegtudomanyi-kepzeseink/szakfordito-es-tolmacskepzes-angol/">
            <div class="card border border-secondary se-border flex-fill">
                <div class="row no-gutters mx-0 d-flex flex-nowrap flex-md-wrap align-items-center">
                    <div class ="  col-5 col-md-12  d-none  d-md-none d-md-none  bg-image  card-image justify-content-center">
                        <img class='wp-post-image img-fluid landscape' src='https://semmelweis.hu/szaknyelv/wp-content/themes/se18/dist/images/svg/bg-image.svg' />
                    </div>
                    <div class="card-body  col flex-column  col-md-12 p-0">
                        <div class="line-clamp-box p-3">
                            <h5 class="ml-0 ml-sm-1 mt-2 align-items-center"  >Szakfordító- és tolmácsképzés angol</h5>
                        </div>
                        
                    </div>
                </div>

            </div>
        </a>
    </div>    <div class ="col  mb-2 card-wrapper">
        <a class="d-flex flex-fill card-link-warapper m-md-1" href="https://semmelweis.hu/szaknyelv/kepzeseink/szakfordito-egeszsegtudomanyi-kepzeseink/szakfordito-es-tolmacskepzes-nemet/">
            <div class="card border border-secondary se-border flex-fill">
                <div class="row no-gutters mx-0 d-flex flex-nowrap flex-md-wrap align-items-center">
                    <div class ="  col-5 col-md-12  d-none  d-md-none d-md-none  bg-image  card-image justify-content-center">
                        <img class='wp-post-image img-fluid landscape' src='https://semmelweis.hu/szaknyelv/wp-content/themes/se18/dist/images/svg/bg-image.svg' />
                    </div>
                    <div class="card-body  col flex-column  col-md-12 p-0">
                        <div class="line-clamp-box p-3">
                            <h5 class="ml-0 ml-sm-1 mt-2 align-items-center"  >Szakfordító- és tolmácsképzés német</h5>
                        </div>
                        
                    </div>
                </div>

            </div>
        </a>
    </div>    <div class ="col  mb-2 card-wrapper">
        <a class="d-flex flex-fill card-link-warapper m-md-1" href="https://semmelweis.hu/szaknyelv/kepzeseink/szakfordito-egeszsegtudomanyi-kepzeseink/szakforditoi-gyakornoki-program/">
            <div class="card border border-secondary se-border flex-fill">
                <div class="row no-gutters mx-0 d-flex flex-nowrap flex-md-wrap align-items-center">
                    <div class ="  col-5 col-md-12  d-none  d-md-none d-md-none  bg-image  card-image justify-content-center">
                        <img class='wp-post-image img-fluid landscape' src='https://semmelweis.hu/szaknyelv/wp-content/themes/se18/dist/images/svg/bg-image.svg' />
                    </div>
                    <div class="card-body  col flex-column  col-md-12 p-0">
                        <div class="line-clamp-box p-3">
                            <h5 class="ml-0 ml-sm-1 mt-2 align-items-center"  >Szakfordítói gyakornoki program</h5>
                        </div>
                        
                    </div>
                </div>

            </div>
        </a>
    </div>        </div>
    </section>
<p><img loading="lazy" decoding="async" class="aligncenter wp-image-15135 size-large" src="https://semmelweis.hu/szaknyelv/files/2025/11/Szakfordito-kepzes-anyaganak-frissitese-2025-oktober-28-410x1024.png" alt="" width="410" height="1024" srcset="https://semmelweis.hu/szaknyelv/files/2025/11/Szakfordito-kepzes-anyaganak-frissitese-2025-oktober-28-410x1024.png 410w, https://semmelweis.hu/szaknyelv/files/2025/11/Szakfordito-kepzes-anyaganak-frissitese-2025-oktober-28-160x400.png 160w, https://semmelweis.hu/szaknyelv/files/2025/11/Szakfordito-kepzes-anyaganak-frissitese-2025-oktober-28-768x1920.png 768w, https://semmelweis.hu/szaknyelv/files/2025/11/Szakfordito-kepzes-anyaganak-frissitese-2025-oktober-28-819x2048.png 819w, https://semmelweis.hu/szaknyelv/files/2025/11/Szakfordito-kepzes-anyaganak-frissitese-2025-oktober-28-753x1883.png 753w" sizes="auto, (max-width: 410px) 100vw, 410px" /></p>
<p>&nbsp;</p>

<p>szakfordító- és tolmácsképzés</p>
<p>&nbsp;</p>
