{"id":5548,"date":"2021-08-31T14:36:39","date_gmt":"2021-08-31T12:36:39","guid":{"rendered":"https:\/\/semmelweis.hu\/szaknyelv\/?page_id=5548"},"modified":"2024-07-25T12:33:46","modified_gmt":"2024-07-25T10:33:46","slug":"telc","status":"publish","type":"page","link":"https:\/\/semmelweis.hu\/szaknyelv\/nyelvvizsgak\/altalanos-nyelvvizsgak\/telc\/","title":{"rendered":"TELC (angol, n\u00e9met)"},"content":{"rendered":"<h4 style=\"text-align: center\"><strong><em>telc<\/em>\u00a0 &#8211; The European Language Certificates.<\/strong><\/h4>\n<p style=\"text-align: justify\">A <em><strong>telc <\/strong><\/em>mint akkredit\u00e1lt, hat\u00f3s\u00e1gilag elismert nyelvvizsgak\u00f6zpont 2003 \u00f3ta van jelen Magyarorsz\u00e1gon.<\/p>\n<p style=\"text-align: justify\">A Semmelweis Egyetem Szaknyelvi Int\u00e9zet\u00e9ben angol \u00e9s n\u00e9met nyelvb\u0151l B1, B2 \u00e9s C1 szinteken lehet letenni a nemzetk\u00f6zi, akkredit\u00e1lt <em><strong>telc vizsg\u00e1t<\/strong><\/em>.<\/p>\n<p><strong>Mit kell tudnia a <em>telc<\/em> nyelvvizsg\u00e1r\u00f3l?<\/strong><br \/>\nA<strong><em> telc<\/em><\/strong> nyelvvizsga kommunikat\u00edv nyelvi modellre \u00e9p\u00fcl, azaz lingvisztikai, szociolingvisztikai \u00e9s strat\u00e9giai kompetenci\u00e1kat m\u00e9r.<\/p>\n<ul>\n<li>nemzetk\u00f6zileg elismert: A magyar kem\u00e9nyfedeles bizony\u00edtv\u00e1ny mellett nemzetk\u00f6zileg elismert bizony\u00edtv\u00e1nyt is ad.<\/li>\n<li>p\u00e1ros sz\u00f3beli vizsga: A vizsg\u00e1z\u00f3 a p\u00e1rj\u00e1ra \u00e9s nem a vizsg\u00e1ztat\u00f3ra figyel, \u00edgy kev\u00e9sb\u00e9 stresszes.<\/li>\n<li>j\u00f3l kidolgozott krit\u00e9riumrendszere kik\u00fcsz\u00f6b\u00f6li a szubjektivit\u00e1st,<\/li>\n<li>interakt\u00edv, val\u00f3s \u00e9lethelyzetekbe helyezi a vizsg\u00e1z\u00f3t,<\/li>\n<li style=\"text-align: left\">nagy m\u00falttal rendelkez\u0151, nemzetk\u00f6zi vizsgarendszer.<\/li>\n<\/ul>\n<p>Forr\u00e1s: <a href=\"https:\/\/telc.hu\/tanaroknak\/\">https:\/\/telc.hu\/tanaroknak\/<\/a><\/p>\n<p><strong>A vizsga fel\u00e9p\u00edt\u00e9se:<br \/>\n<\/strong><a href=\"https:\/\/telc.hu\/nyelvvizsga\/felepitese\/\">https:\/\/telc.hu\/nyelvvizsga-felepitese\/<\/a><\/p>\n<p><strong>Jelentkez\u00e9s \u00e9s vizsgaid\u0151pontok:<br \/>\n<\/strong><a href=\"https:\/\/telc.nyelvvizsgajelentkezes.hu\/\">https:\/\/telc.nyelvvizsgajelentkezes.hu\/<\/a><\/p>\n<p><strong>Koordin\u00e1tor:<br \/>\n<\/strong>P\u00e1link\u00e1s Magdolna: <a href=\"mailto:horvathne.palinkas.magdolna@semmelweis.hu\">horvathne.palinkas.magdolna@semmelweis.hu<\/a><\/p>\n<p><strong>Mintafeladatok: <br \/>\n<\/strong><a href=\"https:\/\/telc.hu\/mintafeladatok\/\">https:\/\/telc.hu\/mintafeladatok\/<\/a><\/p>\n<p><strong>A Szaknyelvi Int\u00e9zet rendszeresen ind\u00edt <\/strong><strong><em>telc<\/em><\/strong><strong> vizsgefelk\u00e9sz\u00edt\u0151 tanfolyamokat.<br \/>\n<\/strong>B\u0151vebb inform\u00e1ci\u00f3 a tanfolyamokr\u00f3l:<br \/>\nZsinka Edit:<a href=\"mailto:magyary.edit_maria@semmelweis-univ.hu\"><span class=\"tel-value\"> magyary.edit_maria@semmelweis-univ.hu<\/span><\/a><\/p>\n<p><img loading=\"lazy\" decoding=\"async\" class=\"alignnone wp-image-6921 \" src=\"https:\/\/semmelweis.hu\/szaknyelv\/files\/2022\/06\/TELC.jpg\" alt=\"\" width=\"346\" height=\"462\" \/> <img loading=\"lazy\" decoding=\"async\" class=\"alignnone  wp-image-7219\" src=\"https:\/\/semmelweis.hu\/szaknyelv\/files\/2022\/09\/szurke-felirat2.png\" alt=\"\" width=\"341\" height=\"205\" \/><\/p>\n<p>&nbsp;<\/p>\n<p><a href=\"https:\/\/semmelweis.hu\/szaknyelv\/files\/2023\/12\/telc-alt.-angol-24-jan-.png\"><img loading=\"lazy\" decoding=\"async\" class=\"alignnone wp-image-12169\" src=\"https:\/\/semmelweis.hu\/szaknyelv\/files\/2023\/12\/telc-alt.-angol-24-jan--225x400.png\" alt=\"\" width=\"329\" height=\"585\" srcset=\"https:\/\/semmelweis.hu\/szaknyelv\/files\/2023\/12\/telc-alt.-angol-24-jan--225x400.png 225w, https:\/\/semmelweis.hu\/szaknyelv\/files\/2023\/12\/telc-alt.-angol-24-jan--576x1024.png 576w, https:\/\/semmelweis.hu\/szaknyelv\/files\/2023\/12\/telc-alt.-angol-24-jan--768x1365.png 768w, https:\/\/semmelweis.hu\/szaknyelv\/files\/2023\/12\/telc-alt.-angol-24-jan--864x1536.png 864w, https:\/\/semmelweis.hu\/szaknyelv\/files\/2023\/12\/telc-alt.-angol-24-jan--753x1339.png 753w, https:\/\/semmelweis.hu\/szaknyelv\/files\/2023\/12\/telc-alt.-angol-24-jan-.png 1080w\" sizes=\"auto, (max-width: 329px) 100vw, 329px\" \/><\/a><a href=\"https:\/\/semmelweis.hu\/szaknyelv\/files\/2023\/12\/telc-alt.-angol-24-febr.png\"><img loading=\"lazy\" decoding=\"async\" class=\"alignnone wp-image-12170\" src=\"https:\/\/semmelweis.hu\/szaknyelv\/files\/2023\/12\/telc-alt.-angol-24-febr-225x400.png\" alt=\"\" width=\"330\" height=\"587\" srcset=\"https:\/\/semmelweis.hu\/szaknyelv\/files\/2023\/12\/telc-alt.-angol-24-febr-225x400.png 225w, https:\/\/semmelweis.hu\/szaknyelv\/files\/2023\/12\/telc-alt.-angol-24-febr-576x1024.png 576w, https:\/\/semmelweis.hu\/szaknyelv\/files\/2023\/12\/telc-alt.-angol-24-febr-768x1365.png 768w, https:\/\/semmelweis.hu\/szaknyelv\/files\/2023\/12\/telc-alt.-angol-24-febr-864x1536.png 864w, https:\/\/semmelweis.hu\/szaknyelv\/files\/2023\/12\/telc-alt.-angol-24-febr-753x1339.png 753w, https:\/\/semmelweis.hu\/szaknyelv\/files\/2023\/12\/telc-alt.-angol-24-febr.png 1080w\" sizes=\"auto, (max-width: 330px) 100vw, 330px\" \/><\/a><\/p>\n","protected":false},"excerpt":{"rendered":"<p>telc\u00a0 &#8211; The European Language Certificates. A telc mint akkredit\u00e1lt, hat\u00f3s\u00e1gilag elismert nyelvvizsgak\u00f6zpont 2003 \u00f3ta van jelen Magyarorsz\u00e1gon. A Semmelweis Egyetem Szaknyelvi Int\u00e9zet\u00e9ben angol \u00e9s n\u00e9met nyelvb\u0151l B1, B2 \u00e9s C1 szinteken lehet letenni a nemzetk\u00f6zi, akkredit\u00e1lt telc vizsg\u00e1t. Mit kell tudnia a telc nyelvvizsg\u00e1r\u00f3l? A telc nyelvvizsga kommunikat\u00edv nyelvi modellre \u00e9p\u00fcl, azaz lingvisztikai, szociolingvisztikai &hellip;<\/p>\n","protected":false},"author":101889,"featured_media":0,"parent":7673,"menu_order":1,"comment_status":"closed","ping_status":"closed","template":"","meta":{"_acf_changed":false,"footnotes":""},"categories":[],"tags":[],"class_list":["post-5548","page","type-page","status-publish","hentry"],"acf":[],"_links":{"self":[{"href":"https:\/\/semmelweis.hu\/szaknyelv\/wp-json\/wp\/v2\/pages\/5548","targetHints":{"allow":["GET"]}}],"collection":[{"href":"https:\/\/semmelweis.hu\/szaknyelv\/wp-json\/wp\/v2\/pages"}],"about":[{"href":"https:\/\/semmelweis.hu\/szaknyelv\/wp-json\/wp\/v2\/types\/page"}],"author":[{"embeddable":true,"href":"https:\/\/semmelweis.hu\/szaknyelv\/wp-json\/wp\/v2\/users\/101889"}],"replies":[{"embeddable":true,"href":"https:\/\/semmelweis.hu\/szaknyelv\/wp-json\/wp\/v2\/comments?post=5548"}],"version-history":[{"count":10,"href":"https:\/\/semmelweis.hu\/szaknyelv\/wp-json\/wp\/v2\/pages\/5548\/revisions"}],"predecessor-version":[{"id":13098,"href":"https:\/\/semmelweis.hu\/szaknyelv\/wp-json\/wp\/v2\/pages\/5548\/revisions\/13098"}],"up":[{"embeddable":true,"href":"https:\/\/semmelweis.hu\/szaknyelv\/wp-json\/wp\/v2\/pages\/7673"}],"wp:attachment":[{"href":"https:\/\/semmelweis.hu\/szaknyelv\/wp-json\/wp\/v2\/media?parent=5548"}],"wp:term":[{"taxonomy":"category","embeddable":true,"href":"https:\/\/semmelweis.hu\/szaknyelv\/wp-json\/wp\/v2\/categories?post=5548"},{"taxonomy":"post_tag","embeddable":true,"href":"https:\/\/semmelweis.hu\/szaknyelv\/wp-json\/wp\/v2\/tags?post=5548"}],"curies":[{"name":"wp","href":"https:\/\/api.w.org\/{rel}","templated":true}]}}