{"id":5133,"date":"2021-01-15T12:08:24","date_gmt":"2021-01-15T11:08:24","guid":{"rendered":"https:\/\/semmelweis.hu\/szaknyelv\/?page_id=5133"},"modified":"2021-02-10T12:47:13","modified_gmt":"2021-02-10T11:47:13","slug":"zoom-etikett","status":"publish","type":"page","link":"https:\/\/semmelweis.hu\/szaknyelv\/zoom-etikett\/","title":{"rendered":"ZOOM etikett"},"content":{"rendered":"<p style=\"text-align: center\"><span style=\"color: #3366ff\">SE Szaknyelvi Int\u00e9zet 2021<\/span><\/p>\n<p style=\"text-align: center\">\n<strong>Zoom haszn\u00e1lati etikett<\/strong><\/p>\n<p style=\"text-align: left\">A t\u00e1voktat\u00e1sra alapvet\u0151en ugyanazok a szab\u00e1lyok \u00e9rv\u00e9nyesek, mint amelyek az Egyetemen megtartott el\u0151ad\u00e1sokra \u00e9s gyakorlatokra vonatkoznak. Ugyanakkor az online oktat\u00e1s saj\u00e1toss\u00e1gainak megfelel\u0151en n\u00e9h\u00e1ny \u00faj, illetve a jelen helyzetben k\u00fcl\u00f6n\u00f6sen fontoss\u00e1 v\u00e1l\u00f3 szab\u00e1lyra szeretn\u00e9nk felh\u00edvni a figyelmet.<br \/>\n\u2013 A t\u00e1voktat\u00e1s interakt\u00edv folyamat, amely a hallgat\u00f3k akt\u00edv r\u00e9szv\u00e9tel\u00e9t ig\u00e9nyli. K\u00e9rj\u00fck ez\u00e9rt, hogy a Szaknyelvi Int\u00e9zet online gyakorlatain vide\u00f3kamer\u00e1jukat kapcsolj\u00e1k be!<br \/>\n\u2013 A gyakorlatokon vegyenek r\u00e9szt akt\u00edvan, sz\u00f3ljanak hozz\u00e1 a gyakorlat t\u00e9mak\u00f6reihez, tegyenek fel k\u00e9rd\u00e9seket oktat\u00f3iknak! A h\u00e1tt\u00e9rzajok cs\u00f6kkent\u00e9se \u00e9rdek\u00e9ben azonban mikrofonjaikat csak akkor kapcsolj\u00e1k be, amikor hozz\u00e1sz\u00f3lnak a gyakorlathoz!<br \/>\n\u2013 Amennyiben nem egyed\u00fcl tart\u00f3zkodnak a helyis\u00e9gben, haszn\u00e1ljanak headset-et!<br \/>\n\u2013 Amikor szeretn\u00e9nek hozz\u00e1sz\u00f3lni, k\u00e9zfeltart\u00e1ssal, vagy a Zoom \u201eRaise hand\u201d funkci\u00f3j\u00e1val jelezz\u00e9k sz\u00e1nd\u00e9kukat (att\u00f3l f\u00fcgg\u0151en, hogy az adott \u00f3r\u00e1n melyik m\u00f3dszer haszn\u00e1latos)<br \/>\n\u2013 Az online \u00f3r\u00e1k id\u0151tartama alatt tart\u00f3zkodjanak belt\u00e9ren, lehet\u0151leg a lak\u00e1snak egy elk\u00fcl\u00f6n\u00edtett, csendes r\u00e9sz\u00e9n!<br \/>\n\u2013 \u00c1ll\u00edtsanak be virtu\u00e1lis h\u00e1tt\u00e9rk\u00e9pet, ha nem tudnak teljesen elk\u00fcl\u00f6n\u00fclni m\u00e1sokt\u00f3l, vagy nem szeretn\u00e9k, hogy a k\u00f6rnyezet\u00fck k\u00e9pe a vide\u00f3n megjelenjen! A virtu\u00e1lis h\u00e1tt\u00e9rk\u00e9p legyen semleges \u00e1ll\u00f3k\u00e9p (pl. lak\u00e1sbels\u0151, term\u00e9szeti k\u00e9p) semmik\u00e9pp sem folyamatosan v\u00e1ltoz\u00f3, mint p\u00e9ld\u00e1ul egy GIF-k\u00e9p.<br \/>\n\u2013 Amennyiben lehet\u0151s\u00e9g\u00fck van r\u00e1, haszn\u00e1ljanak stabil kapcsolatot biztos\u00edt\u00f3 eszk\u00f6z\u00f6ket (pl. vezet\u00e9kes internetet a WiFi vagy a mobilnet helyett, illetve PC-t, laptopot vagy tabletet a mobiltelefon helyett stb.)!<br \/>\n\u2013 Amennyiben technikai neh\u00e9zs\u00e9geik vannak (a sz\u00e1m\u00edt\u00f3g\u00e9ppel, a vide\u00f3kamer\u00e1val, a mikrofonnal), akkor \u00e1tmenetileg haszn\u00e1lj\u00e1k okostelefonjukat &#8211; \u00edgy ugyanis a technikai neh\u00e9zs\u00e9gek ellen\u00e9re is be tudnak csatlakozni az \u00f3r\u00e1ra k\u00e9ppel \u00e9s hanggal.<br \/>\n\u2013 Ha \u00e1tmenetileg \u00fagy kell r\u00e9szt venni\u00fck az \u00f3r\u00e1n, hogy nem m\u0171k\u00f6dik a kamer\u00e1juk, akkor rendszeres hozz\u00e1sz\u00f3l\u00e1sokkal, ha pedig nem m\u0171k\u00f6dik a mikrofonjuk, akkor chat \u00fczenetek form\u00e1j\u00e1ban sz\u00f3ljanak hozz\u00e1 a gyakorlatok t\u00e9mak\u00f6reihez!<br \/>\n\u2013 Ne jelentkezzenek be egyszerre t\u00f6bb eszk\u00f6zr\u0151l is ugyanarra az \u00f3r\u00e1ra! Ez t\u00f6bbf\u00e9le probl\u00e9m\u00e1t is okozhat, pl. a kiscsoportos foglalkoz\u00e1sokn\u00e1l a k\u00e9t eszk\u00f6zt k\u00e9t k\u00fcl\u00f6n csoportba oszthatja be a program. \u2013 A bejelentkez\u00e9s saj\u00e1t eszk\u00f6zr\u0151l, \u00e9s ne kiscsoportosan t\u00f6rt\u00e9njen. Egyr\u00e9szt form\u00e1lis okb\u00f3l (zoom report r\u00e9szv\u00e9tel) m\u00e1sr\u00e9szt az akt\u00edv r\u00e9szv\u00e9tel szempontj\u00e1b\u00f3l.<br \/>\n\u2013 K\u00e9rj\u00fck, hogy minden Zoom \u00f3r\u00e1ra saj\u00e1t nev\u00fck\u00f6n jelentkezzenek be, ne haszn\u00e1lj\u00e1k csal\u00e1dtagok, bar\u00e1tok, h\u00edres emberek, politikusok stb. nev\u00e9t.<br \/>\n\u2013 Az online \u00f3r\u00e1k sor\u00e1n olyan \u00f6lt\u00f6zetet viseljenek, amilyenben az egyetemi oktat\u00f3helyis\u00e9gben is megjelenn\u00e9nek!<br \/>\n\u2013 Az oktat\u00e1s sor\u00e1n csak a tananyaggal foglalkozzanak \u2013 k\u00e9rj\u00fck, hogy ne telefon\u00e1ljanak, ne sms-ezzenek, ne folytassanak priv\u00e1t chat-el\u00e9st, ne foglalkozzanak h\u00e1zi\u00e1llataikkal, ne \u00e9tkezzenek az \u00f3r\u00e1k alatt!<br \/>\n\u2013 Ne tegy\u00e9k k\u00f6zz\u00e9 nyilv\u00e1nos fel\u00fcleten a Zoom \u00f3ra megh\u00edv\u00f3j\u00e1t, a meeting bel\u00e9p\u00e9si adatait, mert \u00edgy illet\u00e9ktelenek is bejelentkezhetnek az \u00f3r\u00e1kra! Amennyiben az \u00f3ra anyag\u00e1t oktat\u00f3juk r\u00f6gz\u00edti, \u00e9s azt megosztja a hallgat\u00f3ival, ne tegy\u00e9k el\u00e9rhet\u0151v\u00e9 a felv\u00e9telt m\u00e1sok sz\u00e1m\u00e1ra, mert ez szem\u00e9lyis\u00e9gi jogokat s\u00e9rtene!<\/p>\n<p style=\"text-align: left\">K\u00f6sz\u00f6nj\u00fck egy\u00fcttm\u0171k\u00f6d\u00e9s\u00fcket!<br \/>\nA Szaknyelvi Int\u00e9zet oktat\u00f3i<\/p>\n","protected":false},"excerpt":{"rendered":"<p>SE Szaknyelvi Int\u00e9zet 2021 Zoom haszn\u00e1lati etikett A t\u00e1voktat\u00e1sra alapvet\u0151en ugyanazok a szab\u00e1lyok \u00e9rv\u00e9nyesek, mint amelyek az Egyetemen megtartott el\u0151ad\u00e1sokra \u00e9s gyakorlatokra vonatkoznak. Ugyanakkor az online oktat\u00e1s saj\u00e1toss\u00e1gainak megfelel\u0151en n\u00e9h\u00e1ny \u00faj, illetve a jelen helyzetben k\u00fcl\u00f6n\u00f6sen fontoss\u00e1 v\u00e1l\u00f3 szab\u00e1lyra szeretn\u00e9nk felh\u00edvni a figyelmet. \u2013 A t\u00e1voktat\u00e1s interakt\u00edv folyamat, amely a hallgat\u00f3k akt\u00edv r\u00e9szv\u00e9tel\u00e9t ig\u00e9nyli. K\u00e9rj\u00fck &hellip;<\/p>\n","protected":false},"author":118,"featured_media":0,"parent":0,"menu_order":2,"comment_status":"closed","ping_status":"closed","template":"","meta":{"_acf_changed":false,"footnotes":""},"categories":[],"tags":[],"class_list":["post-5133","page","type-page","status-publish","hentry"],"acf":[],"_links":{"self":[{"href":"https:\/\/semmelweis.hu\/szaknyelv\/wp-json\/wp\/v2\/pages\/5133","targetHints":{"allow":["GET"]}}],"collection":[{"href":"https:\/\/semmelweis.hu\/szaknyelv\/wp-json\/wp\/v2\/pages"}],"about":[{"href":"https:\/\/semmelweis.hu\/szaknyelv\/wp-json\/wp\/v2\/types\/page"}],"author":[{"embeddable":true,"href":"https:\/\/semmelweis.hu\/szaknyelv\/wp-json\/wp\/v2\/users\/118"}],"replies":[{"embeddable":true,"href":"https:\/\/semmelweis.hu\/szaknyelv\/wp-json\/wp\/v2\/comments?post=5133"}],"version-history":[{"count":1,"href":"https:\/\/semmelweis.hu\/szaknyelv\/wp-json\/wp\/v2\/pages\/5133\/revisions"}],"predecessor-version":[{"id":5134,"href":"https:\/\/semmelweis.hu\/szaknyelv\/wp-json\/wp\/v2\/pages\/5133\/revisions\/5134"}],"wp:attachment":[{"href":"https:\/\/semmelweis.hu\/szaknyelv\/wp-json\/wp\/v2\/media?parent=5133"}],"wp:term":[{"taxonomy":"category","embeddable":true,"href":"https:\/\/semmelweis.hu\/szaknyelv\/wp-json\/wp\/v2\/categories?post=5133"},{"taxonomy":"post_tag","embeddable":true,"href":"https:\/\/semmelweis.hu\/szaknyelv\/wp-json\/wp\/v2\/tags?post=5133"}],"curies":[{"name":"wp","href":"https:\/\/api.w.org\/{rel}","templated":true}]}}

<p style="text-align: center"><span style="color: #3366ff">SE Szaknyelvi Intézet 2021</span></p>
<p style="text-align: center">
<strong>Zoom használati etikett</strong></p>
<p style="text-align: left">A távoktatásra alapvetően ugyanazok a szabályok érvényesek, mint amelyek az Egyetemen megtartott előadásokra és gyakorlatokra vonatkoznak. Ugyanakkor az online oktatás sajátosságainak megfelelően néhány új, illetve a jelen helyzetben különösen fontossá váló szabályra szeretnénk felhívni a figyelmet.<br />
– A távoktatás interaktív folyamat, amely a hallgatók aktív részvételét igényli. Kérjük ezért, hogy a Szaknyelvi Intézet online gyakorlatain videókamerájukat kapcsolják be!<br />
– A gyakorlatokon vegyenek részt aktívan, szóljanak hozzá a gyakorlat témaköreihez, tegyenek fel kérdéseket oktatóiknak! A háttérzajok csökkentése érdekében azonban mikrofonjaikat csak akkor kapcsolják be, amikor hozzászólnak a gyakorlathoz!<br />
– Amennyiben nem egyedül tartózkodnak a helyiségben, használjanak headset-et!<br />
– Amikor szeretnének hozzászólni, kézfeltartással, vagy a Zoom „Raise hand” funkciójával jelezzék szándékukat (attól függően, hogy az adott órán melyik módszer használatos)<br />
– Az online órák időtartama alatt tartózkodjanak beltéren, lehetőleg a lakásnak egy elkülönített, csendes részén!<br />
– Állítsanak be virtuális háttérképet, ha nem tudnak teljesen elkülönülni másoktól, vagy nem szeretnék, hogy a környezetük képe a videón megjelenjen! A virtuális háttérkép legyen semleges állókép (pl. lakásbelső, természeti kép) semmiképp sem folyamatosan változó, mint például egy GIF-kép.<br />
– Amennyiben lehetőségük van rá, használjanak stabil kapcsolatot biztosító eszközöket (pl. vezetékes internetet a WiFi vagy a mobilnet helyett, illetve PC-t, laptopot vagy tabletet a mobiltelefon helyett stb.)!<br />
– Amennyiben technikai nehézségeik vannak (a számítógéppel, a videókamerával, a mikrofonnal), akkor átmenetileg használják okostelefonjukat &#8211; így ugyanis a technikai nehézségek ellenére is be tudnak csatlakozni az órára képpel és hanggal.<br />
– Ha átmenetileg úgy kell részt venniük az órán, hogy nem működik a kamerájuk, akkor rendszeres hozzászólásokkal, ha pedig nem működik a mikrofonjuk, akkor chat üzenetek formájában szóljanak hozzá a gyakorlatok témaköreihez!<br />
– Ne jelentkezzenek be egyszerre több eszközről is ugyanarra az órára! Ez többféle problémát is okozhat, pl. a kiscsoportos foglalkozásoknál a két eszközt két külön csoportba oszthatja be a program. – A bejelentkezés saját eszközről, és ne kiscsoportosan történjen. Egyrészt formális okból (zoom report részvétel) másrészt az aktív részvétel szempontjából.<br />
– Kérjük, hogy minden Zoom órára saját nevükön jelentkezzenek be, ne használják családtagok, barátok, híres emberek, politikusok stb. nevét.<br />
– Az online órák során olyan öltözetet viseljenek, amilyenben az egyetemi oktatóhelyiségben is megjelennének!<br />
– Az oktatás során csak a tananyaggal foglalkozzanak – kérjük, hogy ne telefonáljanak, ne sms-ezzenek, ne folytassanak privát chat-elést, ne foglalkozzanak háziállataikkal, ne étkezzenek az órák alatt!<br />
– Ne tegyék közzé nyilvános felületen a Zoom óra meghívóját, a meeting belépési adatait, mert így illetéktelenek is bejelentkezhetnek az órákra! Amennyiben az óra anyagát oktatójuk rögzíti, és azt megosztja a hallgatóival, ne tegyék elérhetővé a felvételt mások számára, mert ez személyiségi jogokat sértene!</p>
<p style="text-align: left">Köszönjük együttműködésüket!<br />
A Szaknyelvi Intézet oktatói</p>

<p>SE Szaknyelvi Intézet 2021 Zoom használati etikett A távoktatásra alapvetően ugyanazok a szabályok érvényesek, mint amelyek az Egyetemen megtartott előadásokra és gyakorlatokra vonatkoznak. Ugyanakkor az online oktatás sajátosságainak megfelelően néhány új, illetve a jelen helyzetben különösen fontossá váló szabályra szeretnénk felhívni a figyelmet. – A távoktatás interaktív folyamat, amely a hallgatók aktív részvételét igényli. Kérjük &hellip;</p>
