{"id":16489,"date":"2026-09-04T13:25:59","date_gmt":"2026-09-04T11:25:59","guid":{"rendered":"https:\/\/semmelweis.hu\/szaknyelv\/?page_id=16489"},"modified":"2026-09-04T13:25:59","modified_gmt":"2026-09-04T11:25:59","slug":"manye-terminologia-nap","status":"publish","type":"page","link":"https:\/\/semmelweis.hu\/szaknyelv\/manye-terminologia-nap\/","title":{"rendered":"MANYE terminol\u00f3gia nap"},"content":{"rendered":"<div class=\"xdj266r x14z9mp xat24cr x1lziwak x1vvkbs x126k92a\">\n<div dir=\"auto\" style=\"text-align: center\">A MANYE Terminol\u00f3gia Szakoszt\u00e1lya \u00e9s a Semmelweis Egyetem Szaknyelvi Int\u00e9zete szeretettel v\u00e1rja \u00d6nt<\/div>\n<div dir=\"auto\" style=\"text-align: center\">HIBRID kerekasztal-besz\u00e9lget\u00e9ssel egybek\u00f6t\u00f6tt szakoszt\u00e1lyi \u00fcl\u00e9s\u00e9re, melynek t\u00e9m\u00e1ja:<\/div>\n<div dir=\"auto\" style=\"text-align: center\"><strong>A terminol\u00f3gia oktat\u00e1sa a mesters\u00e9ges intelligencia kor\u00e1ban &#8212; elm\u00e9let, gyakorlat, terminol\u00f3giamenedzsment<\/strong><\/div>\n<div dir=\"auto\">\u00a0<\/div>\n<\/div>\n<div class=\"x14z9mp xat24cr x1lziwak x1vvkbs xtlvy1s x126k92a\">\n<div dir=\"auto\"><strong>Helysz\u00edn<\/strong>:<\/div>\n<div dir=\"auto\">Semmelweis Egyetem, City Corner \u00e9p\u00fclet<\/div>\n<div dir=\"auto\">1092 Budapest, \u00dcll\u0151i \u00fat 25. 3. emelet 320-as terem<\/div>\n<\/div>\n<div class=\"x14z9mp xat24cr x1lziwak x1vvkbs xtlvy1s x126k92a\">\n<div dir=\"auto\">\u00a0<\/div>\n<div dir=\"auto\"><strong>T\u00e9m\u00e1k:<\/strong><\/div>\n<div dir=\"auto\">&#8211; Terminol\u00f3giaelm\u00e9let a ford\u00edt\u00f3k\u00e9pz\u00e9sben, szaknyelvoktat\u00e1sban<\/div>\n<div dir=\"auto\">&#8211; M\u00f3dszerek a terminol\u00f3giai munka gyakorlati oktat\u00e1s\u00e1ban<\/div>\n<div dir=\"auto\">&#8211; Mesters\u00e9gesintelligencia-alap\u00fa alkalmaz\u00e1sok a terminol\u00f3gia oktat\u00e1s\u00e1ban<\/div>\n<\/div>\n<div class=\"x14z9mp xat24cr x1lziwak x1vvkbs xtlvy1s x126k92a\">\n<div dir=\"auto\">\u00a0<\/div>\n<div dir=\"auto\"><strong>Regisztr\u00e1ci\u00f3:<\/strong><\/div>\n<div dir=\"auto\"><span class=\"html-span xdj266r x14z9mp xat24cr x1lziwak xexx8yu xyri2b x18d9i69 x1c1uobl x1hl2dhg x16tdsg8 x1vvkbs\"><a class=\"x1i10hfl xjbqb8w x1ejq31n x18oe1m7 x1sy0etr xstzfhl x972fbf x10w94by x1qhh985 x14e42zd x9f619 x1ypdohk xt0psk2 x3ct3a4 xdj266r x14z9mp xat24cr x1lziwak xexx8yu xyri2b x18d9i69 x1c1uobl x16tdsg8 x1hl2dhg xggy1nq x1a2a7pz xkrqix3 x1sur9pj x1fey0fg x1s688f\" href=\"https:\/\/forms.gle\/9HYEyNEkHmzAAwDk7?fbclid=IwcGRvZgFleHRuA2FlbQIxMABicmlkETBzYUJBTk1HaENkUTlGYVlDc3J0YwZhcHBfaWQQMjIyMDM5MTc4ODIwMDg5MgABHntHhwM4cAVAFlrAfTQn2JFSYpdxhlyH9OJTuk9yGRG2HhTrqN1XjZ_V40zV_aem_SzWNwQoicvOXD-bmQBeADw\" target=\"_blank\" rel=\"nofollow noopener noreferrer\">https:\/\/forms.gle\/9HYEyNEkHmzAAwDk7<\/a><\/span><\/p>\n<div class=\"x1i10hfl xjbqb8w x1ejq31n x18oe1m7 x1sy0etr xstzfhl x972fbf x10w94by x1qhh985 x14e42zd x9f619 x1ypdohk xt0psk2 x3ct3a4 xdj266r x14z9mp xat24cr x1lziwak xexx8yu xyri2b x18d9i69 x1c1uobl x16tdsg8 x1hl2dhg xggy1nq x1a2a7pz xkrqix3 x1sur9pj xzsf02u x1s688f\" role=\"button\">\u00a0<\/div>\n<\/div>\n<div dir=\"auto\">\u00a0<\/div>\n<\/div>\n<div dir=\"auto\">\u00a0<\/div>\n","protected":false},"excerpt":{"rendered":"<p>A MANYE Terminol\u00f3gia Szakoszt\u00e1lya \u00e9s a Semmelweis Egyetem Szaknyelvi Int\u00e9zete szeretettel v\u00e1rja \u00d6nt HIBRID kerekasztal-besz\u00e9lget\u00e9ssel egybek\u00f6t\u00f6tt szakoszt\u00e1lyi \u00fcl\u00e9s\u00e9re, melynek t\u00e9m\u00e1ja: A terminol\u00f3gia oktat\u00e1sa a mesters\u00e9ges intelligencia kor\u00e1ban &#8212; elm\u00e9let, gyakorlat, terminol\u00f3giamenedzsment \u00a0 Helysz\u00edn: Semmelweis Egyetem, City Corner \u00e9p\u00fclet 1092 Budapest, \u00dcll\u0151i \u00fat 25. 3. emelet 320-as terem \u00a0 T\u00e9m\u00e1k: &#8211; Terminol\u00f3giaelm\u00e9let a ford\u00edt\u00f3k\u00e9pz\u00e9sben, szaknyelvoktat\u00e1sban &#8211; &hellip;<\/p>\n","protected":false},"author":102166,"featured_media":0,"parent":0,"menu_order":0,"comment_status":"closed","ping_status":"closed","template":"","meta":{"_acf_changed":false,"footnotes":""},"categories":[23],"tags":[],"class_list":["post-16489","page","type-page","status-publish","hentry","category-hirek"],"acf":[],"_links":{"self":[{"href":"https:\/\/semmelweis.hu\/szaknyelv\/wp-json\/wp\/v2\/pages\/16489","targetHints":{"allow":["GET"]}}],"collection":[{"href":"https:\/\/semmelweis.hu\/szaknyelv\/wp-json\/wp\/v2\/pages"}],"about":[{"href":"https:\/\/semmelweis.hu\/szaknyelv\/wp-json\/wp\/v2\/types\/page"}],"author":[{"embeddable":true,"href":"https:\/\/semmelweis.hu\/szaknyelv\/wp-json\/wp\/v2\/users\/102166"}],"replies":[{"embeddable":true,"href":"https:\/\/semmelweis.hu\/szaknyelv\/wp-json\/wp\/v2\/comments?post=16489"}],"version-history":[{"count":4,"href":"https:\/\/semmelweis.hu\/szaknyelv\/wp-json\/wp\/v2\/pages\/16489\/revisions"}],"predecessor-version":[{"id":16495,"href":"https:\/\/semmelweis.hu\/szaknyelv\/wp-json\/wp\/v2\/pages\/16489\/revisions\/16495"}],"wp:attachment":[{"href":"https:\/\/semmelweis.hu\/szaknyelv\/wp-json\/wp\/v2\/media?parent=16489"}],"wp:term":[{"taxonomy":"category","embeddable":true,"href":"https:\/\/semmelweis.hu\/szaknyelv\/wp-json\/wp\/v2\/categories?post=16489"},{"taxonomy":"post_tag","embeddable":true,"href":"https:\/\/semmelweis.hu\/szaknyelv\/wp-json\/wp\/v2\/tags?post=16489"}],"curies":[{"name":"wp","href":"https:\/\/api.w.org\/{rel}","templated":true}]}}

MANYE terminológia nap

<div class="xdj266r x14z9mp xat24cr x1lziwak x1vvkbs x126k92a">
<div dir="auto" style="text-align: center">A MANYE Terminológia Szakosztálya és a Semmelweis Egyetem Szaknyelvi Intézete szeretettel várja Önt</div>
<div dir="auto" style="text-align: center">HIBRID kerekasztal-beszélgetéssel egybekötött szakosztályi ülésére, melynek témája:</div>
<div dir="auto" style="text-align: center"><strong>A terminológia oktatása a mesterséges intelligencia korában &#8212; elmélet, gyakorlat, terminológiamenedzsment</strong></div>
<div dir="auto"> </div>
</div>
<div class="x14z9mp xat24cr x1lziwak x1vvkbs xtlvy1s x126k92a">
<div dir="auto"><strong>Helyszín</strong>:</div>
<div dir="auto">Semmelweis Egyetem, City Corner épület</div>
<div dir="auto">1092 Budapest, Üllői út 25. 3. emelet 320-as terem</div>
</div>
<div class="x14z9mp xat24cr x1lziwak x1vvkbs xtlvy1s x126k92a">
<div dir="auto"> </div>
<div dir="auto"><strong>Témák:</strong></div>
<div dir="auto">&#8211; Terminológiaelmélet a fordítóképzésben, szaknyelvoktatásban</div>
<div dir="auto">&#8211; Módszerek a terminológiai munka gyakorlati oktatásában</div>
<div dir="auto">&#8211; Mesterségesintelligencia-alapú alkalmazások a terminológia oktatásában</div>
</div>
<div class="x14z9mp xat24cr x1lziwak x1vvkbs xtlvy1s x126k92a">
<div dir="auto"> </div>
<div dir="auto"><strong>Regisztráció:</strong></div>
<div dir="auto"><span class="html-span xdj266r x14z9mp xat24cr x1lziwak xexx8yu xyri2b x18d9i69 x1c1uobl x1hl2dhg x16tdsg8 x1vvkbs"><a class="x1i10hfl xjbqb8w x1ejq31n x18oe1m7 x1sy0etr xstzfhl x972fbf x10w94by x1qhh985 x14e42zd x9f619 x1ypdohk xt0psk2 x3ct3a4 xdj266r x14z9mp xat24cr x1lziwak xexx8yu xyri2b x18d9i69 x1c1uobl x16tdsg8 x1hl2dhg xggy1nq x1a2a7pz xkrqix3 x1sur9pj x1fey0fg x1s688f" href="https://forms.gle/9HYEyNEkHmzAAwDk7?fbclid=IwcGRvZgFleHRuA2FlbQIxMABicmlkETBzYUJBTk1HaENkUTlGYVlDc3J0YwZhcHBfaWQQMjIyMDM5MTc4ODIwMDg5MgABHntHhwM4cAVAFlrAfTQn2JFSYpdxhlyH9OJTuk9yGRG2HhTrqN1XjZ_V40zV_aem_SzWNwQoicvOXD-bmQBeADw" target="_blank" rel="nofollow noopener noreferrer">https://forms.gle/9HYEyNEkHmzAAwDk7</a></span></p>
<div class="x1i10hfl xjbqb8w x1ejq31n x18oe1m7 x1sy0etr xstzfhl x972fbf x10w94by x1qhh985 x14e42zd x9f619 x1ypdohk xt0psk2 x3ct3a4 xdj266r x14z9mp xat24cr x1lziwak xexx8yu xyri2b x18d9i69 x1c1uobl x16tdsg8 x1hl2dhg xggy1nq x1a2a7pz xkrqix3 x1sur9pj xzsf02u x1s688f" role="button"> </div>
</div>
<div dir="auto"> </div>
</div>
<div dir="auto"> </div>

<p>A MANYE Terminológia Szakosztálya és a Semmelweis Egyetem Szaknyelvi Intézete szeretettel várja Önt HIBRID kerekasztal-beszélgetéssel egybekötött szakosztályi ülésére, melynek témája: A terminológia oktatása a mesterséges intelligencia korában &#8212; elmélet, gyakorlat, terminológiamenedzsment   Helyszín: Semmelweis Egyetem, City Corner épület 1092 Budapest, Üllői út 25. 3. emelet 320-as terem   Témák: &#8211; Terminológiaelmélet a fordítóképzésben, szaknyelvoktatásban &#8211; &hellip;</p>
