{"id":15053,"date":"2025-10-09T12:56:00","date_gmt":"2025-10-09T10:56:00","guid":{"rendered":"https:\/\/semmelweis.hu\/szaknyelv\/?page_id=15053"},"modified":"2025-11-03T09:56:55","modified_gmt":"2025-11-03T08:56:55","slug":"altalanos-informaciok","status":"publish","type":"page","link":"https:\/\/semmelweis.hu\/szaknyelv\/kepzeseink\/szakfordito-egeszsegtudomanyi-kepzeseink\/altalanos-informaciok\/","title":{"rendered":"\u00c1ltal\u00e1nos inform\u00e1ci\u00f3k"},"content":{"rendered":"<h1><img loading=\"lazy\" decoding=\"async\" class=\"aligncenter wp-image-15134 size-large\" src=\"https:\/\/semmelweis.hu\/szaknyelv\/files\/2025\/11\/normal-slider-meret-1280x420-1-1024x336.png\" alt=\"\" width=\"753\" height=\"247\" srcset=\"https:\/\/semmelweis.hu\/szaknyelv\/files\/2025\/11\/normal-slider-meret-1280x420-1-1024x336.png 1024w, https:\/\/semmelweis.hu\/szaknyelv\/files\/2025\/11\/normal-slider-meret-1280x420-1-400x131.png 400w, https:\/\/semmelweis.hu\/szaknyelv\/files\/2025\/11\/normal-slider-meret-1280x420-1-768x252.png 768w, https:\/\/semmelweis.hu\/szaknyelv\/files\/2025\/11\/normal-slider-meret-1280x420-1-753x247.png 753w, https:\/\/semmelweis.hu\/szaknyelv\/files\/2025\/11\/normal-slider-meret-1280x420-1.png 1280w\" sizes=\"auto, (max-width: 753px) 100vw, 753px\" \/><\/h1>\n<h1>szakford\u00edt\u00f3- \u00e9s tolm\u00e1csk\u00e9pz\u00e9s<\/h1>\n<p>\u00c1ltal\u00e1nos inform\u00e1ci\u00f3k<\/p>\n<p>A Semmelweis Egyetem Szaknyelvi Int\u00e9zete 2026 febru\u00e1rj\u00e1ban \u00fajra elind\u00edtja \u00e9vek \u00f3ta sikeresen fut\u00f3 <strong>posztgradu\u00e1lis eg\u00e9szs\u00e9gtudom\u00e1nyi szakford\u00edt\u00f3- \u00e9s tolm\u00e1csk\u00e9pz\u00e9st<\/strong> <a href=\"https:\/\/semmelweis.hu\/szaknyelv\/kepzeseink\/szakfordito-egeszsegtudomanyi-kepzeseink\/szakfordito-es-tolmacskepzes-angol\/\"><strong>magyar\u2013angol<\/strong><\/a> \u00e9s <a href=\"https:\/\/semmelweis.hu\/szaknyelv\/kepzeseink\/szakfordito-egeszsegtudomanyi-kepzeseink\/szakfordito-es-tolmacskepzes-nemet\/\"><strong>magyar\u2013n\u00e9met<\/strong><\/a> nyelvp\u00e1rban. A hallgat\u00f3i ig\u00e9nyekre v\u00e1laszolva a k\u00e9pz\u00e9s <strong>80%-\u00e1t online<\/strong> biztos\u00edtjuk.<\/p>\n<p>A program c\u00e9lja olyan nyelvi szakemberek k\u00e9pz\u00e9se, akik k\u00e9pesek az eg\u00e9szs\u00e9g\u00fcgy k\u00fcl\u00f6nb\u00f6z\u0151 sz\u00ednterein magas szinten ell\u00e1tni \u00edr\u00e1sbeli \u00e9s sz\u00f3beli nyelvi k\u00f6zvet\u00edt\u00e9si feladatokat.<\/p>\n<p>Projektmunka kurzusainkon a hallgat\u00f3knak lehet\u0151s\u00e9g\u00fck van <strong>val\u00f3s ford\u00edt\u00e1si \u00e9s tolm\u00e1csol\u00e1si megb\u00edz\u00e1sokon<\/strong> dolgozni orvosi, eg\u00e9szs\u00e9gtudom\u00e1nyi \u00e9s gy\u00f3gyszer\u00e9szeti t\u00e9m\u00e1ban. L\u00e9p\u00e9st tartunk az ipar\u00e1gi v\u00e1ltoz\u00e1ssal \u00e9s \u00e1talakul\u00e1ssal, \u00edgy hallgat\u00f3inkat bevezetj\u00fck a g\u00e9pi ford\u00edt\u00e1s ut\u00f3szerkeszt\u00e9s\u00e9be.<\/p>\n<div>A k\u00e9pz\u00e9s id\u0151tartama: <strong>4 f\u00e9l\u00e9v<\/strong><\/div>\n<div>\u00a0<\/div>\n<div><strong>Jelentkez\u00e9si felt\u00e9telek:<\/strong><\/div>\n<ul>\n<li>orvostudom\u00e1nyi\/eg\u00e9szs\u00e9gtudom\u00e1nyi\/term\u00e9szettudom\u00e1nyi\/b\u00f6lcs\u00e9szettudom\u00e1nyi\/pedag\u00f3giai\/agr\u00e1rtudom\u00e1nyi\/sporttudom\u00e1nyi\/\u00e1llatorvosi\/t\u00e1rsadalomtudom\u00e1nyi ter\u00fcleten szerzett BSc\/BA-oklev\u00e9l,<\/li>\n<li>\u00e1llamilag elismert \u201eC\u201d t\u00edpus\u00fa nyelvvizsga-bizony\u00edtv\u00e1nnyal igazolt, minimum k\u00f6z\u00e9pfok\u00fa angol\/n\u00e9met nyelvismeret.<\/li>\n<\/ul>\n<p>Int\u00e9zet\u00fcnk <a href=\"https:\/\/semmelweis.hu\/szaknyelv\/nyelvtanfolyam\/aktualis-tanfolyamok\/\"><strong>angol \u00e9s n\u00e9met eg\u00e9szs\u00e9g\u00fcgyi szaknyelvi kurzusokat<\/strong><\/a> k\u00edn\u00e1l azon \u00e9rdekl\u0151d\u0151knek \u00e9s hallgat\u00f3knak, akik szeretn\u00e9k nyelvtud\u00e1sukat friss\u00edteni vagy fejleszteni a k\u00e9pz\u00e9s sikeres elv\u00e9gz\u00e9se \u00e9rdek\u00e9ben.<\/p>\n<p>Szeretettel v\u00e1rjuk a jelentkez\u0151ket!<\/p>\n<p>A k\u00e9pz\u00e9s d\u00edja: <strong>320.000 Ft\/f\u00e9l\u00e9v<\/strong>.<br \/>\n<strong>20% kedvezm\u00e9ny<\/strong> a Semmelweis Egyetem dolgoz\u00f3inak \u00e9s PhD-hallgat\u00f3inak.<br \/>\n<strong>10% kedvezm\u00e9ny<\/strong> a Semmelweis Egyetem Alumni H\u00e1l\u00f3zat tagjainak.<br \/>\nA k\u00e9pz\u00e9s munkarendje: levelez\u0151 (p\u00e9ntek 15:00-20:00, szombat 8:00-14:45)<\/p>\n<div class=\"fontos_div lead\">\n<p><strong>Tov\u00e1bbi inform\u00e1ci\u00f3\/el\u00e9rhet\u0151s\u00e9g:<\/strong><\/p>\n<p>E-mail: <a href=\"szakfordito.lsp@semmelweis.hu\">szakfordito.lsp@semmelweis.hu<\/a><\/p>\n<p>Facebook: <a href=\"https:\/\/www.facebook.com\/Semmelweisszakfordito\" target=\"_blank\" rel=\"noopener\">https:\/\/www.facebook.com\/Semmelweisszakfordito<\/a><\/p>\n<\/div>\n<div class=\"fontos_div\">\n<p><strong>Jelentkez\u00e9s:<\/strong><\/p>\n<p><img loading=\"lazy\" decoding=\"async\" class=\"alignnone wp-image-15028 size-thumbnail\" src=\"https:\/\/semmelweis.hu\/szaknyelv\/files\/2025\/10\/Szakford-25-26-150x150.png\" alt=\"\" width=\"150\" height=\"150\" srcset=\"https:\/\/semmelweis.hu\/szaknyelv\/files\/2025\/10\/Szakford-25-26-150x150.png 150w, https:\/\/semmelweis.hu\/szaknyelv\/files\/2025\/10\/Szakford-25-26-400x400.png 400w, https:\/\/semmelweis.hu\/szaknyelv\/files\/2025\/10\/Szakford-25-26-768x768.png 768w, https:\/\/semmelweis.hu\/szaknyelv\/files\/2025\/10\/Szakford-25-26-753x753.png 753w, https:\/\/semmelweis.hu\/szaknyelv\/files\/2025\/10\/Szakford-25-26.png 800w\" sizes=\"auto, (max-width: 150px) 100vw, 150px\" \/><\/p>\n<p>Vagy: <a href=\"https:\/\/forms.office.com\/e\/cULx2EpSN4?origin=lprLink\">https:\/\/forms.office.com\/e\/cULx2EpSN4?origin=lprLink<\/a><\/p>\n<\/div>\n<p>&nbsp;<\/p>\n<p><img loading=\"lazy\" decoding=\"async\" class=\"aligncenter wp-image-15135 size-full\" src=\"https:\/\/semmelweis.hu\/szaknyelv\/files\/2025\/11\/Szakfordito-kepzes-anyaganak-frissitese-2025-oktober-28.png\" alt=\"\" width=\"2560\" height=\"6400\" srcset=\"https:\/\/semmelweis.hu\/szaknyelv\/files\/2025\/11\/Szakfordito-kepzes-anyaganak-frissitese-2025-oktober-28.png 2560w, https:\/\/semmelweis.hu\/szaknyelv\/files\/2025\/11\/Szakfordito-kepzes-anyaganak-frissitese-2025-oktober-28-160x400.png 160w, https:\/\/semmelweis.hu\/szaknyelv\/files\/2025\/11\/Szakfordito-kepzes-anyaganak-frissitese-2025-oktober-28-410x1024.png 410w, https:\/\/semmelweis.hu\/szaknyelv\/files\/2025\/11\/Szakfordito-kepzes-anyaganak-frissitese-2025-oktober-28-768x1920.png 768w, https:\/\/semmelweis.hu\/szaknyelv\/files\/2025\/11\/Szakfordito-kepzes-anyaganak-frissitese-2025-oktober-28-614x1536.png 614w, https:\/\/semmelweis.hu\/szaknyelv\/files\/2025\/11\/Szakfordito-kepzes-anyaganak-frissitese-2025-oktober-28-819x2048.png 819w, https:\/\/semmelweis.hu\/szaknyelv\/files\/2025\/11\/Szakfordito-kepzes-anyaganak-frissitese-2025-oktober-28-753x1883.png 753w\" sizes=\"auto, (max-width: 2560px) 100vw, 2560px\" \/><\/p>\n","protected":false},"excerpt":{"rendered":"<p>szakford\u00edt\u00f3- \u00e9s tolm\u00e1csk\u00e9pz\u00e9s \u00c1ltal\u00e1nos inform\u00e1ci\u00f3k A Semmelweis Egyetem Szaknyelvi Int\u00e9zete 2026 febru\u00e1rj\u00e1ban \u00fajra elind\u00edtja \u00e9vek \u00f3ta sikeresen fut\u00f3 posztgradu\u00e1lis eg\u00e9szs\u00e9gtudom\u00e1nyi szakford\u00edt\u00f3- \u00e9s tolm\u00e1csk\u00e9pz\u00e9st <a href=\"https:\/\/semmelweis.hu\/szaknyelv\/kepzeseink\/szakfordito-egeszsegtudomanyi-kepzeseink\/szakfordito-es-tolmacskepzes-angol\/\">magyar\u2013angol<\/a> \u00e9s <a href=\"https:\/\/semmelweis.hu\/szaknyelv\/kepzeseink\/szakfordito-egeszsegtudomanyi-kepzeseink\/szakfordito-es-tolmacskepzes-nemet\/\">magyar\u2013n\u00e9met<\/a> nyelvp\u00e1rban. A hallgat\u00f3i ig\u00e9nyekre v\u00e1laszolva a k\u00e9pz\u00e9s 80%-\u00e1t online biztos\u00edtjuk. A program c\u00e9lja olyan nyelvi szakemberek k\u00e9pz\u00e9se, akik k\u00e9pesek az eg\u00e9szs\u00e9g\u00fcgy k\u00fcl\u00f6nb\u00f6z\u0151 sz\u00ednterein magas szinten ell\u00e1tni \u00edr\u00e1sbeli \u00e9s sz\u00f3beli nyelvi k\u00f6zvet\u00edt\u00e9si &hellip;<\/p>\n","protected":false},"author":102166,"featured_media":0,"parent":5815,"menu_order":0,"comment_status":"closed","ping_status":"closed","template":"","meta":{"_acf_changed":false,"footnotes":""},"categories":[],"tags":[],"class_list":["post-15053","page","type-page","status-publish","hentry"],"acf":[],"_links":{"self":[{"href":"https:\/\/semmelweis.hu\/szaknyelv\/wp-json\/wp\/v2\/pages\/15053","targetHints":{"allow":["GET"]}}],"collection":[{"href":"https:\/\/semmelweis.hu\/szaknyelv\/wp-json\/wp\/v2\/pages"}],"about":[{"href":"https:\/\/semmelweis.hu\/szaknyelv\/wp-json\/wp\/v2\/types\/page"}],"author":[{"embeddable":true,"href":"https:\/\/semmelweis.hu\/szaknyelv\/wp-json\/wp\/v2\/users\/102166"}],"replies":[{"embeddable":true,"href":"https:\/\/semmelweis.hu\/szaknyelv\/wp-json\/wp\/v2\/comments?post=15053"}],"version-history":[{"count":4,"href":"https:\/\/semmelweis.hu\/szaknyelv\/wp-json\/wp\/v2\/pages\/15053\/revisions"}],"predecessor-version":[{"id":15142,"href":"https:\/\/semmelweis.hu\/szaknyelv\/wp-json\/wp\/v2\/pages\/15053\/revisions\/15142"}],"up":[{"embeddable":true,"href":"https:\/\/semmelweis.hu\/szaknyelv\/wp-json\/wp\/v2\/pages\/5815"}],"wp:attachment":[{"href":"https:\/\/semmelweis.hu\/szaknyelv\/wp-json\/wp\/v2\/media?parent=15053"}],"wp:term":[{"taxonomy":"category","embeddable":true,"href":"https:\/\/semmelweis.hu\/szaknyelv\/wp-json\/wp\/v2\/categories?post=15053"},{"taxonomy":"post_tag","embeddable":true,"href":"https:\/\/semmelweis.hu\/szaknyelv\/wp-json\/wp\/v2\/tags?post=15053"}],"curies":[{"name":"wp","href":"https:\/\/api.w.org\/{rel}","templated":true}]}}

Általános információk

<h1><img loading="lazy" decoding="async" class="aligncenter wp-image-15134 size-large" src="https://semmelweis.hu/szaknyelv/files/2025/11/normal-slider-meret-1280x420-1-1024x336.png" alt="" width="753" height="247" srcset="https://semmelweis.hu/szaknyelv/files/2025/11/normal-slider-meret-1280x420-1-1024x336.png 1024w, https://semmelweis.hu/szaknyelv/files/2025/11/normal-slider-meret-1280x420-1-400x131.png 400w, https://semmelweis.hu/szaknyelv/files/2025/11/normal-slider-meret-1280x420-1-768x252.png 768w, https://semmelweis.hu/szaknyelv/files/2025/11/normal-slider-meret-1280x420-1-753x247.png 753w, https://semmelweis.hu/szaknyelv/files/2025/11/normal-slider-meret-1280x420-1.png 1280w" sizes="auto, (max-width: 753px) 100vw, 753px" /></h1>
<h1>szakfordító- és tolmácsképzés</h1>
<p>Általános információk</p>
<p>A Semmelweis Egyetem Szaknyelvi Intézete 2026 februárjában újra elindítja évek óta sikeresen futó <strong>posztgraduális egészségtudományi szakfordító- és tolmácsképzést</strong> <a href="https://semmelweis.hu/szaknyelv/kepzeseink/szakfordito-egeszsegtudomanyi-kepzeseink/szakfordito-es-tolmacskepzes-angol/"><strong>magyar–angol</strong></a> és <a href="https://semmelweis.hu/szaknyelv/kepzeseink/szakfordito-egeszsegtudomanyi-kepzeseink/szakfordito-es-tolmacskepzes-nemet/"><strong>magyar–német</strong></a> nyelvpárban. A hallgatói igényekre válaszolva a képzés <strong>80%-át online</strong> biztosítjuk.</p>
<p>A program célja olyan nyelvi szakemberek képzése, akik képesek az egészségügy különböző színterein magas szinten ellátni írásbeli és szóbeli nyelvi közvetítési feladatokat.</p>
<p>Projektmunka kurzusainkon a hallgatóknak lehetőségük van <strong>valós fordítási és tolmácsolási megbízásokon</strong> dolgozni orvosi, egészségtudományi és gyógyszerészeti témában. Lépést tartunk az iparági változással és átalakulással, így hallgatóinkat bevezetjük a gépi fordítás utószerkesztésébe.</p>
<div>A képzés időtartama: <strong>4 félév</strong></div>
<div> </div>
<div><strong>Jelentkezési feltételek:</strong></div>
<ul>
<li>orvostudományi/egészségtudományi/természettudományi/bölcsészettudományi/pedagógiai/agrártudományi/sporttudományi/állatorvosi/társadalomtudományi területen szerzett BSc/BA-oklevél,</li>
<li>államilag elismert „C” típusú nyelvvizsga-bizonyítvánnyal igazolt, minimum középfokú angol/német nyelvismeret.</li>
</ul>
<p>Intézetünk <a href="https://semmelweis.hu/szaknyelv/nyelvtanfolyam/aktualis-tanfolyamok/"><strong>angol és német egészségügyi szaknyelvi kurzusokat</strong></a> kínál azon érdeklődőknek és hallgatóknak, akik szeretnék nyelvtudásukat frissíteni vagy fejleszteni a képzés sikeres elvégzése érdekében.</p>
<p>Szeretettel várjuk a jelentkezőket!</p>
<p>A képzés díja: <strong>320.000 Ft/félév</strong>.<br />
<strong>20% kedvezmény</strong> a Semmelweis Egyetem dolgozóinak és PhD-hallgatóinak.<br />
<strong>10% kedvezmény</strong> a Semmelweis Egyetem Alumni Hálózat tagjainak.<br />
A képzés munkarendje: levelező (péntek 15:00-20:00, szombat 8:00-14:45)</p>
<div class="fontos_div lead">
<p><strong>További információ/elérhetőség:</strong></p>
<p>E-mail: <a href="szakfordito.lsp@semmelweis.hu">szakfordito.lsp@semmelweis.hu</a></p>
<p>Facebook: <a href="https://www.facebook.com/Semmelweisszakfordito" target="_blank" rel="noopener">https://www.facebook.com/Semmelweisszakfordito</a></p>
</div>
<div class="fontos_div">
<p><strong>Jelentkezés:</strong></p>
<p><img loading="lazy" decoding="async" class="alignnone wp-image-15028 size-thumbnail" src="https://semmelweis.hu/szaknyelv/files/2025/10/Szakford-25-26-150x150.png" alt="" width="150" height="150" srcset="https://semmelweis.hu/szaknyelv/files/2025/10/Szakford-25-26-150x150.png 150w, https://semmelweis.hu/szaknyelv/files/2025/10/Szakford-25-26-400x400.png 400w, https://semmelweis.hu/szaknyelv/files/2025/10/Szakford-25-26-768x768.png 768w, https://semmelweis.hu/szaknyelv/files/2025/10/Szakford-25-26-753x753.png 753w, https://semmelweis.hu/szaknyelv/files/2025/10/Szakford-25-26.png 800w" sizes="auto, (max-width: 150px) 100vw, 150px" /></p>
<p>Vagy: <a href="https://forms.office.com/e/cULx2EpSN4?origin=lprLink">https://forms.office.com/e/cULx2EpSN4?origin=lprLink</a></p>
</div>
<p>&nbsp;</p>
<p><img loading="lazy" decoding="async" class="aligncenter wp-image-15135 size-full" src="https://semmelweis.hu/szaknyelv/files/2025/11/Szakfordito-kepzes-anyaganak-frissitese-2025-oktober-28.png" alt="" width="2560" height="6400" srcset="https://semmelweis.hu/szaknyelv/files/2025/11/Szakfordito-kepzes-anyaganak-frissitese-2025-oktober-28.png 2560w, https://semmelweis.hu/szaknyelv/files/2025/11/Szakfordito-kepzes-anyaganak-frissitese-2025-oktober-28-160x400.png 160w, https://semmelweis.hu/szaknyelv/files/2025/11/Szakfordito-kepzes-anyaganak-frissitese-2025-oktober-28-410x1024.png 410w, https://semmelweis.hu/szaknyelv/files/2025/11/Szakfordito-kepzes-anyaganak-frissitese-2025-oktober-28-768x1920.png 768w, https://semmelweis.hu/szaknyelv/files/2025/11/Szakfordito-kepzes-anyaganak-frissitese-2025-oktober-28-614x1536.png 614w, https://semmelweis.hu/szaknyelv/files/2025/11/Szakfordito-kepzes-anyaganak-frissitese-2025-oktober-28-819x2048.png 819w, https://semmelweis.hu/szaknyelv/files/2025/11/Szakfordito-kepzes-anyaganak-frissitese-2025-oktober-28-753x1883.png 753w" sizes="auto, (max-width: 2560px) 100vw, 2560px" /></p>

<p>szakfordító- és tolmácsképzés Általános információk A Semmelweis Egyetem Szaknyelvi Intézete 2026 februárjában újra elindítja évek óta sikeresen futó posztgraduális egészségtudományi szakfordító- és tolmácsképzést <a href="https://semmelweis.hu/szaknyelv/kepzeseink/szakfordito-egeszsegtudomanyi-kepzeseink/szakfordito-es-tolmacskepzes-angol/">magyar–angol</a> és <a href="https://semmelweis.hu/szaknyelv/kepzeseink/szakfordito-egeszsegtudomanyi-kepzeseink/szakfordito-es-tolmacskepzes-nemet/">magyar–német</a> nyelvpárban. A hallgatói igényekre válaszolva a képzés 80%-át online biztosítjuk. A program célja olyan nyelvi szakemberek képzése, akik képesek az egészségügy különböző színterein magas szinten ellátni írásbeli és szóbeli nyelvi közvetítési &hellip;</p>
