{"id":14034,"date":"2025-02-07T18:03:33","date_gmt":"2025-02-07T17:03:33","guid":{"rendered":"https:\/\/semmelweis.hu\/szaknyelv\/?page_id=14034"},"modified":"2025-02-07T18:03:33","modified_gmt":"2025-02-07T17:03:33","slug":"nemzetkozi-nyelvvizsgak","status":"publish","type":"page","link":"https:\/\/semmelweis.hu\/szaknyelv\/nemzetkozi-nyelvvizsgak\/","title":{"rendered":"Nemzetk\u00f6zi nyelvvizsg\u00e1k"},"content":{"rendered":"<p><a href=\"https:\/\/semmelweis.hu\/szaknyelv\/nyelvvizsgak\/altalanos-nyelvvizsgak\/\">\u00e1ltal\u00e1nos nyelvvizsg\u00e1k<\/a><br \/>\n&#8211; TELC (angol, n\u00e9met)<\/p>\n<p><a href=\"https:\/\/semmelweis.hu\/szaknyelv\/nyelvvizsgak\/szaknyelvi-vizsgak\/\">szaknyelvi nyelvvizsg\u00e1k<\/a><br \/>\n&#8211; DFP (francia)<br \/>\n&#8211; OET (angol)<br \/>\n&#8211; PROFEX (angol, n\u00e9met)<br \/>\n&#8211; telc MEDIZIN Fachsprachpr\u00fcfung (n\u00e9met)<br \/>\n&#8211; telc PFLEGE (n\u00e9met)<\/p>\n","protected":false},"excerpt":{"rendered":"<p><a href=\"https:\/\/semmelweis.hu\/szaknyelv\/nyelvvizsgak\/altalanos-nyelvvizsgak\/\">\u00e1ltal\u00e1nos nyelvvizsg\u00e1k<\/a><br \/>\n&#8211; TELC (angol, n\u00e9met)<br \/>\n<a href=\"https:\/\/semmelweis.hu\/szaknyelv\/nyelvvizsgak\/szaknyelvi-vizsgak\/\">szaknyelvi nyelvvizsg\u00e1k<\/a><br \/>\n&#8211; DFP (francia)<br \/>\n&#8211; OET (angol)<br \/>\n&#8211; PROFEX (angol, n\u00e9met)<br \/>\n&#8211; telc MEDIZIN Fachsprachpr\u00fcfung (n\u00e9met)<br \/>\n&#8211; telc PFLEGE (n\u00e9met)<\/p>\n","protected":false},"author":102166,"featured_media":0,"parent":0,"menu_order":0,"comment_status":"closed","ping_status":"closed","template":"","meta":{"_acf_changed":false,"footnotes":""},"categories":[],"tags":[],"class_list":["post-14034","page","type-page","status-publish","hentry"],"acf":[],"_links":{"self":[{"href":"https:\/\/semmelweis.hu\/szaknyelv\/wp-json\/wp\/v2\/pages\/14034","targetHints":{"allow":["GET"]}}],"collection":[{"href":"https:\/\/semmelweis.hu\/szaknyelv\/wp-json\/wp\/v2\/pages"}],"about":[{"href":"https:\/\/semmelweis.hu\/szaknyelv\/wp-json\/wp\/v2\/types\/page"}],"author":[{"embeddable":true,"href":"https:\/\/semmelweis.hu\/szaknyelv\/wp-json\/wp\/v2\/users\/102166"}],"replies":[{"embeddable":true,"href":"https:\/\/semmelweis.hu\/szaknyelv\/wp-json\/wp\/v2\/comments?post=14034"}],"version-history":[{"count":1,"href":"https:\/\/semmelweis.hu\/szaknyelv\/wp-json\/wp\/v2\/pages\/14034\/revisions"}],"predecessor-version":[{"id":14035,"href":"https:\/\/semmelweis.hu\/szaknyelv\/wp-json\/wp\/v2\/pages\/14034\/revisions\/14035"}],"wp:attachment":[{"href":"https:\/\/semmelweis.hu\/szaknyelv\/wp-json\/wp\/v2\/media?parent=14034"}],"wp:term":[{"taxonomy":"category","embeddable":true,"href":"https:\/\/semmelweis.hu\/szaknyelv\/wp-json\/wp\/v2\/categories?post=14034"},{"taxonomy":"post_tag","embeddable":true,"href":"https:\/\/semmelweis.hu\/szaknyelv\/wp-json\/wp\/v2\/tags?post=14034"}],"curies":[{"name":"wp","href":"https:\/\/api.w.org\/{rel}","templated":true}]}}

Nemzetközi nyelvvizsgák

<p><a href="https://semmelweis.hu/szaknyelv/nyelvvizsgak/altalanos-nyelvvizsgak/">általános nyelvvizsgák</a><br />
&#8211; TELC (angol, német)</p>
<p><a href="https://semmelweis.hu/szaknyelv/nyelvvizsgak/szaknyelvi-vizsgak/">szaknyelvi nyelvvizsgák</a><br />
&#8211; DFP (francia)<br />
&#8211; OET (angol)<br />
&#8211; PROFEX (angol, német)<br />
&#8211; telc MEDIZIN Fachsprachprüfung (német)<br />
&#8211; telc PFLEGE (német)</p>

<p><a href="https://semmelweis.hu/szaknyelv/nyelvvizsgak/altalanos-nyelvvizsgak/">általános nyelvvizsgák</a><br />
&#8211; TELC (angol, német)<br />
<a href="https://semmelweis.hu/szaknyelv/nyelvvizsgak/szaknyelvi-vizsgak/">szaknyelvi nyelvvizsgák</a><br />
&#8211; DFP (francia)<br />
&#8211; OET (angol)<br />
&#8211; PROFEX (angol, német)<br />
&#8211; telc MEDIZIN Fachsprachprüfung (német)<br />
&#8211; telc PFLEGE (német)</p>
