{"id":13830,"date":"2025-02-05T21:44:42","date_gmt":"2025-02-05T20:44:42","guid":{"rendered":"https:\/\/semmelweis.hu\/szaknyelv\/?page_id=13830"},"modified":"2025-02-07T17:58:29","modified_gmt":"2025-02-07T16:58:29","slug":"phd-kurzusok-es-vizsgak","status":"publish","type":"page","link":"https:\/\/semmelweis.hu\/szaknyelv\/rolunk\/tevekenysegeink\/phd-kurzusok-es-vizsgak\/","title":{"rendered":"PhD kurzusok \u00e9s vizsg\u00e1k"},"content":{"rendered":"<div class=\"exp-col-content-holder\"><a class=\"expand-cnt-link\" href=\"#\">PhD kurzusok<\/a><\/p>\n<div class=\"hidden-content\">\n<div class=\"exp-col-content-holder\"><a class=\"expand-cnt-link\" href=\"#\">Magyar orvosi nyelv (DI0033KV_1M)<\/a><\/p>\n<div class=\"hidden-content\">\n<p class=\"hiddenContentp\" style=\"text-align: justify\">T\u00e1rgyfelel\u0151s: <strong>Dr. Ittz\u00e9s D\u00e1niel<\/strong> &#8211; <a href=\"ittzes.daniel@semmelweis.hu\">ittzes.daniel@semmelweis.hu<\/a><br \/>\nA t\u00e1rgy el\u00e9rhet\u0151: minden tavaszi f\u00e9l\u00e9vben, jelenl\u00e9ti oktat\u00e1sban.<br \/>\nA magyar orvosi nyelv tant\u00e1rgy az alapvet\u0151 nyelvi k\u00e9rd\u00e9sek mellett minden orvostanhallgat\u00f3nak \u00e9s v\u00e9gzett orvosnak, kutat\u00f3nak is sz\u00fcks\u00e9ges ismereteket tan\u00edt. Rangos el\u0151ad\u00f3k oktatj\u00e1k sok m\u00e1s mellett:<br \/>\n\u2022 a magyar orvosi nyelv elvi, helyes\u00edr\u00e1si, \u00edr\u00e1sm\u00f3di stb. szempontjait;<br \/>\n\u2022 a magyar orvosi nyelv t\u00f6rt\u00e9net\u00e9t, alakul\u00e1s\u00e1t, hely\u00e9t a vil\u00e1gban;<br \/>\n\u2022 az eur\u00f3pai orvosi nyelv \u00e9s iskol\u00e1k t\u00f6rt\u00e9net\u00e9t;<br \/>\n\u2022 a tudom\u00e1nyos k\u00f6zlem\u00e9nyek \u00edr\u00e1s\u00e1nak, a tudom\u00e1nyos el\u0151ad\u00e1sok tart\u00e1s\u00e1nak m\u00f3dj\u00e1t, megfontol\u00e1sait;<br \/>\n\u2022 k\u00f6nyv\u00e9szeti, irodalomkeres\u00e9si \u00e9s tudom\u00e1nym\u00e9r\u00e9si ismereteket;<br \/>\n\u2022 a szakk\u00f6nyvek \u00e9s foly\u00f3iratok szerkeszt\u00e9s\u00e9nek \u00e9s a tudom\u00e1nyos k\u00f6zlem\u00e9nyek b\u00edr\u00e1lat\u00e1nak alapjait;<br \/>\n\u2022 a tudom\u00e1nyos fokozatok rendszer\u00e9t, az MTA szerep\u00e9t;<br \/>\n\u2022 az orvosi viselked\u00e9s, orvos\u2013beteg p\u00e1rbesz\u00e9d nyelvi \u00f6sszef\u00fcgg\u00e9seit;<br \/>\n\u2022 az orvostudom\u00e1ny fontosabb szakter\u00fcleteinek (anat\u00f3mia, \u00e9lettan, gy\u00f3gyszertan stb.) saj\u00e1ts\u00e1gos nyelvi k\u00e9rd\u00e9seit.<\/p>\n<p>Tov\u00e1bbi inform\u00e1ci\u00f3k: <a href=\"https:\/\/phd.semmelweis.hu\/public\/kurzusok\/6319\">https:\/\/phd.semmelweis.hu\/public\/kurzusok\/6319<\/a><\/p>\n<\/div>\n<\/div>\n<div class=\"exp-col-content-holder\"><a class=\"expand-cnt-link\" href=\"#\">Orvostudom\u00e1nyi terminol\u00f3gia \u00e9s a dokument\u00e1ci\u00f3 szaknyelve (DI00158KV_1M)<\/a><\/p>\n<div class=\"hidden-content\">\n<p>T\u00e1rgyfelel\u0151s: <strong>Kereszt\u00e9lyn\u00e9 Dr. Barta Andrea<\/strong> &#8211; <a href=\"mailto:barta.andrea@semmelweis.hu\">barta.andrea@semmelweis.hu<\/a><br \/>\nA t\u00e1rgy el\u00e9rhet\u0151: tavaszi f\u00e9l\u00e9vben (legk\u00f6zelebb 26\/27\/2), jelenl\u00e9ti oktat\u00e1sban.<\/p>\n<p style=\"text-align: justify\">Az orvosi terminol\u00f3gia gyakorlatk\u00f6zpont\u00fa oktat\u00e1s\u00e1nak c\u00e9lja, hogy a hallgat\u00f3 k\u00e9szs\u00e9gszinten elsaj\u00e1t\u00edtsa, felismerje \u00e9s haszn\u00e1lja az orvostudom\u00e1ny gyakorl\u00e1s\u00e1hoz n\u00e9lk\u00fcl\u00f6zhetetlen szakkifejez\u00e9seket \u00e9s nevez\u00e9ktant. Minden anyagr\u00e9sz az orvosi szaknyelv k\u00fcl\u00f6nb\u00f6z\u0151 ter\u00fcleteinek nyelvi jellegzetess\u00e9g\u00e9t j\u00e1rja k\u00f6r\u00fcl, k\u00fcl\u00f6n f\u00f3kusz\u00e1lva a latin eredet\u0171 anat\u00f3miai nevez\u00e9ktanra, a g\u00f6r\u00f6g eredet\u0171 klinikai terminol\u00f3gi\u00e1ra \u00e9s ezek megjelen\u00e9seire az orvosi dokumentumokban.<\/p>\n<p>Tematika:<\/p>\n<ol>\n<li style=\"text-align: justify\">Bevezet\u00e9s: az anat\u00f3miai \u00e9s klinikai terminol\u00f3gia jellemz\u0151i<\/li>\n<li style=\"text-align: justify\">A mozg\u00e1s szervrendszer\u00e9nek anat\u00f3miai nevez\u00e9ktana, mozg\u00e1srendszeri elv\u00e1ltoz\u00e1sokhoz kapcsol\u00f3d\u00f3 klinikai terminol\u00f3gia, traumatol\u00f3giai \u00e9s ortop\u00e9diai dokument\u00e1ci\u00f3<\/li>\n<li style=\"text-align: justify\">A sz\u00edv \u00e9s \u00e9rrendszer anat\u00f3miai nevez\u00e9ktana; sz\u00edv \u00e9s \u00e9rrendszeri elv\u00e1ltoz\u00e1sokhoz kapcsol\u00f3d\u00f3 klinikai terminol\u00f3gia; hematol\u00f3giai, kardiol\u00f3giai dokument\u00e1ci\u00f3<\/li>\n<li style=\"text-align: justify\">A l\u00e9gz\u0151rendszer anat\u00f3miai nevez\u00e9ktana; l\u00e9gz\u0151rendszeri \u00e9s f\u00fcl-orr-g\u00e9g\u00e9szeti elv\u00e1ltoz\u00e1sokhoz kapcsol\u00f3d\u00f3 klinikai terminol\u00f3gia; pulmonol\u00f3giai \u00e9s f\u00fcl-orr-g\u00e9g\u00e9szeti dokument\u00e1ci\u00f3<\/li>\n<li style=\"text-align: justify\">Az em\u00e9szt\u0151rendszer anat\u00f3miai nevez\u00e9ktana; em\u00e9szt\u0151rendszeri elv\u00e1ltoz\u00e1sokhoz kapcsol\u00f3d\u00f3 klinikai terminol\u00f3gia; gasztroenterol\u00f3giai, seb\u00e9szeti dokument\u00e1ci\u00f3<\/li>\n<li style=\"text-align: justify\">A kiv\u00e1laszt\u00f3rendszer anat\u00f3miai nevez\u00e9ktana; kiv\u00e1laszt\u00f3rendszeri elv\u00e1ltoz\u00e1sokhoz kapcsol\u00f3d\u00f3 klinikai terminol\u00f3gia; nefrol\u00f3giai dokument\u00e1ci\u00f3<\/li>\n<li style=\"text-align: justify\">A nemi szervek anat\u00f3miai nevez\u00e9ktana; nemi szervek elv\u00e1ltoz\u00e1saihoz kapcsol\u00f3d\u00f3 klinikai terminol\u00f3gia; a sz\u00fcl\u00e9szet-n\u0151gy\u00f3gy\u00e1szati \u00e9s androl\u00f3giai dokument\u00e1ci\u00f3<\/li>\n<li style=\"text-align: justify\">Az idegrendszer \u00e9s az agy anat\u00f3miai nevez\u00e9ktana; idegrendszeri elv\u00e1ltoz\u00e1sokhoz kapcsol\u00f3d\u00f3 klinikai terminol\u00f3gia; neurol\u00f3giai \u00e9s pszichi\u00e1triai dokument\u00e1ci\u00f3<\/li>\n<li style=\"text-align: justify\">Az endokrin rendszer anat\u00f3miai nevez\u00e9ktana; az endokrin rendszer elv\u00e1ltoz\u00e1saihoz kapcsol\u00f3d\u00f3 klinikai terminol\u00f3gia; endokrinol\u00f3giai dokument\u00e1ci\u00f3<\/li>\n<li style=\"text-align: justify\">Az \u00e9rz\u00e9kszervek anat\u00f3miai nevez\u00e9ktana; \u00e9rz\u00e9kszervi elv\u00e1ltoz\u00e1sokhoz kapcsol\u00f3d\u00f3 klinikai terminol\u00f3gia; szem\u00e9szeti, b\u0151rgy\u00f3gy\u00e1szati dokument\u00e1ci\u00f3<\/li>\n<li style=\"text-align: justify\">Sejttani, sz\u00f6vettani nevez\u00e9ktan; patol\u00f3giai elv\u00e1ltoz\u00e1sok terminol\u00f3gi\u00e1ja; patol\u00f3giai \u00e9s onkol\u00f3giai dokument\u00e1ci\u00f3, boncjegyz\u0151k\u00f6nyv<\/li>\n<li style=\"text-align: justify\">A fogak \u00e9s a sz\u00e1j\u00fcreg anat\u00f3miai nevez\u00e9ktana; sz\u00e1j\u00fcregi elv\u00e1ltoz\u00e1sokhoz kapcsol\u00f3d\u00f3 klinikai terminol\u00f3gia; fogorvosi \u00e9s sz\u00e1jseb\u00e9szeti dokument\u00e1ci\u00f3<\/li>\n<li style=\"text-align: justify\">Gy\u00f3gyszeranyagok nevez\u00e9ktana, hat\u00e1stani csoportok megnevez\u00e9sei; gy\u00e1ri \u00e9s magisztr\u00e1lis k\u00e9sz\u00edtm\u00e9ny rendel\u00e9se<\/li>\n<li style=\"text-align: justify\">\u00d6sszefoglal\u00e1s<\/li>\n<\/ol>\n<p>Tov\u00e1bbi inform\u00e1ci\u00f3k: <a href=\"https:\/\/phd.semmelweis.hu\/public\/kurzusok\/6043\">https:\/\/phd.semmelweis.hu\/public\/kurzusok\/6043<\/a><\/p>\n<\/div>\n<\/div>\n<div class=\"exp-col-content-holder\"><a class=\"expand-cnt-link\" href=\"#\">Scientific Writing in English (DI0075KVA_1A) &#8211; els\u0151sorban 1.\u00e9ves PhD hallgat\u00f3k sz\u00e1m\u00e1ra<\/a><\/p>\n<div class=\"hidden-content\">\n<p style=\"text-align: justify\">T\u00e1rgyfelel\u0151s: <strong>Dr. Fogarasi Katalin<\/strong> &#8211; <a href=\"fogarasi.katalin@semmelweis.hu\">fogarasi.katalin@semmelweis.hu<\/a><br \/>\nOktat\u00f3: <strong>Sirokm\u00e1ny Vikt\u00f3ria<\/strong> &#8211; <a href=\"sirokmany.viktoria@semmelweis.hu\">sirokmany.viktoria@semmelweis.hu<\/a><br \/>\nA t\u00e1rgy el\u00e9rhet\u0151: minden f\u00e9l\u00e9vben, online oktat\u00e1si form\u00e1ban.<br \/>\n1. Introduction 1.<br \/>\n2. Introduction 2.<br \/>\n3. Types of research articles<br \/>\nCompetencies: generic differences of research articles<br \/>\n4. Types of research articles, Review articles<br \/>\nCompetencies: generic differences of research articles, application of generic features to review articles<br \/>\n5. Case studies and clinical trials, Original articles, characteristics of the IMRaD structure<br \/>\nCompetencies: application of generic features to case studies and clinical trials<br \/>\n6. Abstract and IntroductionCompetencies: application of generic feature, application of generic features to abstracts<br \/>\nobservation and application of phrases typically occurring in the introduction of a research paper<br \/>\n7. Literature review and The aim of the study<br \/>\nCompetencies: observation and application of phrases occurring in a literature review, formulating the aim and scope of a research<br \/>\n8. Test I.<br \/>\n9. Material and Methods<br \/>\nCompetencies: observation and application of phrases occurring in M&amp;M<br \/>\n10. Results<br \/>\nCompetencies: observation and application of phrases for presenting the results of statistical and other analyses<br \/>\n11. Discussion \u2013 The method of Hedging<br \/>\nCompetencies: observation and application of hedging, reflecting hypotheses<br \/>\n12. Conclusion and References<br \/>\nCompetencies: the practice of hedging methods<br \/>\n13. What makes a good title?<br \/>\nCompetences: choosing a good, catchy title for a research article<br \/>\n14. Test II.<\/p>\n<p>Tov\u00e1bbi inform\u00e1ci\u00f3k: <a href=\"https:\/\/phd.semmelweis.hu\/public\/kurzusok\/6227\">https:\/\/phd.semmelweis.hu\/public\/kurzusok\/6227<\/a><\/p>\n<\/div>\n<\/div>\n<div class=\"exp-col-content-holder\"><a class=\"expand-cnt-link\" href=\"#\">PhD Thesis Writing in English (DI00147KVA_1A) &#8211; els\u0151sorban 2.\u00e9ves PhD hallgat\u00f3k sz\u00e1m\u00e1ra<\/a><\/p>\n<div class=\"hidden-content\">\n<p>T\u00e1rgyfelel\u0151s: <strong>Dr. Fogarasi Katalin<\/strong> &#8211; <a href=\"mailto:fogarasi.katalin@semmelweis.hu\">fogarasi.katalin@semmelweis.hu<\/a><br \/>\nOktat\u00f3: <strong>Sirokm\u00e1ny Vikt\u00f3ria<\/strong> &#8211; <a href=\"mailto:sirokmany.viktoria@semmelweis.hu\">sirokmany.viktoria@semmelweis.hu<\/a><br \/>\nA t\u00e1rgy el\u00e9rhet\u0151: minden f\u00e9l\u00e9vben, online oktat\u00e1si form\u00e1ban.<\/p>\n<p style=\"text-align: justify\">A kurzus formai, szerkezeti, nyelvtani \u00e9s min\u0151s\u00e9gi elv\u00e1r\u00e1sok ment\u00e9n ismerteti az angol nyelven k\u00e9sz\u00fcl\u0151 PhD dolgozatok ism\u00e9rveit. Gyakorlati p\u00e9ld\u00e1kon \u00e1t mutatja be \u00e9s gyakoroltatja a helyesen megszerkesztett disszert\u00e1ci\u00f3k angol szaknyelvi \u00e9s grammatikai ism\u00e9rveit.<\/p>\n<ol>\n<li>The world of Scientific Writing<\/li>\n<li>General information about PhD theses<\/li>\n<li>Formal requirements of a PhD thesis. Examples of good theses<\/li>\n<li>Choosing a topic, formulating hypotheses. Linking different subtopics in a thesis<\/li>\n<li>Reviewing the literature, use of citations and references. Basics of paraphrasing<\/li>\n<li>Grammatical know-how of writing about science. Paraphrasing Techniques I.<\/li>\n<li>Mid-term test<\/li>\n<li>Methods and Materials. Paraphrasing Techniques II.<\/li>\n<li>Grammar and lexical items in the PhD thesis. Paraphrasing Techniques III.<\/li>\n<li>Presenting data. The use of different linguistic tools for a coherent Results section.<\/li>\n<li>The Discussion and Conclusion sections: how to paraphrase and draw conclusions.<\/li>\n<li>Title \u2013 requirements of a good title<\/li>\n<li>End-term test<\/li>\n<li>Evaluation. Outcomes of the semester<\/li>\n<\/ol>\n<p>Tov\u00e1bbi inform\u00e1ci\u00f3k: <a href=\"https:\/\/phd.semmelweis.hu\/public\/kurzusok\/6228\">https:\/\/phd.semmelweis.hu\/public\/kurzusok\/6228<\/a><\/p>\n<\/div>\n<\/div>\n<\/div>\n<\/div>\n<div>\n<div class=\"exp-col-content-holder\"><a class=\"expand-cnt-link\" href=\"#\">Egyetemi szaknyelvi z\u00e1r\u00f3vizsga PhD hallgat\u00f3k r\u00e9sz\u00e9re<\/a><\/p>\n<div class=\"hidden-content\">\n<p><em><strong>A Szaknyelvi Int\u00e9zet a doktoranduszhallgat\u00f3k \u00e9s doktorjel\u00f6ltek r\u00e9sz\u00e9re az al\u00e1bbi szolg\u00e1ltat\u00e1sokat biztos\u00edtja:<\/strong><\/em><\/p>\n<ol>\n<li style=\"text-align: justify\"><strong>K\u00f6z\u00e9p (B2) szint\u0171 egyetemi angol szaknyelvi z\u00e1r\u00f3vizsga<\/strong> PhD hallgat\u00f3k r\u00e9sz\u00e9re. A vizsga egy sz\u00f3beli besz\u00e9lget\u00e9sb\u0151l \u00e1ll (bemutatkoz\u00e1s, szaknyelvi besz\u00e9lget\u00e9s a tanulm\u00e1nyaikr\u00f3l\u00a0\u00e9s a szakmai \u00fatjukr\u00f3l egy el\u0151zetesen az Int\u00e9zet r\u00e9sz\u00e9re megk\u00fcld\u00f6tt <strong>szakmai \u00f6n\u00e9letrajz alapj\u00e1n).<\/strong><\/li>\n<li style=\"text-align: justify\"><strong>K\u00fcsz\u00f6b (A2-B1) szint\u0171 egyetemi szaknyelvi z\u00e1r\u00f3vizsga n\u00e9met, francia, orosz, olasz, spanyol \u00e9s latin nyelvb\u0151l m\u00e1sodik nyelvvizsgak\u00e9nt<\/strong>. A sz\u00f3beli vizsga sor\u00e1n a PhD hallgat\u00f3 egy el\u0151zetesen az Int\u00e9zet r\u00e9sz\u00e9re megk\u00fcld\u00f6tt Power Point prezent\u00e1ci\u00f3 alapj\u00e1n 7 percben\u00a0ismerteti a PhD t\u00e9m\u00e1j\u00e1t az adott idegen nyelven. A latin eset\u00e9ben az orvostudom\u00e1nyban haszn\u00e1latos r\u00f6vid\u00edt\u00e9sek felold\u00e1sa \u00e9s magyar\u00e1zata a vizsga t\u00e1rgya.<\/li>\n<li style=\"text-align: justify\">A fenti vizsg\u00e1kra <strong>minden nyelvb\u0151l biztos\u00edtunk seg\u00edts\u00e9get a felk\u00e9sz\u00fcl\u00e9shez konzult\u00e1ci\u00f3 form\u00e1j\u00e1ban.<\/strong><\/li>\n<\/ol>\n<p style=\"text-align: justify\"><strong>A vizsg\u00e1kat ig\u00e9ny szerinti, el\u0151re egyeztetett id\u0151pontban megtartjuk<\/strong>, \u00e9s a teljes\u00edt\u00e9sr\u0151l \u00edr\u00e1sbeli igazol\u00e1st \u00e1ll\u00edtunk ki. K\u00e9rj\u00fck, hogy a vizsg\u00e1z\u00f3k <strong>vizsgaig\u00e9ny eset\u00e9n szorgalmi- \u00e9s vizsgaid\u0151szakban<\/strong> <strong>egyar\u00e1nt<\/strong> a Szaknyelvi Int\u00e9zet nyelvvizsga-koordin\u00e1tor\u00e1n\u00e1l, Szab\u00f3 Angelik\u00e1n\u00e1l jelentkezzenek a<\/p>\n<p style=\"text-align: justify\"><a href=\"mailto:biro-szabo.angelika@semmelweis-univ.hu\">szabo.angelika1@semmelweis.hu<\/a> c\u00edmen.\u00a0<\/p>\n<ol start=\"4\">\n<li style=\"text-align: justify\"><strong>Tudom\u00e1nyos k\u00f6zlem\u00e9nyek angol szaknyelvi lektor\u00e1l\u00e1s\u00e1t<\/strong> a Tudom\u00e1nyos \u00e9s Innov\u00e1ci\u00f3s Rektorhelyettes \u00far megb\u00edz\u00e1s\u00e1b\u00f3l egyetemi k\u00f6lts\u00e9gre, 10 munkanapos hat\u00e1rid\u0151vel v\u00e1llaljuk, ha a PhD hallgat\u00f3k erre vonatkoz\u00f3 ig\u00e9ny\u00fcket a <a href=\"https:\/\/semmelweis.hu\/szaknyelv\/oktatas\/phd-hallgatoknak\/publication.lsp@semmelweis.hu\">publication.lsp@semmelweis.hu<\/a>-ra bek\u00fcldik. Tov\u00e1bbi inform\u00e1ci\u00f3: <br \/>\n<a href=\"https:\/\/semmelweis.hu\/szaknyelv\/szolgaltatasok\/szaknyelvi-lektoralas\/\">https:\/\/semmelweis.hu\/szaknyelv\/szaknyelvi-lektoralas\/<\/a><\/li>\n<li style=\"text-align: justify\"><strong> Angol nyelven \u00edrt PhD dolgozatok \u00e9s absztraktf\u00fczetek angol szaknyelvi lektor\u00e1l\u00e1s\u00e1t <\/strong>szerz\u0151d\u00e9ssel alkalmazott, nagy tapasztalat\u00fa anyanyelvi lektorunk v\u00e1llalja 8500 Ft\/ 60 perces lektor\u00e1l\u00e1si d\u00edj mellett. Poszterek \u00e9s voice-overek lektor\u00e1l\u00e1s\u00e1t szint\u00e9n v\u00e1llaljuk. Amennyiben a hallgat\u00f3k ezzel \u00e9lni szeretn\u00e9nek, k\u00fcldj\u00e9k el ig\u00e9ny\u00fcket a <a href=\"https:\/\/semmelweis.hu\/szaknyelv\/oktatas\/phd-hallgatoknak\/publication.lsp@semmelweis.hu\">publication.lsp@semmelweis.hu<\/a>-ra. Ennek d\u00edjaz\u00e1sa a Szaknyelvi Int\u00e9zet fel\u00e9 \u00e1tk\u00f6nyvel\u00e9s \u00fatj\u00e1n is megoldhat\u00f3.\u00a0<\/li>\n<li style=\"text-align: justify\"><strong>Felk\u00e9sz\u00edt\u00e9s<\/strong> <strong>angol nyelv\u0171 prezent\u00e1ci\u00f3ra<\/strong> (konferencia-el\u0151ad\u00e1sra vagy poszter-prezent\u00e1ci\u00f3ra) konzult\u00e1ci\u00f3 form\u00e1j\u00e1ban 8500 Ft\/ 60 perces d\u00edjjal.<\/li>\n<\/ol>\n<\/div>\n<\/div>\n<div class=\"exp-col-content-holder\"><a class=\"expand-cnt-link\" href=\"#\">Tov\u00e1bbi szolg\u00e1ltat\u00e1sok PhD hallgat\u00f3k r\u00e9sz\u00e9re<\/a><\/p>\n<div class=\"hidden-content\">\n<p><em><strong>A Szaknyelvi Int\u00e9zet a doktoranduszhallgat\u00f3k \u00e9s doktorjel\u00f6ltek r\u00e9sz\u00e9re az al\u00e1bbi szolg\u00e1ltat\u00e1sokat biztos\u00edtja:<\/strong><\/em><\/p>\n<ol>\n<li style=\"text-align: justify\"><strong>K\u00f6z\u00e9p (B2) szint\u0171 egyetemi angol szaknyelvi z\u00e1r\u00f3vizsga<\/strong> PhD hallgat\u00f3k r\u00e9sz\u00e9re. A vizsga egy sz\u00f3beli besz\u00e9lget\u00e9sb\u0151l \u00e1ll (bemutatkoz\u00e1s, szaknyelvi besz\u00e9lget\u00e9s a tanulm\u00e1nyaikr\u00f3l\u00a0\u00e9s a szakmai \u00fatjukr\u00f3l egy el\u0151zetesen az Int\u00e9zet r\u00e9sz\u00e9re megk\u00fcld\u00f6tt <strong>szakmai \u00f6n\u00e9letrajz alapj\u00e1n).<\/strong><\/li>\n<li style=\"text-align: justify\"><strong>K\u00fcsz\u00f6b (A2-B1) szint\u0171 egyetemi szaknyelvi z\u00e1r\u00f3vizsga n\u00e9met, francia, orosz, olasz, spanyol \u00e9s latin nyelvb\u0151l m\u00e1sodik nyelvvizsgak\u00e9nt<\/strong>. A sz\u00f3beli vizsga sor\u00e1n a PhD hallgat\u00f3 egy el\u0151zetesen az Int\u00e9zet r\u00e9sz\u00e9re megk\u00fcld\u00f6tt Power Point prezent\u00e1ci\u00f3 alapj\u00e1n 7 percben\u00a0ismerteti a PhD t\u00e9m\u00e1j\u00e1t az adott idegen nyelven. A latin eset\u00e9ben az orvostudom\u00e1nyban haszn\u00e1latos r\u00f6vid\u00edt\u00e9sek felold\u00e1sa \u00e9s magyar\u00e1zata a vizsga t\u00e1rgya.<\/li>\n<li style=\"text-align: justify\">A fenti vizsg\u00e1kra <strong>minden nyelvb\u0151l biztos\u00edtunk seg\u00edts\u00e9get a felk\u00e9sz\u00fcl\u00e9shez konzult\u00e1ci\u00f3 form\u00e1j\u00e1ban.<\/strong><\/li>\n<\/ol>\n<p style=\"text-align: justify\"><strong>A vizsg\u00e1kat ig\u00e9ny szerinti, el\u0151re egyeztetett id\u0151pontban megtartjuk<\/strong>, \u00e9s a teljes\u00edt\u00e9sr\u0151l \u00edr\u00e1sbeli igazol\u00e1st \u00e1ll\u00edtunk ki. K\u00e9rj\u00fck, hogy a vizsg\u00e1z\u00f3k <strong>vizsgaig\u00e9ny eset\u00e9n szorgalmi- \u00e9s vizsgaid\u0151szakban<\/strong> <strong>egyar\u00e1nt<\/strong> a Szaknyelvi Int\u00e9zet nyelvvizsga-koordin\u00e1tor\u00e1n\u00e1l, Szab\u00f3 Angelik\u00e1n\u00e1l jelentkezzenek a<\/p>\n<p style=\"text-align: justify\"><a href=\"mailto:biro-szabo.angelika@semmelweis-univ.hu\">szabo.angelika1@semmelweis.hu<\/a> c\u00edmen.\u00a0<\/p>\n<ol start=\"4\">\n<li style=\"text-align: justify\"><strong>Tudom\u00e1nyos k\u00f6zlem\u00e9nyek angol szaknyelvi lektor\u00e1l\u00e1s\u00e1t<\/strong> a Tudom\u00e1nyos \u00e9s Innov\u00e1ci\u00f3s Rektorhelyettes \u00far megb\u00edz\u00e1s\u00e1b\u00f3l egyetemi k\u00f6lts\u00e9gre, 10 munkanapos hat\u00e1rid\u0151vel v\u00e1llaljuk, ha a PhD hallgat\u00f3k erre vonatkoz\u00f3 ig\u00e9ny\u00fcket a <a href=\"https:\/\/semmelweis.hu\/szaknyelv\/oktatas\/phd-hallgatoknak\/publication.lsp@semmelweis.hu\">publication.lsp@semmelweis.hu<\/a>-ra bek\u00fcldik. Tov\u00e1bbi inform\u00e1ci\u00f3: <br \/>\n<a href=\"https:\/\/semmelweis.hu\/szaknyelv\/szolgaltatasok\/szaknyelvi-lektoralas\/\">https:\/\/semmelweis.hu\/szaknyelv\/szaknyelvi-lektoralas\/<\/a><\/li>\n<li style=\"text-align: justify\"><strong> Angol nyelven \u00edrt PhD dolgozatok \u00e9s absztraktf\u00fczetek angol szaknyelvi lektor\u00e1l\u00e1s\u00e1t <\/strong>szerz\u0151d\u00e9ssel alkalmazott, nagy tapasztalat\u00fa anyanyelvi lektorunk v\u00e1llalja 8500 Ft\/ 60 perces lektor\u00e1l\u00e1si d\u00edj mellett. Poszterek \u00e9s voice-overek lektor\u00e1l\u00e1s\u00e1t szint\u00e9n v\u00e1llaljuk. Amennyiben a hallgat\u00f3k ezzel \u00e9lni szeretn\u00e9nek, k\u00fcldj\u00e9k el ig\u00e9ny\u00fcket a <a href=\"https:\/\/semmelweis.hu\/szaknyelv\/oktatas\/phd-hallgatoknak\/publication.lsp@semmelweis.hu\">publication.lsp@semmelweis.hu<\/a>-ra. Ennek d\u00edjaz\u00e1sa a Szaknyelvi Int\u00e9zet fel\u00e9 \u00e1tk\u00f6nyvel\u00e9s \u00fatj\u00e1n is megoldhat\u00f3.\u00a0<\/li>\n<li style=\"text-align: justify\"><strong>Felk\u00e9sz\u00edt\u00e9s<\/strong> <strong>angol nyelv\u0171 prezent\u00e1ci\u00f3ra<\/strong> (konferencia-el\u0151ad\u00e1sra vagy poszter-prezent\u00e1ci\u00f3ra) konzult\u00e1ci\u00f3 form\u00e1j\u00e1ban 8500 Ft\/ 60 perces d\u00edjjal.<\/li>\n<\/ol>\n<\/div>\n<\/div>\n<\/div>\n<div>\u00a0<\/div>\n<p>&nbsp;<\/p>\n","protected":false},"excerpt":{"rendered":"<p><a class=\"expand-cnt-link\" href=\"#\">PhD kurzusok<\/a> <a class=\"expand-cnt-link\" href=\"#\">Magyar orvosi nyelv (DI0033KV_1M)<\/a> T\u00e1rgyfelel\u0151s: Dr. Ittz\u00e9s D\u00e1niel &#8211; <a href=\"ittzes.daniel@semmelweis.hu\">ittzes.daniel@semmelweis.hu<\/a> A t\u00e1rgy el\u00e9rhet\u0151: minden tavaszi f\u00e9l\u00e9vben, jelenl\u00e9ti oktat\u00e1sban. A magyar orvosi nyelv tant\u00e1rgy az alapvet\u0151 nyelvi k\u00e9rd\u00e9sek mellett minden orvostanhallgat\u00f3nak \u00e9s v\u00e9gzett orvosnak, kutat\u00f3nak is sz\u00fcks\u00e9ges ismereteket tan\u00edt. Rangos el\u0151ad\u00f3k oktatj\u00e1k sok m\u00e1s mellett: \u2022 a magyar orvosi nyelv elvi, helyes\u00edr\u00e1si, \u00edr\u00e1sm\u00f3di stb. szempontjait; \u2022 a magyar orvosi nyelv t\u00f6rt\u00e9net\u00e9t, &hellip;<\/p>\n","protected":false},"author":102166,"featured_media":0,"parent":13812,"menu_order":0,"comment_status":"closed","ping_status":"closed","template":"","meta":{"_acf_changed":false,"footnotes":""},"categories":[],"tags":[],"class_list":["post-13830","page","type-page","status-publish","hentry"],"acf":[],"_links":{"self":[{"href":"https:\/\/semmelweis.hu\/szaknyelv\/wp-json\/wp\/v2\/pages\/13830","targetHints":{"allow":["GET"]}}],"collection":[{"href":"https:\/\/semmelweis.hu\/szaknyelv\/wp-json\/wp\/v2\/pages"}],"about":[{"href":"https:\/\/semmelweis.hu\/szaknyelv\/wp-json\/wp\/v2\/types\/page"}],"author":[{"embeddable":true,"href":"https:\/\/semmelweis.hu\/szaknyelv\/wp-json\/wp\/v2\/users\/102166"}],"replies":[{"embeddable":true,"href":"https:\/\/semmelweis.hu\/szaknyelv\/wp-json\/wp\/v2\/comments?post=13830"}],"version-history":[{"count":9,"href":"https:\/\/semmelweis.hu\/szaknyelv\/wp-json\/wp\/v2\/pages\/13830\/revisions"}],"predecessor-version":[{"id":14032,"href":"https:\/\/semmelweis.hu\/szaknyelv\/wp-json\/wp\/v2\/pages\/13830\/revisions\/14032"}],"up":[{"embeddable":true,"href":"https:\/\/semmelweis.hu\/szaknyelv\/wp-json\/wp\/v2\/pages\/13812"}],"wp:attachment":[{"href":"https:\/\/semmelweis.hu\/szaknyelv\/wp-json\/wp\/v2\/media?parent=13830"}],"wp:term":[{"taxonomy":"category","embeddable":true,"href":"https:\/\/semmelweis.hu\/szaknyelv\/wp-json\/wp\/v2\/categories?post=13830"},{"taxonomy":"post_tag","embeddable":true,"href":"https:\/\/semmelweis.hu\/szaknyelv\/wp-json\/wp\/v2\/tags?post=13830"}],"curies":[{"name":"wp","href":"https:\/\/api.w.org\/{rel}","templated":true}]}}