{"id":13352,"date":"2024-09-19T09:44:06","date_gmt":"2024-09-19T07:44:06","guid":{"rendered":"https:\/\/semmelweis.hu\/szaknyelv\/?page_id=13352"},"modified":"2024-09-19T09:44:06","modified_gmt":"2024-09-19T07:44:06","slug":"13352-2","status":"publish","type":"page","link":"https:\/\/semmelweis.hu\/szaknyelv\/13352-2\/","title":{"rendered":""},"content":{"rendered":"<p style=\"text-align: justify\"><strong><span lang=\"en-GB\">Marshall Barbara (2024) <\/span><\/strong><span lang=\"en-GB\">Az interkultur\u00e1lis \u00e9s betegk\u00f6zpont\u00fa eg\u00e9szs\u00e9g\u00fcgyi kommunik\u00e1ci\u00f3 oktat\u00e1s\u00e1nak interdiszciplin\u00e1ris lehet\u0151s\u00e9gei<br \/>\n<\/span><span lang=\"en-GB\">In: Szab\u00f3, Cs. \u2013 Beszny\u00e1k, R. (eds): Porta Lingua 2024. Cikkek, tanulm\u00e1nyok a hazai szaknyelvoktat\u00e1sr\u00f3l \u00e9s -kutat\u00e1sr\u00f3l.\u00a0 SZOKOE: Budapest. 121-128.<\/span><\/p>\n","protected":false},"excerpt":{"rendered":"<p>Marshall Barbara (2024) Az interkultur\u00e1lis \u00e9s betegk\u00f6zpont\u00fa eg\u00e9szs\u00e9g\u00fcgyi kommunik\u00e1ci\u00f3 oktat\u00e1s\u00e1nak interdiszciplin\u00e1ris lehet\u0151s\u00e9gei<br \/>\nIn: Szab\u00f3, Cs. \u2013 Beszny\u00e1k, R. (eds): Porta Lingua 2024. Cikkek, tanulm\u00e1nyok a hazai szaknyelvoktat\u00e1sr\u00f3l \u00e9s -kutat\u00e1sr\u00f3l.\u00a0 SZOKOE: Budapest. 121-128.<\/p>\n","protected":false},"author":102166,"featured_media":0,"parent":0,"menu_order":0,"comment_status":"closed","ping_status":"closed","template":"","meta":{"_acf_changed":false,"footnotes":""},"categories":[],"tags":[],"class_list":["post-13352","page","type-page","status-publish","hentry"],"acf":[],"_links":{"self":[{"href":"https:\/\/semmelweis.hu\/szaknyelv\/wp-json\/wp\/v2\/pages\/13352","targetHints":{"allow":["GET"]}}],"collection":[{"href":"https:\/\/semmelweis.hu\/szaknyelv\/wp-json\/wp\/v2\/pages"}],"about":[{"href":"https:\/\/semmelweis.hu\/szaknyelv\/wp-json\/wp\/v2\/types\/page"}],"author":[{"embeddable":true,"href":"https:\/\/semmelweis.hu\/szaknyelv\/wp-json\/wp\/v2\/users\/102166"}],"replies":[{"embeddable":true,"href":"https:\/\/semmelweis.hu\/szaknyelv\/wp-json\/wp\/v2\/comments?post=13352"}],"version-history":[{"count":2,"href":"https:\/\/semmelweis.hu\/szaknyelv\/wp-json\/wp\/v2\/pages\/13352\/revisions"}],"predecessor-version":[{"id":13354,"href":"https:\/\/semmelweis.hu\/szaknyelv\/wp-json\/wp\/v2\/pages\/13352\/revisions\/13354"}],"wp:attachment":[{"href":"https:\/\/semmelweis.hu\/szaknyelv\/wp-json\/wp\/v2\/media?parent=13352"}],"wp:term":[{"taxonomy":"category","embeddable":true,"href":"https:\/\/semmelweis.hu\/szaknyelv\/wp-json\/wp\/v2\/categories?post=13352"},{"taxonomy":"post_tag","embeddable":true,"href":"https:\/\/semmelweis.hu\/szaknyelv\/wp-json\/wp\/v2\/tags?post=13352"}],"curies":[{"name":"wp","href":"https:\/\/api.w.org\/{rel}","templated":true}]}}