{"id":13193,"date":"2024-08-30T16:52:29","date_gmt":"2024-08-30T14:52:29","guid":{"rendered":"https:\/\/semmelweis.hu\/szaknyelv\/?page_id=13193"},"modified":"2024-08-30T16:53:21","modified_gmt":"2024-08-30T14:53:21","slug":"tematika-2024-2025-tanev-oszi-felev-moodle","status":"publish","type":"page","link":"https:\/\/semmelweis.hu\/szaknyelv\/oktatas\/tantargyak\/tematikak\/tematika-2024-2025-tanev-oszi-felev-moodle\/","title":{"rendered":"Tematika 2024\/2025. tan\u00e9v \u0151szi f\u00e9l\u00e9v MOODLE"},"content":{"rendered":"<p class=\"xmsonormal\" style=\"text-align: justify\"><span style=\"font-size: 12pt\">A 2024\/25\/1. f\u00e9l\u00e9ves tematik\u00e1k felt\u00f6lt\u00e9se folyamatban van, a Moodle fel\u00fclet\u00e9n el\u00e9rhet\u0151ek: <br \/>\n<a href=\"https:\/\/itc.semmelweis.hu\/moodle\/login\/index.php\">https:\/\/itc.semmelweis.hu\/moodle\/login\/index.php<\/a><br \/>\nSz\u00fcks\u00e9g eset\u00e9n a <a href=\"mailto:szaknyelvi.intezet@semmelweis.hu\">szaknyelvi.intezet@semmelweis.hu<\/a> e-mail c\u00edmen tudnak kor\u00e1bbi f\u00e9l\u00e9ves tematik\u00e1kat k\u00e9rni.<\/span><\/p>\n","protected":false},"excerpt":{"rendered":"<p>A 2024\/25\/1. f\u00e9l\u00e9ves tematik\u00e1k felt\u00f6lt\u00e9se folyamatban van, a Moodle fel\u00fclet\u00e9n el\u00e9rhet\u0151ek:<br \/>\n<a href=\"https:\/\/itc.semmelweis.hu\/moodle\/login\/index.php\">https:\/\/itc.semmelweis.hu\/moodle\/login\/index.php<\/a><br \/>\nSz\u00fcks\u00e9g eset\u00e9n a <a href=\"mailto:szaknyelvi.intezet@semmelweis.hu\">szaknyelvi.intezet@semmelweis.hu<\/a> e-mail c\u00edmen tudnak kor\u00e1bbi f\u00e9l\u00e9ves tematik\u00e1kat k\u00e9rni.<\/p>\n","protected":false},"author":102166,"featured_media":0,"parent":4111,"menu_order":0,"comment_status":"closed","ping_status":"closed","template":"","meta":{"_acf_changed":false,"footnotes":""},"categories":[],"tags":[],"class_list":["post-13193","page","type-page","status-publish","hentry"],"acf":[],"_links":{"self":[{"href":"https:\/\/semmelweis.hu\/szaknyelv\/wp-json\/wp\/v2\/pages\/13193","targetHints":{"allow":["GET"]}}],"collection":[{"href":"https:\/\/semmelweis.hu\/szaknyelv\/wp-json\/wp\/v2\/pages"}],"about":[{"href":"https:\/\/semmelweis.hu\/szaknyelv\/wp-json\/wp\/v2\/types\/page"}],"author":[{"embeddable":true,"href":"https:\/\/semmelweis.hu\/szaknyelv\/wp-json\/wp\/v2\/users\/102166"}],"replies":[{"embeddable":true,"href":"https:\/\/semmelweis.hu\/szaknyelv\/wp-json\/wp\/v2\/comments?post=13193"}],"version-history":[{"count":4,"href":"https:\/\/semmelweis.hu\/szaknyelv\/wp-json\/wp\/v2\/pages\/13193\/revisions"}],"predecessor-version":[{"id":13197,"href":"https:\/\/semmelweis.hu\/szaknyelv\/wp-json\/wp\/v2\/pages\/13193\/revisions\/13197"}],"up":[{"embeddable":true,"href":"https:\/\/semmelweis.hu\/szaknyelv\/wp-json\/wp\/v2\/pages\/4111"}],"wp:attachment":[{"href":"https:\/\/semmelweis.hu\/szaknyelv\/wp-json\/wp\/v2\/media?parent=13193"}],"wp:term":[{"taxonomy":"category","embeddable":true,"href":"https:\/\/semmelweis.hu\/szaknyelv\/wp-json\/wp\/v2\/categories?post=13193"},{"taxonomy":"post_tag","embeddable":true,"href":"https:\/\/semmelweis.hu\/szaknyelv\/wp-json\/wp\/v2\/tags?post=13193"}],"curies":[{"name":"wp","href":"https:\/\/api.w.org\/{rel}","templated":true}]}}