{"id":12726,"date":"2024-02-21T10:56:26","date_gmt":"2024-02-21T09:56:26","guid":{"rendered":"https:\/\/semmelweis.hu\/szaknyelv\/?page_id=12726"},"modified":"2024-02-21T10:56:26","modified_gmt":"2024-02-21T09:56:26","slug":"profex-angol-nemet-orvosi-szaknyelvi-vizsgafelkeszito-tanfolyamok","status":"publish","type":"page","link":"https:\/\/semmelweis.hu\/szaknyelv\/profex-angol-nemet-orvosi-szaknyelvi-vizsgafelkeszito-tanfolyamok\/","title":{"rendered":"PROFEX (ANGOL, N\u00c9MET) orvosi szaknyelvi vizsgafelk\u00e9sz\u00edt\u0151 tanfolyamok"},"content":{"rendered":"<p style=\"text-align: center\">ONLINE PROFEX orvosi szaknyelvi vizsgafelk\u00e9sz\u00edt\u0151 tanfolyamokat ind\u00edt ANGOL \u00e9s N\u00c9MET nyelvb\u0151l (B2) <br \/>\na Semmelweis Egyetem Szaknyelvi Int\u00e9zete 2024. m\u00e1rcius\u00e1ban.<\/p>\n<p><strong>A 30 \u00f3r\u00e1s, ONLINE tanfolyamok c\u00e9lja:<\/strong><br \/>\n&#8211; komplex felk\u00e9sz\u00edt\u00e9s az \u00edr\u00e1sbeli \u00e9s a sz\u00f3beli PROFEX vizsg\u00e1ra,<br \/>\n&#8211; pr\u00f3bavizsga sikeres teljes\u00edt\u00e9se a modul z\u00e1r\u00e1sak\u00e9nt, ahol a hallgat\u00f3 objekt\u00edv \u00e9rt\u00e9kel\u00e9st kap a vizsg\u00e1n el\u00e9rt eredm\u00e9ny\u00e9r\u0151l.<\/p>\n<p><strong>Aj\u00e1nljuk<\/strong><br \/>\n&#8211; a Semmelweis Egyetem hallgat\u00f3inak, dolgoz\u00f3inak, k\u00fcls\u0151s \u00e9rdekl\u0151d\u0151knek,<br \/>\n&#8211; B1 szint\u0171 nyelvtud\u00e1ssal rendelkez\u0151knek,<br \/>\n&#8211; azoknak, akik a 2024. \u00e1prilisi PROFEX vizsg\u00e1ra szeretn\u00e9nek jelentkezni.<\/p>\n<p>Tanfolyam r\u00e9szletek:<\/p>\n<p><strong>ANGOL:<\/strong><br \/>\n&#8211; 10 alkalom, heti 2&#215;3 \u00f3ra, 100% online, <br \/>\n&#8211; 2024.03.06- 04.05. k\u00f6z\u00f6tt, minden szerd\u00e1n \u00e9s p\u00e9nteken 16.30-t\u00f3l,<br \/>\n&#8211; tanfolyam d\u00edja: 65.000 Ft,* <br \/>\n&#8211; Regisztr\u00e1ci\u00f3s \u00e9s befizet\u00e9si hat\u00e1rid\u0151: 2024.03.01.<\/p>\n<p><strong>N\u00c9MET:<\/strong><br \/>\n&#8211; 6 alkalom, 5 \u00f3ra\/alkalom, 100% online, <br \/>\n&#8211; 2024. 03.08-04.12. k\u00f6z\u00f6tt, minden p\u00e9nteken 16.00-t\u00f3l,<br \/>\n&#8211; tanfolyam d\u00edja: 65.000 Ft,* <br \/>\n&#8211; regisztr\u00e1ci\u00f3s \u00e9s befizet\u00e9si hat\u00e1rid\u0151: 2024.03.05.<\/p>\n<p><strong>Regisztr\u00e1ci\u00f3 mindk\u00e9t tanfolyamra itt:<\/strong><br \/>\n<a class=\"x1fey0fg xmper1u x1edh9d7\" href=\"https:\/\/forms.office.com\/e\/GrUgB0VDy5?origin=lprLink\">https:\/\/forms.office.com\/e\/GrUgB0VDy5?origin=lprLink<\/a><\/p>\n<p>*20% kedvezm\u00e9ny Semmelweis Polg\u00e1rok r\u00e9sz\u00e9re<br \/>\n*10% kedvezm\u00e9ny Semmelweis Alumni tagoknak<\/p>\n<p><strong>El\u00e9rhet\u0151s\u00e9g:<\/strong><br \/>\nlsp@semmelweis.hu<\/p>\n<p data-wp-editing=\"1\"><img loading=\"lazy\" decoding=\"async\" class=\"alignleft wp-image-12707\" src=\"https:\/\/semmelweis.hu\/szaknyelv\/files\/2024\/02\/Profex-B2-nemet--283x400.png\" alt=\"\" width=\"550\" height=\"778\" srcset=\"https:\/\/semmelweis.hu\/szaknyelv\/files\/2024\/02\/Profex-B2-nemet--283x400.png 283w, https:\/\/semmelweis.hu\/szaknyelv\/files\/2024\/02\/Profex-B2-nemet--724x1024.png 724w, https:\/\/semmelweis.hu\/szaknyelv\/files\/2024\/02\/Profex-B2-nemet--768x1086.png 768w, https:\/\/semmelweis.hu\/szaknyelv\/files\/2024\/02\/Profex-B2-nemet--1086x1536.png 1086w, https:\/\/semmelweis.hu\/szaknyelv\/files\/2024\/02\/Profex-B2-nemet--1448x2048.png 1448w, https:\/\/semmelweis.hu\/szaknyelv\/files\/2024\/02\/Profex-B2-nemet--753x1065.png 753w, https:\/\/semmelweis.hu\/szaknyelv\/files\/2024\/02\/Profex-B2-nemet-.png 1587w\" sizes=\"auto, (max-width: 550px) 100vw, 550px\" \/> <img loading=\"lazy\" decoding=\"async\" class=\"alignleft wp-image-12706\" src=\"https:\/\/semmelweis.hu\/szaknyelv\/files\/2024\/02\/Profex-B2-angol--283x400.png\" alt=\"\" width=\"550\" height=\"778\" srcset=\"https:\/\/semmelweis.hu\/szaknyelv\/files\/2024\/02\/Profex-B2-angol--283x400.png 283w, https:\/\/semmelweis.hu\/szaknyelv\/files\/2024\/02\/Profex-B2-angol--724x1024.png 724w, https:\/\/semmelweis.hu\/szaknyelv\/files\/2024\/02\/Profex-B2-angol--768x1086.png 768w, https:\/\/semmelweis.hu\/szaknyelv\/files\/2024\/02\/Profex-B2-angol--1086x1536.png 1086w, https:\/\/semmelweis.hu\/szaknyelv\/files\/2024\/02\/Profex-B2-angol--1448x2048.png 1448w, https:\/\/semmelweis.hu\/szaknyelv\/files\/2024\/02\/Profex-B2-angol--753x1065.png 753w, https:\/\/semmelweis.hu\/szaknyelv\/files\/2024\/02\/Profex-B2-angol-.png 1587w\" sizes=\"auto, (max-width: 550px) 100vw, 550px\" \/><\/p>\n","protected":false},"excerpt":{"rendered":"<p>ONLINE PROFEX orvosi szaknyelvi vizsgafelk\u00e9sz\u00edt\u0151 tanfolyamokat ind\u00edt ANGOL \u00e9s N\u00c9MET nyelvb\u0151l (B2) a Semmelweis Egyetem Szaknyelvi Int\u00e9zete 2024. m\u00e1rcius\u00e1ban. A 30 \u00f3r\u00e1s, ONLINE tanfolyamok c\u00e9lja: &#8211; komplex felk\u00e9sz\u00edt\u00e9s az \u00edr\u00e1sbeli \u00e9s a sz\u00f3beli PROFEX vizsg\u00e1ra, &#8211; pr\u00f3bavizsga sikeres teljes\u00edt\u00e9se a modul z\u00e1r\u00e1sak\u00e9nt, ahol a hallgat\u00f3 objekt\u00edv \u00e9rt\u00e9kel\u00e9st kap a vizsg\u00e1n el\u00e9rt eredm\u00e9ny\u00e9r\u0151l. Aj\u00e1nljuk &#8211; a &hellip;<\/p>\n","protected":false},"author":102166,"featured_media":0,"parent":0,"menu_order":0,"comment_status":"closed","ping_status":"closed","template":"template-fullwidth.php","meta":{"_acf_changed":false,"footnotes":""},"categories":[23],"tags":[],"class_list":["post-12726","page","type-page","status-publish","hentry","category-hirek"],"acf":[],"_links":{"self":[{"href":"https:\/\/semmelweis.hu\/szaknyelv\/wp-json\/wp\/v2\/pages\/12726","targetHints":{"allow":["GET"]}}],"collection":[{"href":"https:\/\/semmelweis.hu\/szaknyelv\/wp-json\/wp\/v2\/pages"}],"about":[{"href":"https:\/\/semmelweis.hu\/szaknyelv\/wp-json\/wp\/v2\/types\/page"}],"author":[{"embeddable":true,"href":"https:\/\/semmelweis.hu\/szaknyelv\/wp-json\/wp\/v2\/users\/102166"}],"replies":[{"embeddable":true,"href":"https:\/\/semmelweis.hu\/szaknyelv\/wp-json\/wp\/v2\/comments?post=12726"}],"version-history":[{"count":6,"href":"https:\/\/semmelweis.hu\/szaknyelv\/wp-json\/wp\/v2\/pages\/12726\/revisions"}],"predecessor-version":[{"id":12732,"href":"https:\/\/semmelweis.hu\/szaknyelv\/wp-json\/wp\/v2\/pages\/12726\/revisions\/12732"}],"wp:attachment":[{"href":"https:\/\/semmelweis.hu\/szaknyelv\/wp-json\/wp\/v2\/media?parent=12726"}],"wp:term":[{"taxonomy":"category","embeddable":true,"href":"https:\/\/semmelweis.hu\/szaknyelv\/wp-json\/wp\/v2\/categories?post=12726"},{"taxonomy":"post_tag","embeddable":true,"href":"https:\/\/semmelweis.hu\/szaknyelv\/wp-json\/wp\/v2\/tags?post=12726"}],"curies":[{"name":"wp","href":"https:\/\/api.w.org\/{rel}","templated":true}]}}

PROFEX (ANGOL, NÉMET) orvosi szaknyelvi vizsgafelkészítő tanfolyamok

<p style="text-align: center">ONLINE PROFEX orvosi szaknyelvi vizsgafelkészítő tanfolyamokat indít ANGOL és NÉMET nyelvből (B2) <br />
a Semmelweis Egyetem Szaknyelvi Intézete 2024. márciusában.</p>
<p><strong>A 30 órás, ONLINE tanfolyamok célja:</strong><br />
&#8211; komplex felkészítés az írásbeli és a szóbeli PROFEX vizsgára,<br />
&#8211; próbavizsga sikeres teljesítése a modul zárásaként, ahol a hallgató objektív értékelést kap a vizsgán elért eredményéről.</p>
<p><strong>Ajánljuk</strong><br />
&#8211; a Semmelweis Egyetem hallgatóinak, dolgozóinak, külsős érdeklődőknek,<br />
&#8211; B1 szintű nyelvtudással rendelkezőknek,<br />
&#8211; azoknak, akik a 2024. áprilisi PROFEX vizsgára szeretnének jelentkezni.</p>
<p>Tanfolyam részletek:</p>
<p><strong>ANGOL:</strong><br />
&#8211; 10 alkalom, heti 2&#215;3 óra, 100% online, <br />
&#8211; 2024.03.06- 04.05. között, minden szerdán és pénteken 16.30-tól,<br />
&#8211; tanfolyam díja: 65.000 Ft,* <br />
&#8211; Regisztrációs és befizetési határidő: 2024.03.01.</p>
<p><strong>NÉMET:</strong><br />
&#8211; 6 alkalom, 5 óra/alkalom, 100% online, <br />
&#8211; 2024. 03.08-04.12. között, minden pénteken 16.00-tól,<br />
&#8211; tanfolyam díja: 65.000 Ft,* <br />
&#8211; regisztrációs és befizetési határidő: 2024.03.05.</p>
<p><strong>Regisztráció mindkét tanfolyamra itt:</strong><br />
<a class="x1fey0fg xmper1u x1edh9d7" href="https://forms.office.com/e/GrUgB0VDy5?origin=lprLink">https://forms.office.com/e/GrUgB0VDy5?origin=lprLink</a></p>
<p>*20% kedvezmény Semmelweis Polgárok részére<br />
*10% kedvezmény Semmelweis Alumni tagoknak</p>
<p><strong>Elérhetőség:</strong><br />
lsp@semmelweis.hu</p>
<p data-wp-editing="1"><img loading="lazy" decoding="async" class="alignleft wp-image-12707" src="https://semmelweis.hu/szaknyelv/files/2024/02/Profex-B2-nemet--283x400.png" alt="" width="550" height="778" srcset="https://semmelweis.hu/szaknyelv/files/2024/02/Profex-B2-nemet--283x400.png 283w, https://semmelweis.hu/szaknyelv/files/2024/02/Profex-B2-nemet--724x1024.png 724w, https://semmelweis.hu/szaknyelv/files/2024/02/Profex-B2-nemet--768x1086.png 768w, https://semmelweis.hu/szaknyelv/files/2024/02/Profex-B2-nemet--1086x1536.png 1086w, https://semmelweis.hu/szaknyelv/files/2024/02/Profex-B2-nemet--1448x2048.png 1448w, https://semmelweis.hu/szaknyelv/files/2024/02/Profex-B2-nemet--753x1065.png 753w, https://semmelweis.hu/szaknyelv/files/2024/02/Profex-B2-nemet-.png 1587w" sizes="auto, (max-width: 550px) 100vw, 550px" /> <img loading="lazy" decoding="async" class="alignleft wp-image-12706" src="https://semmelweis.hu/szaknyelv/files/2024/02/Profex-B2-angol--283x400.png" alt="" width="550" height="778" srcset="https://semmelweis.hu/szaknyelv/files/2024/02/Profex-B2-angol--283x400.png 283w, https://semmelweis.hu/szaknyelv/files/2024/02/Profex-B2-angol--724x1024.png 724w, https://semmelweis.hu/szaknyelv/files/2024/02/Profex-B2-angol--768x1086.png 768w, https://semmelweis.hu/szaknyelv/files/2024/02/Profex-B2-angol--1086x1536.png 1086w, https://semmelweis.hu/szaknyelv/files/2024/02/Profex-B2-angol--1448x2048.png 1448w, https://semmelweis.hu/szaknyelv/files/2024/02/Profex-B2-angol--753x1065.png 753w, https://semmelweis.hu/szaknyelv/files/2024/02/Profex-B2-angol-.png 1587w" sizes="auto, (max-width: 550px) 100vw, 550px" /></p>

<p>ONLINE PROFEX orvosi szaknyelvi vizsgafelkészítő tanfolyamokat indít ANGOL és NÉMET nyelvből (B2) a Semmelweis Egyetem Szaknyelvi Intézete 2024. márciusában. A 30 órás, ONLINE tanfolyamok célja: &#8211; komplex felkészítés az írásbeli és a szóbeli PROFEX vizsgára, &#8211; próbavizsga sikeres teljesítése a modul zárásaként, ahol a hallgató objektív értékelést kap a vizsgán elért eredményéről. Ajánljuk &#8211; a &hellip;</p>
