{"id":11888,"date":"2023-11-20T13:47:42","date_gmt":"2023-11-20T12:47:42","guid":{"rendered":"https:\/\/semmelweis.hu\/szaknyelv\/?page_id=11888"},"modified":"2023-11-20T13:47:42","modified_gmt":"2023-11-20T12:47:42","slug":"11888-2","status":"publish","type":"page","link":"https:\/\/semmelweis.hu\/szaknyelv\/11888-2\/","title":{"rendered":""},"content":{"rendered":"<p style=\"text-align: justify\"><strong>Varga, \u00c9va Katalin<\/strong> (2020) \u0420\u0430\u0437\u0432\u0438\u0442\u0438\u0435 \u043d\u0430\u0432\u044b\u043a\u043e\u0432 \u043e\u0431\u0449\u0435\u043d\u0438\u044f \u043d\u0430 \u0437\u0430\u043d\u044f\u0442\u0438\u044f\u0445 \u043f\u043e \u043c\u0435\u0434\u0438\u0446\u0438\u043d\u0441\u043a\u043e\u043c\u0443 \u0440\u0443\u0441\u0441\u043a\u043e\u043c\u0443 \u0441 \u043d\u0443\u043b\u044f [Kommunik\u00e1ci\u00f3s k\u00e9szs\u00e9gek fejleszt\u00e9se null\u00e1r\u00f3l kezd\u0151 orosz orvosi nyelvi kurzuson]. In: Juh\u00e1sz Val\u00e9ria et. al. (szerk.) Kommunik\u00e1ci\u00f3- \u00e9s besz\u00e9dfejleszt\u00e9s a gyakorlatban. Szeged, SZTE JGYPK Magyar \u00e9s Alkalmazott Nyelv\u00e9szeti Tansz\u00e9k, 465-473.<\/p>\n<p style=\"text-align: justify\"><strong>Fogarasi Katalin, Varga \u00c9va Katalin<\/strong> (2022) Szaknyelvoktat\u00e1s null\u00e1r\u00f3l? Gyakorlatorient\u00e1lt szaknyelvi kurzusok a Semmelweis Egyetemen. Alkalmazott Nyelvtudom\u00e1ny 22: 1. 22-39.<\/p>\n<p style=\"text-align: justify\"><strong>Varga, \u00c9va Katalin<\/strong> (2023) \u041f\u0440\u0435\u0434\u043c\u0435\u0442\u043d\u043e-\u044f\u0437\u044b\u043a\u043e\u0432\u043e\u0435 \u0438\u043d\u0442\u0435\u0433\u0440\u0438\u0440\u043e\u0432\u0430\u043d\u043d\u043e\u0435 \u043e\u0431\u0443\u0447\u0435\u043d\u0438\u0435 \u0440\u0443\u0441\u0441\u043a\u043e\u043c\u0443 \u044f\u0437\u044b\u043a\u0443 \u0441 \u043d\u0443\u043b\u044f \u0434\u043b\u044f \u043c\u0435\u0434\u0438\u043a\u043e\u0432 [Null\u00e1r\u00f3l kezd\u0151 tartalomalap\u00fa orosz nyelvoktat\u00e1s orvostanhallgat\u00f3k sz\u00e1m\u00e1ra]. In: Dobos, \u00c1gota (szerk.) Aktu\u00e1lis kih\u00edv\u00e1sok a szak\/nyelvoktat\u00e1sban: A m\u00f3dszertani meg\u00fajul\u00e1s lehet\u0151s\u00e9gei: Tanulm\u00e1nyk\u00f6tet. Budapest, Budapesti Corvinus Egyetem, 197-201.<\/p>\n<p style=\"text-align: justify\"><strong>Sirokm\u00e1ny, Vikt\u00f3ria<\/strong> (2023) CLIL in tertiary education \u2013 developing material for the course, Scientific Writing in English. PORTA LINGUA (1). pp. 127-136. ISSN 1785-2420<\/p>\n","protected":false},"excerpt":{"rendered":"<p>Varga, \u00c9va Katalin (2020) \u0420\u0430\u0437\u0432\u0438\u0442\u0438\u0435 \u043d\u0430\u0432\u044b\u043a\u043e\u0432 \u043e\u0431\u0449\u0435\u043d\u0438\u044f \u043d\u0430 \u0437\u0430\u043d\u044f\u0442\u0438\u044f\u0445 \u043f\u043e \u043c\u0435\u0434\u0438\u0446\u0438\u043d\u0441\u043a\u043e\u043c\u0443 \u0440\u0443\u0441\u0441\u043a\u043e\u043c\u0443 \u0441 \u043d\u0443\u043b\u044f [Kommunik\u00e1ci\u00f3s k\u00e9szs\u00e9gek fejleszt\u00e9se null\u00e1r\u00f3l kezd\u0151 orosz orvosi nyelvi kurzuson]. In: Juh\u00e1sz Val\u00e9ria et. al. (szerk.) Kommunik\u00e1ci\u00f3- \u00e9s besz\u00e9dfejleszt\u00e9s a gyakorlatban. Szeged, SZTE JGYPK Magyar \u00e9s Alkalmazott Nyelv\u00e9szeti Tansz\u00e9k, 465-473. Fogarasi Katalin, Varga \u00c9va Katalin (2022) Szaknyelvoktat\u00e1s null\u00e1r\u00f3l? Gyakorlatorient\u00e1lt szaknyelvi kurzusok a &hellip;<\/p>\n","protected":false},"author":102166,"featured_media":0,"parent":0,"menu_order":0,"comment_status":"closed","ping_status":"closed","template":"","meta":{"_acf_changed":false,"footnotes":""},"categories":[],"tags":[],"class_list":["post-11888","page","type-page","status-publish","hentry"],"acf":[],"_links":{"self":[{"href":"https:\/\/semmelweis.hu\/szaknyelv\/wp-json\/wp\/v2\/pages\/11888","targetHints":{"allow":["GET"]}}],"collection":[{"href":"https:\/\/semmelweis.hu\/szaknyelv\/wp-json\/wp\/v2\/pages"}],"about":[{"href":"https:\/\/semmelweis.hu\/szaknyelv\/wp-json\/wp\/v2\/types\/page"}],"author":[{"embeddable":true,"href":"https:\/\/semmelweis.hu\/szaknyelv\/wp-json\/wp\/v2\/users\/102166"}],"replies":[{"embeddable":true,"href":"https:\/\/semmelweis.hu\/szaknyelv\/wp-json\/wp\/v2\/comments?post=11888"}],"version-history":[{"count":1,"href":"https:\/\/semmelweis.hu\/szaknyelv\/wp-json\/wp\/v2\/pages\/11888\/revisions"}],"predecessor-version":[{"id":11889,"href":"https:\/\/semmelweis.hu\/szaknyelv\/wp-json\/wp\/v2\/pages\/11888\/revisions\/11889"}],"wp:attachment":[{"href":"https:\/\/semmelweis.hu\/szaknyelv\/wp-json\/wp\/v2\/media?parent=11888"}],"wp:term":[{"taxonomy":"category","embeddable":true,"href":"https:\/\/semmelweis.hu\/szaknyelv\/wp-json\/wp\/v2\/categories?post=11888"},{"taxonomy":"post_tag","embeddable":true,"href":"https:\/\/semmelweis.hu\/szaknyelv\/wp-json\/wp\/v2\/tags?post=11888"}],"curies":[{"name":"wp","href":"https:\/\/api.w.org\/{rel}","templated":true}]}}