{"id":11872,"date":"2023-11-20T13:32:53","date_gmt":"2023-11-20T12:32:53","guid":{"rendered":"https:\/\/semmelweis.hu\/szaknyelv\/?page_id=11872"},"modified":"2023-11-20T13:32:53","modified_gmt":"2023-11-20T12:32:53","slug":"11872-2","status":"publish","type":"page","link":"https:\/\/semmelweis.hu\/szaknyelv\/11872-2\/","title":{"rendered":""},"content":{"rendered":"<p style=\"text-align: justify\"><strong>Varga \u00c9va Katalin, Barta Andrea<\/strong> (2020) A nemzetk\u00f6zi \u00e9s a magyar anat\u00f3miai nevek egys\u00e9ges\u00edt\u00e9si probl\u00e9m\u00e1i. Porta Lingua 2020. 193-204.\u00a0<\/p>\n<p style=\"text-align: justify\"><strong>Varga \u00c9va Katalin, Barta Andrea, Zimonyi \u00c1kos<\/strong> (2021) Difficulties of unifying international anatomical nomenclature. In: Roche, Christophe Terminologie &amp; Ontologie: Th\u00e9ories et Applications. Chamb\u00e9ry, Presses Universitaires Savoie Mont Blanc, 63-80.<\/p>\n<p style=\"text-align: justify\"><strong>Varga \u00c9va Katalin<\/strong> (2021) A capite ad calcem. Celsus anat\u00f3miai nevei a De medicina 8. k\u00f6nyve alapj\u00e1n. In: Havas Ferenc, Horv\u00e1th Katalin, Hrenek \u00c9va, Lad\u00e1nyi M\u00e1ria (szerk.) A grammatik\u00e1t\u00f3l a retorik\u00e1ig: Nyelv\u00e9szeti tanulm\u00e1nyok C. Vlad\u00e1r Zsuzsa tisztelet\u00e9re. Budapest, ELTE BTK Alkalmazott Nyelv\u00e9szeti \u00e9s Fonetikai Tansz\u00e9k, 230-237.<\/p>\n<p style=\"text-align: justify\"><strong>Varga \u00c9va Katalin<\/strong> (2023) R\u00e9gi magyar anat\u00f3miai neveink. Magyar Orvosi Nyelv 2023\/2. (megjelen\u00e9s alatt)<\/p>\n","protected":false},"excerpt":{"rendered":"<p>Varga \u00c9va Katalin, Barta Andrea (2020) A nemzetk\u00f6zi \u00e9s a magyar anat\u00f3miai nevek egys\u00e9ges\u00edt\u00e9si probl\u00e9m\u00e1i. Porta Lingua 2020. 193-204.\u00a0 Varga \u00c9va Katalin, Barta Andrea, Zimonyi \u00c1kos (2021) Difficulties of unifying international anatomical nomenclature. In: Roche, Christophe Terminologie &amp; Ontologie: Th\u00e9ories et Applications. Chamb\u00e9ry, Presses Universitaires Savoie Mont Blanc, 63-80. Varga \u00c9va Katalin (2021) A capite &hellip;<\/p>\n","protected":false},"author":102166,"featured_media":0,"parent":0,"menu_order":0,"comment_status":"closed","ping_status":"closed","template":"","meta":{"_acf_changed":false,"footnotes":""},"categories":[],"tags":[],"class_list":["post-11872","page","type-page","status-publish","hentry"],"acf":[],"_links":{"self":[{"href":"https:\/\/semmelweis.hu\/szaknyelv\/wp-json\/wp\/v2\/pages\/11872","targetHints":{"allow":["GET"]}}],"collection":[{"href":"https:\/\/semmelweis.hu\/szaknyelv\/wp-json\/wp\/v2\/pages"}],"about":[{"href":"https:\/\/semmelweis.hu\/szaknyelv\/wp-json\/wp\/v2\/types\/page"}],"author":[{"embeddable":true,"href":"https:\/\/semmelweis.hu\/szaknyelv\/wp-json\/wp\/v2\/users\/102166"}],"replies":[{"embeddable":true,"href":"https:\/\/semmelweis.hu\/szaknyelv\/wp-json\/wp\/v2\/comments?post=11872"}],"version-history":[{"count":1,"href":"https:\/\/semmelweis.hu\/szaknyelv\/wp-json\/wp\/v2\/pages\/11872\/revisions"}],"predecessor-version":[{"id":11873,"href":"https:\/\/semmelweis.hu\/szaknyelv\/wp-json\/wp\/v2\/pages\/11872\/revisions\/11873"}],"wp:attachment":[{"href":"https:\/\/semmelweis.hu\/szaknyelv\/wp-json\/wp\/v2\/media?parent=11872"}],"wp:term":[{"taxonomy":"category","embeddable":true,"href":"https:\/\/semmelweis.hu\/szaknyelv\/wp-json\/wp\/v2\/categories?post=11872"},{"taxonomy":"post_tag","embeddable":true,"href":"https:\/\/semmelweis.hu\/szaknyelv\/wp-json\/wp\/v2\/tags?post=11872"}],"curies":[{"name":"wp","href":"https:\/\/api.w.org\/{rel}","templated":true}]}}