{"id":11844,"date":"2023-11-20T12:02:32","date_gmt":"2023-11-20T11:02:32","guid":{"rendered":"https:\/\/semmelweis.hu\/szaknyelv\/?page_id=11844"},"modified":"2023-11-20T13:38:09","modified_gmt":"2023-11-20T12:38:09","slug":"11844-2","status":"publish","type":"page","link":"https:\/\/semmelweis.hu\/szaknyelv\/11844-2\/","title":{"rendered":""},"content":{"rendered":"<p style=\"text-align: justify\"><strong>Varga \u00c9va Katalin, Lengyel Ingrid<\/strong> (2023) A betegt\u00e1j\u00e9koztat\u00e1s nyelvi \u00e9s betegjogi megfelel\u0151s\u00e9ge egy eg\u00e9szs\u00e9g\u00fcgyi internetes port\u00e1l \u201eOrvos v\u00e1laszol\u201d rovat\u00e1ban. Porta Lingua 2023\/2. (megjelen\u00e9s alatt)<\/p>\n","protected":false},"excerpt":{"rendered":"<p>Varga \u00c9va Katalin, Lengyel Ingrid (2023) A betegt\u00e1j\u00e9koztat\u00e1s nyelvi \u00e9s betegjogi megfelel\u0151s\u00e9ge egy eg\u00e9szs\u00e9g\u00fcgyi internetes port\u00e1l \u201eOrvos v\u00e1laszol\u201d rovat\u00e1ban. Porta Lingua 2023\/2. (megjelen\u00e9s alatt)<\/p>\n","protected":false},"author":102166,"featured_media":0,"parent":0,"menu_order":0,"comment_status":"closed","ping_status":"closed","template":"","meta":{"_acf_changed":false,"footnotes":""},"categories":[],"tags":[],"class_list":["post-11844","page","type-page","status-publish","hentry"],"acf":[],"_links":{"self":[{"href":"https:\/\/semmelweis.hu\/szaknyelv\/wp-json\/wp\/v2\/pages\/11844","targetHints":{"allow":["GET"]}}],"collection":[{"href":"https:\/\/semmelweis.hu\/szaknyelv\/wp-json\/wp\/v2\/pages"}],"about":[{"href":"https:\/\/semmelweis.hu\/szaknyelv\/wp-json\/wp\/v2\/types\/page"}],"author":[{"embeddable":true,"href":"https:\/\/semmelweis.hu\/szaknyelv\/wp-json\/wp\/v2\/users\/102166"}],"replies":[{"embeddable":true,"href":"https:\/\/semmelweis.hu\/szaknyelv\/wp-json\/wp\/v2\/comments?post=11844"}],"version-history":[{"count":3,"href":"https:\/\/semmelweis.hu\/szaknyelv\/wp-json\/wp\/v2\/pages\/11844\/revisions"}],"predecessor-version":[{"id":11879,"href":"https:\/\/semmelweis.hu\/szaknyelv\/wp-json\/wp\/v2\/pages\/11844\/revisions\/11879"}],"wp:attachment":[{"href":"https:\/\/semmelweis.hu\/szaknyelv\/wp-json\/wp\/v2\/media?parent=11844"}],"wp:term":[{"taxonomy":"category","embeddable":true,"href":"https:\/\/semmelweis.hu\/szaknyelv\/wp-json\/wp\/v2\/categories?post=11844"},{"taxonomy":"post_tag","embeddable":true,"href":"https:\/\/semmelweis.hu\/szaknyelv\/wp-json\/wp\/v2\/tags?post=11844"}],"curies":[{"name":"wp","href":"https:\/\/api.w.org\/{rel}","templated":true}]}}