{"id":11797,"date":"2023-11-16T10:39:27","date_gmt":"2023-11-16T09:39:27","guid":{"rendered":"https:\/\/semmelweis.hu\/szaknyelv\/?page_id=11797"},"modified":"2026-01-29T13:31:21","modified_gmt":"2026-01-29T12:31:21","slug":"szakforditoi-gyakornoki-program","status":"publish","type":"page","link":"https:\/\/semmelweis.hu\/szaknyelv\/kepzeseink\/szakfordito-egeszsegtudomanyi-kepzeseink\/szakforditoi-gyakornoki-program\/","title":{"rendered":"Szakford\u00edt\u00f3i gyakornoki program"},"content":{"rendered":"<p style=\"text-align: justify\"><strong>Kezdd a karriered szakmai tapasztalattal a Szaknyelvi Int\u00e9zetn\u00e9l!<\/strong><\/p>\n<p style=\"text-align: justify\"><strong>Eg\u00e9szs\u00e9gtudom\u00e1nyi szakford\u00edt\u00f3k \u00e9s szakford\u00edt\u00f3jel\u00f6ltek, figyelem!<\/strong><\/p>\n<p style=\"text-align: justify\">A Semmelweis Egyetem Szaknyelvi Int\u00e9zete 2026 febru\u00e1rj\u00e1ban elind\u00edtja <strong>Orvosi \u00e9s eg\u00e9szs\u00e9gtudom\u00e1nyi szakford\u00edt\u00f3i gyakornoki programj\u00e1nak tavaszi turnus\u00e1t<\/strong>, amely k\u00fcl\u00f6nleges lehet\u0151s\u00e9get k\u00edn\u00e1l p\u00e1lyakezd\u0151 szakford\u00edt\u00f3knak.<\/p>\n<p style=\"text-align: justify\"><strong>Mit k\u00edn\u00e1lunk?<\/strong><\/p>\n<p style=\"text-align: justify\">&#8211; Val\u00f3s ford\u00edt\u00e1si \u00e9s lektor\u00e1l\u00e1si projektekben val\u00f3 r\u00e9szv\u00e9tel \u2013 ford\u00edtand\u00f3 anyagok: tank\u00f6nyvek, betegt\u00e1j\u00e9koztat\u00f3k, k\u00e9rd\u0151\u00edvek, prezent\u00e1ci\u00f3s anyagok \u00e9s egy\u00e9b szakmai sz\u00f6vegek.<br \/>\n&#8211; Mentor\u00e1l\u00e1s tapasztalt szakford\u00edt\u00f3k \u00e1ltal, folyamatos visszajelz\u00e9ssel \u00e9s konzult\u00e1ci\u00f3s lehet\u0151s\u00e9ggel.<br \/>\n&#8211; A legmodernebb CAT-eszk\u00f6z\u00f6k haszn\u00e1lata (MemoQ).<br \/>\n&#8211; Szakmai fejl\u0151d\u00e9si lehet\u0151s\u00e9g: ford\u00edt\u00e1si mem\u00f3ria \u00e9s terminol\u00f3giai adatb\u00e1zis \u00e9p\u00edt\u00e9se, amelyet a k\u00e9s\u0151bbi munk\u00e1k sor\u00e1n is hasznos\u00edthatsz.<br \/>\n&#8211; Hivatalos igazol\u00e1s, szakmai aj\u00e1nl\u00f3lev\u00e9l \u00e9s referencialista.<br \/>\n&#8211; K\u00fcls\u0151s megb\u00edz\u00e1sok eset\u00e9n d\u00edjaz\u00e1s (1,50 Ft\/le\u00fct\u00e9s).<br \/>\n&#8211; 40%-os kedvezm\u00e9ny m\u00e1sik nyelvp\u00e1r szakford\u00edt\u00f3i \u00e9s tolm\u00e1csk\u00e9pz\u00e9s\u00e9re.<\/p>\n<p style=\"text-align: justify\"><strong>A program r\u00e9szletei<\/strong><\/p>\n<p style=\"text-align: justify\"><strong>Id\u0151tartam:<\/strong>\u00a02&#215;3 h\u00f3nap k\u00e9t turnusban: febru\u00e1r\u2013m\u00e1jus \u00e9s szeptember\u2013december.<br \/>\n<strong>Munkaid\u0151:<\/strong>\u00a0Heti 10 vagy 20 \u00f3ra, rugalmas id\u0151beoszt\u00e1ssal, online munkav\u00e9gz\u00e9s.<br \/>\n<strong>Nyelvek:<\/strong>\u00a0Angol vagy n\u00e9met munkanyelv.<\/p>\n<p style=\"text-align: justify\"><strong>Kik jelentkezhetnek?<\/strong><br \/>\nA Semmelweis Egyetem eg\u00e9szs\u00e9gtudom\u00e1nyi szakford\u00edt\u00f3- \u00e9s tolm\u00e1csk\u00e9pz\u00e9s\u00e9n v\u00e9gzett vagy 4. f\u00e9l\u00e9v\u00fcket t\u00f6lt\u0151 hallgat\u00f3k, illetve m\u00e1s int\u00e9zm\u00e9nyekben v\u00e9gzett orvosi \u00e9s eg\u00e9szs\u00e9gtudom\u00e1nyi p\u00e1lyakezd\u0151 szakford\u00edt\u00f3k.<\/p>\n<p style=\"text-align: justify\"><strong>Mi\u00e9rt v\u00e1laszd ezt a programot?<\/strong><\/p>\n<p style=\"text-align: justify\">Ez a gyakornoki program kiv\u00e1l\u00f3 alapot ny\u00fajt a szakmai tapasztalat megszerz\u00e9s\u00e9hez \u00e9s a munkaer\u0151piaci \u00e9rv\u00e9nyes\u00fcl\u00e9shez. Ha szeretn\u00e9d megalapozni szakford\u00edt\u00f3i karrieredet egy t\u00e1mogat\u00f3 \u00e9s professzion\u00e1lis k\u00f6rnyezetben, jelentkezz most!<\/p>\n<p style=\"text-align: justify\"><strong>A jelentkez\u00e9s menete:<\/strong><\/p>\n<ol style=\"text-align: justify\" data-editing-info=\"{&quot;orderedStyleType&quot;:1}\">\n<li>T\u00f6ltsd ki a jelentkez\u00e9si lapot: <a href=\"https:\/\/forms.office.com\/e\/YKQTT3FLvy?origin=lprLink\">https:\/\/forms.office.com\/e\/YKQTT3FLvy?origin=lprLink<\/a><\/li>\n<li>T\u00f6ltsd ki \u00e9s k\u00fcldd vissza az al\u00e1\u00edrt <a href=\"https:\/\/semmelweis.hu\/szaknyelv\/files\/2023\/11\/titoktartasi-nyilatkozat_gyakornoki-program.docx\">titoktart\u00e1si nyilatkozatot <\/a>\u00e9s a referenci\u00e1dat (ha van) a <strong><u><a href=\"mailto:szakforditogyakornok@semmelweis.hu\">szakforditogyakornok@semmelweis.hu<\/a><\/u><\/strong> c\u00edmre.<\/li>\n<li>Figyeld a leveleidet, hamarosan v\u00e1laszolunk. El\u0151fordulhat, hogy r\u00f6vid pr\u00f3baford\u00edt\u00e1sra k\u00e9r\u00fcnk majd.<\/li>\n<\/ol>\n<p style=\"text-align: justify\"><strong>Jelentkez\u00e9si hat\u00e1rid\u0151:<\/strong>\u00a02026. febru\u00e1r 10.<\/p>\n<p style=\"text-align: justify\">Ne hagyd ki ezt az egyed\u00fcl\u00e1ll\u00f3 lehet\u0151s\u00e9get, hogy szakmai tud\u00e1sodat kibontakoztasd \u00e9s megalapozd a karrieredet!<br \/>\nV\u00e1rjuk jelentkez\u00e9sedet, \u00e9s rem\u00e9lj\u00fck, hogy hamarosan csapatunk tagjak\u00e9nt \u00fcdv\u00f6z\u00f6lhet\u00fcnk!<\/p>\n<p style=\"text-align: justify\"><strong>Szaknyelvi Int\u00e9zet<\/strong><\/p>\n","protected":false},"excerpt":{"rendered":"<p>Kezdd a karriered szakmai tapasztalattal a Szaknyelvi Int\u00e9zetn\u00e9l! Eg\u00e9szs\u00e9gtudom\u00e1nyi szakford\u00edt\u00f3k \u00e9s szakford\u00edt\u00f3jel\u00f6ltek, figyelem! A Semmelweis Egyetem Szaknyelvi Int\u00e9zete 2026 febru\u00e1rj\u00e1ban elind\u00edtja Orvosi \u00e9s eg\u00e9szs\u00e9gtudom\u00e1nyi szakford\u00edt\u00f3i gyakornoki programj\u00e1nak tavaszi turnus\u00e1t, amely k\u00fcl\u00f6nleges lehet\u0151s\u00e9get k\u00edn\u00e1l p\u00e1lyakezd\u0151 szakford\u00edt\u00f3knak. Mit k\u00edn\u00e1lunk? &#8211; Val\u00f3s ford\u00edt\u00e1si \u00e9s lektor\u00e1l\u00e1si projektekben val\u00f3 r\u00e9szv\u00e9tel \u2013 ford\u00edtand\u00f3 anyagok: tank\u00f6nyvek, betegt\u00e1j\u00e9koztat\u00f3k, k\u00e9rd\u0151\u00edvek, prezent\u00e1ci\u00f3s anyagok \u00e9s egy\u00e9b &hellip;<\/p>\n","protected":false},"author":102166,"featured_media":0,"parent":5815,"menu_order":0,"comment_status":"closed","ping_status":"closed","template":"","meta":{"_acf_changed":false,"footnotes":""},"categories":[],"tags":[],"class_list":["post-11797","page","type-page","status-publish","hentry"],"acf":[],"_links":{"self":[{"href":"https:\/\/semmelweis.hu\/szaknyelv\/wp-json\/wp\/v2\/pages\/11797","targetHints":{"allow":["GET"]}}],"collection":[{"href":"https:\/\/semmelweis.hu\/szaknyelv\/wp-json\/wp\/v2\/pages"}],"about":[{"href":"https:\/\/semmelweis.hu\/szaknyelv\/wp-json\/wp\/v2\/types\/page"}],"author":[{"embeddable":true,"href":"https:\/\/semmelweis.hu\/szaknyelv\/wp-json\/wp\/v2\/users\/102166"}],"replies":[{"embeddable":true,"href":"https:\/\/semmelweis.hu\/szaknyelv\/wp-json\/wp\/v2\/comments?post=11797"}],"version-history":[{"count":10,"href":"https:\/\/semmelweis.hu\/szaknyelv\/wp-json\/wp\/v2\/pages\/11797\/revisions"}],"predecessor-version":[{"id":15518,"href":"https:\/\/semmelweis.hu\/szaknyelv\/wp-json\/wp\/v2\/pages\/11797\/revisions\/15518"}],"up":[{"embeddable":true,"href":"https:\/\/semmelweis.hu\/szaknyelv\/wp-json\/wp\/v2\/pages\/5815"}],"wp:attachment":[{"href":"https:\/\/semmelweis.hu\/szaknyelv\/wp-json\/wp\/v2\/media?parent=11797"}],"wp:term":[{"taxonomy":"category","embeddable":true,"href":"https:\/\/semmelweis.hu\/szaknyelv\/wp-json\/wp\/v2\/categories?post=11797"},{"taxonomy":"post_tag","embeddable":true,"href":"https:\/\/semmelweis.hu\/szaknyelv\/wp-json\/wp\/v2\/tags?post=11797"}],"curies":[{"name":"wp","href":"https:\/\/api.w.org\/{rel}","templated":true}]}}

Szakfordítói gyakornoki program

<p style="text-align: justify"><strong>Kezdd a karriered szakmai tapasztalattal a Szaknyelvi Intézetnél!</strong></p>
<p style="text-align: justify"><strong>Egészségtudományi szakfordítók és szakfordítójelöltek, figyelem!</strong></p>
<p style="text-align: justify">A Semmelweis Egyetem Szaknyelvi Intézete 2026 februárjában elindítja <strong>Orvosi és egészségtudományi szakfordítói gyakornoki programjának tavaszi turnusát</strong>, amely különleges lehetőséget kínál pályakezdő szakfordítóknak.</p>
<p style="text-align: justify"><strong>Mit kínálunk?</strong></p>
<p style="text-align: justify">&#8211; Valós fordítási és lektorálási projektekben való részvétel – fordítandó anyagok: tankönyvek, betegtájékoztatók, kérdőívek, prezentációs anyagok és egyéb szakmai szövegek.<br />
&#8211; Mentorálás tapasztalt szakfordítók által, folyamatos visszajelzéssel és konzultációs lehetőséggel.<br />
&#8211; A legmodernebb CAT-eszközök használata (MemoQ).<br />
&#8211; Szakmai fejlődési lehetőség: fordítási memória és terminológiai adatbázis építése, amelyet a későbbi munkák során is hasznosíthatsz.<br />
&#8211; Hivatalos igazolás, szakmai ajánlólevél és referencialista.<br />
&#8211; Külsős megbízások esetén díjazás (1,50 Ft/leütés).<br />
&#8211; 40%-os kedvezmény másik nyelvpár szakfordítói és tolmácsképzésére.</p>
<p style="text-align: justify"><strong>A program részletei</strong></p>
<p style="text-align: justify"><strong>Időtartam:</strong> 2&#215;3 hónap két turnusban: február–május és szeptember–december.<br />
<strong>Munkaidő:</strong> Heti 10 vagy 20 óra, rugalmas időbeosztással, online munkavégzés.<br />
<strong>Nyelvek:</strong> Angol vagy német munkanyelv.</p>
<p style="text-align: justify"><strong>Kik jelentkezhetnek?</strong><br />
A Semmelweis Egyetem egészségtudományi szakfordító- és tolmácsképzésén végzett vagy 4. félévüket töltő hallgatók, illetve más intézményekben végzett orvosi és egészségtudományi pályakezdő szakfordítók.</p>
<p style="text-align: justify"><strong>Miért válaszd ezt a programot?</strong></p>
<p style="text-align: justify">Ez a gyakornoki program kiváló alapot nyújt a szakmai tapasztalat megszerzéséhez és a munkaerőpiaci érvényesüléshez. Ha szeretnéd megalapozni szakfordítói karrieredet egy támogató és professzionális környezetben, jelentkezz most!</p>
<p style="text-align: justify"><strong>A jelentkezés menete:</strong></p>
<ol style="text-align: justify" data-editing-info="{&quot;orderedStyleType&quot;:1}">
<li>Töltsd ki a jelentkezési lapot: <a href="https://forms.office.com/e/YKQTT3FLvy?origin=lprLink">https://forms.office.com/e/YKQTT3FLvy?origin=lprLink</a></li>
<li>Töltsd ki és küldd vissza az aláírt <a href="https://semmelweis.hu/szaknyelv/files/2023/11/titoktartasi-nyilatkozat_gyakornoki-program.docx">titoktartási nyilatkozatot </a>és a referenciádat (ha van) a <strong><u><a href="mailto:szakforditogyakornok@semmelweis.hu">szakforditogyakornok@semmelweis.hu</a></u></strong> címre.</li>
<li>Figyeld a leveleidet, hamarosan válaszolunk. Előfordulhat, hogy rövid próbafordításra kérünk majd.</li>
</ol>
<p style="text-align: justify"><strong>Jelentkezési határidő:</strong> 2026. február 10.</p>
<p style="text-align: justify">Ne hagyd ki ezt az egyedülálló lehetőséget, hogy szakmai tudásodat kibontakoztasd és megalapozd a karrieredet!<br />
Várjuk jelentkezésedet, és reméljük, hogy hamarosan csapatunk tagjaként üdvözölhetünk!</p>
<p style="text-align: justify"><strong>Szaknyelvi Intézet</strong></p>

<p>Kezdd a karriered szakmai tapasztalattal a Szaknyelvi Intézetnél! Egészségtudományi szakfordítók és szakfordítójelöltek, figyelem! A Semmelweis Egyetem Szaknyelvi Intézete 2026 februárjában elindítja Orvosi és egészségtudományi szakfordítói gyakornoki programjának tavaszi turnusát, amely különleges lehetőséget kínál pályakezdő szakfordítóknak. Mit kínálunk? &#8211; Valós fordítási és lektorálási projektekben való részvétel – fordítandó anyagok: tankönyvek, betegtájékoztatók, kérdőívek, prezentációs anyagok és egyéb &hellip;</p>
