{"id":239,"date":"2016-02-10T00:00:00","date_gmt":"2016-02-09T23:00:00","guid":{"rendered":"http:\/\/semmelweis.hu\/harsfa\/igazgatoi-blog\/"},"modified":"2025-01-23T15:28:12","modified_gmt":"2025-01-23T14:28:12","slug":"igazgatoi-blog","status":"publish","type":"page","link":"https:\/\/semmelweis.hu\/szakkollegium\/magunkrol\/igazgatoi-blog\/","title":{"rendered":"Igazgat\u00f3i k\u00f6sz\u00f6nt\u0151"},"content":{"rendered":"<p><strong><a href=\"https:\/\/semmelweis.hu\/szakkollegium\/files\/2016\/01\/kf_logo-e1500994560378.png\"><img loading=\"lazy\" decoding=\"async\" class=\"alignright size-full wp-image-1061\" src=\"https:\/\/semmelweis.hu\/szakkollegium\/files\/2016\/01\/kf_logo-e1500994560378.png\" alt=\"\" width=\"300\" height=\"300\" \/><\/a><\/strong><strong>Mik is azok a Szakkoll\u00e9giumok \u00e9s hogyan m\u0171k\u00f6dnek?<\/strong><\/p>\n<p>A szakkoll\u00e9giumok olyan, az egyetemek mellett k\u00fcl\u00f6nb\u00f6z\u0151 form\u00e1ci\u00f3ban m\u0171k\u00f6d\u0151 tehets\u00e9ggondoz\u00f3 int\u00e9zm\u00e9nyek, k\u00f6z\u00f6ss\u00e9gek, amelyek az egyetemi oktat\u00e1st kieg\u00e9sz\u00edtve ny\u00fajtanak lehet\u0151s\u00e9get a szakmai fejl\u0151d\u00e9sre. A szakkoll\u00e9giumok egyszerre \u00f6tv\u00f6zik egy koll\u00e9gium \u00e9s egy \u201etudom\u00e1nyos m\u0171hely\u201d saj\u00e1toss\u00e1gait, hiszen tagjaik t\u00f6bbnyire egy\u00fctt laknak, a falak k\u00f6z\u00f6tt pedig komoly szakmai, tudom\u00e1nyos tev\u00e9kenys\u00e9g zajlik.<\/p>\n<p>A szakkoll\u00e9giumi mozgalom l\u00e9nyege \u00e9s egyben legnagyobb sz\u00e9ps\u00e9ge, hogy er\u0151s \u00e9rt\u00e9keken \u00e1ll, amik a mindennapi m\u0171k\u00f6d\u00e9st meghat\u00e1rozz\u00e1k, \u00e9s j\u00f3 \u00fczenetet k\u00f6zvet\u00edt kifel\u00e9 is, hogy ezekr\u0151l az \u00e9rt\u00e9kekr\u0151l nem csak besz\u00e9lgetni \u00e9s \u00e1lmodozni lehet, hanem &#8211; ugyan sz\u0171k k\u00f6rben -, de lehets\u00e9ges a megval\u00f3s\u00edt\u00e1suk.<\/p>\n<p>\u00c1ltal\u00e1ban minden szakkoll\u00e9giumnak van egy k\u00f6vetelm\u00e9nyrendszere, hiszen az elitk\u00e9pz\u00e9snek krit\u00e9riumai is vannak. Ugyanakkor a szakmai fejl\u0151d\u00e9sen t\u00fal egy \u00f6sszetart\u00f3, tagjai\u00e9rt felel\u0151ss\u00e9get v\u00e1llal\u00f3, sikerorient\u00e1lt csapat r\u00e9sz\u00e9v\u00e9 lehet v\u00e1lni, kapcsolatok \u00e9p\u00fclhetnek \u00e9rt\u00e9kes partnerekkel \u00e9s szoros, \u00e9leten \u00e1t tart\u00f3 bar\u00e1ts\u00e1gok k\u00f6ttetnek.<\/p>\n<p><strong>T\u00f6rt\u00e9nelmi \u00e1ttekint\u00e9s<\/strong><\/p>\n<p>Ma m\u00e1r t\u00f6rt\u00e9nelem, hogy a szakkoll\u00e9giumok, mint a szabads\u00e1g kis szigetei, egy r\u00f6vid pillanatra szerepet kaptak a hazai rendszerv\u00e1lt\u00e1s el\u0151k\u00e9sz\u00edt\u00e9s\u00e9ben. A szabads\u00e1g, ami mindig is igen l\u00e9nyeges volt sz\u00e1mukra, term\u00e9szetesen relat\u00edv volt, de volt \u2013 kiterjedt a szakmai t\u00e9m\u00e1k \u00e9s el\u0151ad\u00f3k, oktat\u00f3k kiv\u00e1laszt\u00e1s\u00e1ra, a bels\u0151 m\u0171k\u00f6d\u00e9s mechanizmusaira \u00e9s l\u00e9gk\u00f6r\u00e9re, s a k\u00fcls\u0151 kapcsolatok egy jelent\u0151s r\u00e9sz\u00e9re is. Messze vezetne annak r\u00e9szletes taglal\u00e1sa, mi\u00e9rt is juttatta ez a relat\u00edv szabads\u00e1g a szakkoll\u00e9giumokat jelent\u0151s szerephez. Az bizonyos, hogy fontos volt a p\u00e9lda, ami k\u00f6vet\u00e9sre sarkalt, s ami egyidej\u0171leg barom\u00e9terszer\u0171en jelezte, hogy \u201emeddig lehet elmenni\u201d. Ezt pr\u00f3b\u00e1lgatni az id\u0151 t\u00e1jt komoly civil kur\u00e1zsit ig\u00e9nyelt. Fontos volt a k\u00f6zeg, amely f\u00f3rumot jelentett m\u00e1shol el nem mondhat\u00f3 gondolatoknak, \u00e9s fontos volt az is, hogy a \u201ehatalom\u201d tartott az egyetemist\u00e1kt\u00f3l, \u00edgy t\u00falreag\u00e1lta \u00e9s n\u00f6velte akci\u00f3ik jelent\u0151s\u00e9g\u00e9t. Tal\u00e1n a legfontosabb m\u00e9gis az volt, hogy a szakkoll\u00e9gist\u00e1k k\u00e9pesek voltak megalkotni magukban a megteremteni k\u00edv\u00e1nt j\u00f6v\u0151 k\u00e9p\u00e9t. A szakkoll\u00e9gist\u00e1k legkiv\u00e1l\u00f3bb k\u00e9pess\u00e9geiket ny\u00fajtott\u00e1k, fejl\u0151dtek \u00e9s tanultak, a szok\u00e1sosn\u00e1l, \u00e1tlagosn\u00e1l nagyobb, megalapozottabb szakmai ismeretek birtok\u00e1ban voltak, hozz\u00e1sz\u00f3l\u00e1saik, dolgozataik sok fontos k\u00e9s\u0151bbi gondolatmenet el\u0151fut\u00e1r\u00e1t vagy kezdet\u00e9t jelentett\u00e9k.<\/p>\n<p>A szakkoll\u00e9giumoknak minden m\u00e1s \u00e1ltalam ismert k\u00f6z\u00f6ss\u00e9gn\u00e9l\/int\u00e9zm\u00e9nyn\u00e9l nagyobb es\u00e9lye volt\/van arra, hogy ezt a feladatot magas hat\u00e9konys\u00e1ggal megval\u00f3s\u00edtsa, s ezzel \u00f6nmag\u00e1ban is t\u00e1rsadalmi jelent\u0151s\u00e9g\u0171 tettet hajtson v\u00e9gre. A szakkoll\u00e9giumokban az egyetemeken meg nem val\u00f3s\u00edthat\u00f3 nevel\u00e9si\/\u00f6nnevel\u00e9si folyamat megy v\u00e9gbe: a szakkoll\u00e9gium olyan k\u00f6z\u00e9leti k\u00eds\u00e9rleti terep, ahol az egyes emberek kipr\u00f3b\u00e1lhatj\u00e1k s megtal\u00e1lhatj\u00e1k magukat, felm\u00e9rhetik k\u00e9pess\u00e9geiket \u00e9s lehet\u0151s\u00e9geiket, tiszt\u00e1zhatj\u00e1k \u00e9rt\u00e9keiket, k\u00f6r\u00fclhat\u00e1rolhatj\u00e1k v\u00e1llalni k\u00edv\u00e1nt t\u00e1rsadalmi szerep\u00fcket.<\/p>\n<p><strong>\u2026\u00e9s a mi Szakkoll\u00e9giumunk?<\/strong><\/p>\n<p>Egyetem\u00fcnk\u00f6n az orsz\u00e1gban els\u0151k k\u00f6z\u00f6tt, <strong>1985-ben<\/strong> j\u00f6tt l\u00e9tre hallgat\u00f3i kezdem\u00e9nyez\u00e9sre szakkoll\u00e9gium, a <strong>Kor\u00e1nyi Frigyes Szakkoll\u00e9gium<\/strong>. \u00a0Szervez\u0151 hallgat\u00f3i az \u00e1ltal\u00e1nos koll\u00e9giumi c\u00e9lokon t\u00falmen\u0151en t\u00f6bbet, min\u0151s\u00e9gileg m\u00e1st t\u0171ztek maguk el\u00e9. Felv\u00e1llalt\u00e1k szakmailag j\u00f3l felk\u00e9sz\u00fclt, sokoldal\u00faan m\u0171velt, a t\u00e1rsadalom, az eg\u00e9szs\u00e9g\u00fcgy probl\u00e9m\u00e1ira \u00e9rz\u00e9keny, tenni tud\u00f3 \u00e9s akar\u00f3, de tettei\u00e9rt felel\u0151ss\u00e9get is v\u00e1llal\u00f3 orvos-\u00e9rtelmis\u00e9g k\u00e9pz\u00e9s\u00e9t. Olyan szervezetet akartak l\u00e9trehozni, ahol l\u00e9tezik egy \u00e1ltal\u00e1nosan elfogadott j\u00f6v\u0151k\u00e9p, \u00e9s a koll\u00e9gist\u00e1k legkiv\u00e1l\u00f3bb k\u00e9pess\u00e9geiket ny\u00fajtj\u00e1k, fejl\u0151dnek \u00e9s tanulnak, m\u00e9ghozz\u00e1 nem az\u00e9rt, mert elv\u00e1rj\u00e1k t\u0151l\u00fck, hanem az\u00e9rt, mert maguk szeretn\u00e9k azt.<\/p>\n<p>A Kor\u00e1nyi Frigyes Szakkoll\u00e9gium c\u00e9lja ma is, hogy saj\u00e1t szakmai program kidolgoz\u00e1s\u00e1val magas szint\u0171, min\u0151s\u00e9gi szakmai k\u00e9pz\u00e9st ny\u00fajtson, seg\u00edtve a kiemelked\u0151 k\u00e9pess\u00e9g\u0171 hallgat\u00f3k tehets\u00e9ggondoz\u00e1s\u00e1t, k\u00f6z\u00e9leti szerepv\u00e1llal\u00e1s\u00e1t, tov\u00e1bb\u00e1 az \u00e9rtelmis\u00e9gi feladatokra t\u00f6rt\u00e9n\u0151 felk\u00e9sz\u00fcl\u00e9s t\u00e1rgyi \u00e9s szem\u00e9lyi felt\u00e9teleinek megteremt\u00e9s\u00e9vel a t\u00e1rsadalmi probl\u00e9m\u00e1kra \u00e9rz\u00e9keny, szakmailag ig\u00e9nyes \u00e9rtelmis\u00e9g nevel\u00e9s\u00e9t. A szakkoll\u00e9giumunk az \u00f6nkorm\u00e1nyzatis\u00e1g elv\u00e9re \u00e9s a szakkoll\u00e9gist\u00e1k \u00f6ntev\u00e9kenys\u00e9g\u00e9re \u00e9p\u00fcl, l\u00e9nyeges, hogy szakkoll\u00e9gium tags\u00e1ga d\u00f6nt a koll\u00e9giumi tags\u00e1gi jogviszony keletkez\u00e9s\u00e9r\u0151l vagy megsz\u0171n\u00e9s\u00e9r\u0151l, a szakkoll\u00e9gium szervezeti \u00e9s m\u0171k\u00f6d\u00e9si szab\u00e1lyzat\u00e1nak elfogad\u00e1s\u00e1r\u00f3l, a szakkoll\u00e9gium szakmai programj\u00e1r\u00f3l \u00e9s az ahhoz k\u00f6t\u0151d\u0151 szakmai teljes\u00edtm\u00e9nyekre vonatkoz\u00f3 k\u00f6vetelm\u00e9nyekr\u0151l.<\/p>\n<p>Szakkoll\u00e9giumunk nem egy\u00e9ni tehets\u00e9ggondoz\u00e1si forma, hiszen a szakkoll\u00e9giumi \u00e9let mozgat\u00f3ja a k\u00f6z\u00f6ss\u00e9g. A k\u00f6z\u00f6ss\u00e9g pedig nem puszt\u00e1n kort\u00e1rscsoport, hanem szakmai k\u00f6z\u00f6ss\u00e9g, ahol v\u00e9gbe mehet a szakmai szocializ\u00e1ci\u00f3, ahol tagjaink interakt\u00edv t\u00e1rsas folyamatok k\u00f6zben megosztj\u00e1k tud\u00e1sukat, ek\u00f6zben \u00faj n\u00e9zeteket ismernek meg, egyeztetik azokat \u00e9s \u00faj tud\u00e1st hoznak l\u00e9tre. Azaz olyan k\u00f6z\u00f6ss\u00e9g, amely egy\u00fcttesen fejleszti a szoci\u00e1lis \u00e9s intellektu\u00e1lis k\u00e9szs\u00e9geit. Az \u00e9rtelmis\u00e9gi l\u00e9tre val\u00f3 felk\u00e9sz\u00edt\u00e9s \u2013 ami egy l\u00e9tforma &#8211; m\u00e1s tov\u00e1bbi k\u00e9szs\u00e9gek elsaj\u00e1t\u00edt\u00e1s\u00e1t is ig\u00e9nyli.\u00a0 Olyanokat, mint az ismeret\u00e1tad\u00e1s fontoss\u00e1ga, a nyitotts\u00e1g, a jobb\u00edt\u00f3 sz\u00e1nd\u00e9k, felel\u0151ss\u00e9g a k\u00f6zvetlen \u00e9s t\u00e1gabb k\u00f6rnyezet\u00e9rt \u00e9s persze viselked\u00e9si \u00e9s kommunik\u00e1ci\u00f3s form\u00e1k sokas\u00e1ga.<\/p>\n<p>Teh\u00e1t szakkoll\u00e9giumunk els\u0151dlegesen nem tud\u00f3sokat, hanem \u00e9rtelmis\u00e9get k\u00e9pez, olyan \u00e9rtelmis\u00e9geket, akik maguk\u00e9v\u00e1 teszik az ezzel az \u00e9letform\u00e1val j\u00e1r\u00f3 kooper\u00e1ci\u00f3s k\u00e9pess\u00e9get, munkaetik\u00e1t \u00e9s t\u00e1rsadalmi felel\u0151ss\u00e9gv\u00e1llal\u00e1st. Olyan k\u00e9pess\u00e9geket \u00e9s attit\u0171d\u00f6ket, amelyek a t\u00f6megess\u00e9 v\u00e1lt fels\u0151oktat\u00e1sban m\u00e1r nem egyk\u00f6nnyen hozz\u00e1f\u00e9rhet\u0151ek.<\/p>\n<p>Szakkoll\u00e9giumunk funkcion\u00e1lisan egy j\u00f3l m\u0171k\u00f6d\u0151 szervezet, mely kiv\u00e1laszt\u00e1si metodik\u00e1j\u00e1val, k\u00f6vetelm\u00e9nyrendszer\u00e9vel \u00e9s seg\u00edt\u0151, t\u00e1mogat\u00f3 eszk\u00f6zeivel, tov\u00e1bb\u00e1 a hallgat\u00f3i demokr\u00e1cia teljes k\u00f6r\u0171 \u00e9s magas szint\u0171 gyakorl\u00e1si lehet\u0151s\u00e9g\u00e9nek biztos\u00edt\u00e1s\u00e1val val\u00f3ban az \u00e9rtelmis\u00e9gi nevel\u00e9s \u00e9s tehets\u00e9ggondoz\u00e1s fellegv\u00e1ra lehet. T\u00f6bb mint 40 \u00e9ves fenn\u00e1ll\u00e1sa gazdag hagyom\u00e1nyokkal ruh\u00e1zta fel, ugyanakkor most is, mindig is k\u00e9pes volt a meg\u00fajul\u00e1sra, hogy v\u00e9g\u00fcl megfelelhessen azoknak a c\u00e9loknak \u00e9s \u00e9rt\u00e9keknek, amiket az alap\u00edt\u00f3k egykor meg\u00e1lmodtak.<\/p>\n<p><strong>Dr. God\u00f3 Ferenc<\/strong><\/p>\n","protected":false},"excerpt":{"rendered":"<p><a href=\"https:\/\/semmelweis.hu\/szakkollegium\/files\/2016\/01\/kf_logo-e1500994560378.png\"><\/a> Mik is azok a Szakkoll\u00e9giumok \u00e9s hogyan m\u0171k\u00f6dnek? A szakkoll\u00e9giumok olyan, az egyetemek mellett k\u00fcl\u00f6nb\u00f6z\u0151 form\u00e1ci\u00f3ban m\u0171k\u00f6d\u0151 tehets\u00e9ggondoz\u00f3 int\u00e9zm\u00e9nyek, k\u00f6z\u00f6ss\u00e9gek, amelyek az egyetemi oktat\u00e1st kieg\u00e9sz\u00edtve ny\u00fajtanak lehet\u0151s\u00e9get a szakmai fejl\u0151d\u00e9sre. A szakkoll\u00e9giumok egyszerre \u00f6tv\u00f6zik egy koll\u00e9gium \u00e9s egy \u201etudom\u00e1nyos m\u0171hely\u201d saj\u00e1toss\u00e1gait, hiszen tagjaik t\u00f6bbnyire egy\u00fctt laknak, a falak k\u00f6z\u00f6tt pedig komoly szakmai, tudom\u00e1nyos tev\u00e9kenys\u00e9g zajlik. &hellip;<\/p>\n","protected":false},"author":158,"featured_media":0,"parent":1546,"menu_order":6,"comment_status":"closed","ping_status":"closed","template":"","meta":{"_acf_changed":false,"footnotes":""},"categories":[],"tags":[],"class_list":["post-239","page","type-page","status-publish","hentry"],"acf":[],"_links":{"self":[{"href":"https:\/\/semmelweis.hu\/szakkollegium\/wp-json\/wp\/v2\/pages\/239","targetHints":{"allow":["GET"]}}],"collection":[{"href":"https:\/\/semmelweis.hu\/szakkollegium\/wp-json\/wp\/v2\/pages"}],"about":[{"href":"https:\/\/semmelweis.hu\/szakkollegium\/wp-json\/wp\/v2\/types\/page"}],"author":[{"embeddable":true,"href":"https:\/\/semmelweis.hu\/szakkollegium\/wp-json\/wp\/v2\/users\/158"}],"replies":[{"embeddable":true,"href":"https:\/\/semmelweis.hu\/szakkollegium\/wp-json\/wp\/v2\/comments?post=239"}],"version-history":[{"count":9,"href":"https:\/\/semmelweis.hu\/szakkollegium\/wp-json\/wp\/v2\/pages\/239\/revisions"}],"predecessor-version":[{"id":2579,"href":"https:\/\/semmelweis.hu\/szakkollegium\/wp-json\/wp\/v2\/pages\/239\/revisions\/2579"}],"up":[{"embeddable":true,"href":"https:\/\/semmelweis.hu\/szakkollegium\/wp-json\/wp\/v2\/pages\/1546"}],"wp:attachment":[{"href":"https:\/\/semmelweis.hu\/szakkollegium\/wp-json\/wp\/v2\/media?parent=239"}],"wp:term":[{"taxonomy":"category","embeddable":true,"href":"https:\/\/semmelweis.hu\/szakkollegium\/wp-json\/wp\/v2\/categories?post=239"},{"taxonomy":"post_tag","embeddable":true,"href":"https:\/\/semmelweis.hu\/szakkollegium\/wp-json\/wp\/v2\/tags?post=239"}],"curies":[{"name":"wp","href":"https:\/\/api.w.org\/{rel}","templated":true}]}}