{"id":2013,"date":"2022-03-04T19:10:12","date_gmt":"2022-03-04T18:10:12","guid":{"rendered":"https:\/\/semmelweis.hu\/szakkollegium\/?page_id=2013"},"modified":"2022-03-04T19:10:57","modified_gmt":"2022-03-04T18:10:57","slug":"tdk-2022","status":"publish","type":"page","link":"https:\/\/semmelweis.hu\/szakkollegium\/tdk-2022\/","title":{"rendered":"SE Tudom\u00e1nyos Di\u00e1kk\u00f6ri Konferencia 2022"},"content":{"rendered":"<div class=\"kvgmc6g5 cxmmr5t8 oygrvhab hcukyx3x c1et5uql ii04i59q\">\n<h1 style=\"text-align: center\">SE Tudom\u00e1nyos Di\u00e1kk\u00f6ri Konferencia 2022<\/h1>\n<div dir=\"auto\">\n<p><span style=\"font-weight: 400\">A Semmelweis Egyetem febru\u00e1rban rendezte meg a 3 napos Tudom\u00e1nyos Di\u00e1kk\u00f6ri Konferenci\u00e1t a kutat\u00f3mmunk\u00e1t v\u00e9gz\u0151 hallgat\u00f3knak.<\/span><\/p>\n<p><span style=\"font-weight: 400\">Minden r\u00e9sztvev\u0151 10 perces el\u0151ad\u00e1s keret\u00e9ben mutatta be kutat\u00e1s\u00e1nak eredm\u00e9nyeit, majd megv\u00e1laszolta a felmer\u00fcl\u0151 k\u00e9rd\u00e9seket. A zs\u0171ri a d\u00edjazottak sorrendj\u00e9t az \u00f6sszegz\u0151 absztraktok, illetve a versenyz\u0151k prezent\u00e1l\u00f3- \u00e9s a vitak\u00e9szs\u00e9ge alapj\u00e1n \u00e1ll\u00edtotta fel.<\/span><\/p>\n<\/div>\n<div dir=\"auto\">Koll\u00e9giumunk a 24 magyar nyelv\u0171 szekci\u00f3b\u00f3l 16-ban, illetve a nemzetk\u00f6zi konferencia 1 angol szekci\u00f3j\u00e1ban k\u00e9pviseltette mag\u00e1t. A koll\u00e9gist\u00e1k 14 szak\u00e1gban \u00e9rtek el helyez\u00e9st.<\/div>\n<div dir=\"auto\">\u00a0<\/div>\n<div dir=\"auto\"><img loading=\"lazy\" decoding=\"async\" class=\"size-full wp-image-2024 alignleft\" src=\"https:\/\/semmelweis.hu\/szakkollegium\/files\/2022\/03\/IMG_1723-scaled.jpg\" alt=\"\" width=\"2560\" height=\"1707\" srcset=\"https:\/\/semmelweis.hu\/szakkollegium\/files\/2022\/03\/IMG_1723-scaled.jpg 2560w, https:\/\/semmelweis.hu\/szakkollegium\/files\/2022\/03\/IMG_1723-400x267.jpg 400w, https:\/\/semmelweis.hu\/szakkollegium\/files\/2022\/03\/IMG_1723-1024x683.jpg 1024w, https:\/\/semmelweis.hu\/szakkollegium\/files\/2022\/03\/IMG_1723-768x512.jpg 768w, https:\/\/semmelweis.hu\/szakkollegium\/files\/2022\/03\/IMG_1723-1536x1024.jpg 1536w, https:\/\/semmelweis.hu\/szakkollegium\/files\/2022\/03\/IMG_1723-2048x1365.jpg 2048w, https:\/\/semmelweis.hu\/szakkollegium\/files\/2022\/03\/IMG_1723-753x502.jpg 753w, https:\/\/semmelweis.hu\/szakkollegium\/files\/2022\/03\/IMG_1723-203x135.jpg 203w\" sizes=\"auto, (max-width: 2560px) 100vw, 2560px\" \/><\/div>\n<div dir=\"auto\">\u00a0<\/div>\n<div dir=\"auto\"><strong style=\"font-size: 1rem\">Az SE TDK Konferencia eredm\u00e9nyei:<\/strong><\/div>\n<div dir=\"auto\">\u00a0<\/div>\n<\/div>\n<div class=\"cxmmr5t8 oygrvhab hcukyx3x c1et5uql o9v6fnle ii04i59q\">\n<div dir=\"auto\">\n<table style=\"width: 98.4624%\">\n<tbody>\n<tr>\n<td style=\"width: 35.8736%\">\n<p><span style=\"font-weight: 400\">Bottlik Ol\u00edvia<\/span><\/p>\n<\/td>\n<td style=\"width: 12.2975%\">\n<p><span style=\"font-weight: 400\">I. d\u00edj<\/span><\/p>\n<\/td>\n<td style=\"width: 69.7727%\">\n<p><span style=\"font-weight: 400\">Kering\u00e9si Betegs\u00e9gek, kardiol\u00f3gia C<\/span><\/p>\n<\/td>\n<\/tr>\n<tr>\n<td style=\"width: 35.8736%\">\n<p><span style=\"font-weight: 400\">Dob\u00f3 M\u00e1t\u00e9<\/span><\/p>\n<\/td>\n<td style=\"width: 12.2975%\">\n<p><span style=\"font-weight: 400\">I. d\u00edj<\/span><\/p>\n<\/td>\n<td style=\"width: 69.7727%\">\n<p><span style=\"font-weight: 400\">Gy\u00f3gyszer\u00e9sztudom\u00e1nyok A<\/span><\/p>\n<\/td>\n<\/tr>\n<tr>\n<td style=\"width: 35.8736%\">\n<p><span style=\"font-weight: 400\">Guly\u00e1s Lili<\/span><\/p>\n<\/td>\n<td style=\"width: 12.2975%\">\n<p><span style=\"font-weight: 400\">I. d\u00edj<\/span><\/p>\n<\/td>\n<td style=\"width: 69.7727%\">\n<p><span style=\"font-weight: 400\">Clinical Sciences A<\/span><\/p>\n<\/td>\n<\/tr>\n<tr>\n<td style=\"width: 35.8736%\">\n<p><span style=\"font-weight: 400\">Hainzl Tobias (t\u00e1rsszerz\u0151)<\/span><\/p>\n<\/td>\n<td style=\"width: 12.2975%\">\n<p><span style=\"font-weight: 400\">I. d\u00edj<\/span><\/p>\n<\/td>\n<td style=\"width: 69.7727%\">\n<p><span style=\"font-weight: 400\">Anyagcsere, endokrinol\u00f3gia<\/span><\/p>\n<\/td>\n<\/tr>\n<tr>\n<td style=\"width: 35.8736%\">\n<p><span style=\"font-weight: 400\">Kerest\u00e9ly M\u00e1rk<\/span><\/p>\n<\/td>\n<td style=\"width: 12.2975%\">\n<p><span style=\"font-weight: 400\">I. d\u00edj<\/span><\/p>\n<\/td>\n<td style=\"width: 69.7727%\">\n<p><span style=\"font-weight: 400\">Biofizika, Bioinformatika A<\/span><\/p>\n<\/td>\n<\/tr>\n<tr>\n<td style=\"width: 35.8736%\">\n<p><span style=\"font-weight: 400\">Kl\u00e9h Gy\u00f6rk<\/span><\/p>\n<\/td>\n<td style=\"width: 12.2975%\">\n<p><span style=\"font-weight: 400\">I. d\u00edj<\/span><\/p>\n<\/td>\n<td style=\"width: 69.7727%\">\n<p><span style=\"font-weight: 400\">Fogorvostudom\u00e1nyok C<\/span><\/p>\n<\/td>\n<\/tr>\n<tr>\n<td style=\"width: 35.8736%\">\n<p><span style=\"font-weight: 400\">Kollarics R\u00e9ka<\/span><\/p>\n<\/td>\n<td style=\"width: 12.2975%\">\n<p><span style=\"font-weight: 400\">I. d\u00edj<\/span><\/p>\n<\/td>\n<td style=\"width: 69.7727%\">\n<p><span style=\"font-weight: 400\">Anyagcsere, endokrinol\u00f3gia<\/span><\/p>\n<\/td>\n<\/tr>\n<tr>\n<td style=\"width: 35.8736%\">\n<p><span style=\"font-weight: 400\">Sebest\u00e9ny R\u00e9ka Zs\u00f3fia<\/span><\/p>\n<\/td>\n<td style=\"width: 12.2975%\">\n<p><span style=\"font-weight: 400\">I. d\u00edj<\/span><\/p>\n<\/td>\n<td style=\"width: 69.7727%\">\n<p><span style=\"font-weight: 400\">Idegtudom\u00e1nyok B<\/span><\/p>\n<\/td>\n<\/tr>\n<tr>\n<td style=\"width: 35.8736%\">\n<p><span style=\"font-weight: 400\">Szegedi \u00c1kos<\/span><\/p>\n<\/td>\n<td style=\"width: 12.2975%\">\n<p><span style=\"font-weight: 400\">I. d\u00edj<\/span><\/p>\n<\/td>\n<td style=\"width: 69.7727%\">\n<p><span style=\"font-weight: 400\">Hematol\u00f3gia<\/span><\/p>\n<\/td>\n<\/tr>\n<tr>\n<td style=\"width: 35.8736%\">\n<p><span style=\"font-weight: 400\">Veress Fanni (t\u00e1rsszerz\u0151)<\/span><\/p>\n<\/td>\n<td style=\"width: 12.2975%\">\n<p><span style=\"font-weight: 400\">I. d\u00edj<\/span><\/p>\n<\/td>\n<td style=\"width: 69.7727%\">\n<p><span style=\"font-weight: 400\">Fogorvostudom\u00e1nyok B<\/span><\/p>\n<\/td>\n<\/tr>\n<tr>\n<td style=\"width: 35.8736%\">\n<p><span style=\"font-weight: 400\">Dabasi-Hal\u00e1sz Zsigmond<\/span><\/p>\n<\/td>\n<td style=\"width: 12.2975%\">\n<p><span style=\"font-weight: 400\">II. d\u00edj<\/span><\/p>\n<\/td>\n<td style=\"width: 69.7727%\">\n<p><span style=\"font-weight: 400\">N\u00e9peg\u00e9szs\u00e9gtan C<\/span><\/p>\n<\/td>\n<\/tr>\n<tr>\n<td style=\"width: 35.8736%\">\n<p><span style=\"font-weight: 400\">Di Giovanni M\u00e1rk<\/span><\/p>\n<\/td>\n<td style=\"width: 12.2975%\">\n<p><span style=\"font-weight: 400\">II. d\u00edj<\/span><\/p>\n<\/td>\n<td style=\"width: 69.7727%\">\n<p><span style=\"font-weight: 400\">Radiol\u00f3gia, Orvosi k\u00e9palkot\u00e1s A<\/span><\/p>\n<\/td>\n<\/tr>\n<tr>\n<td style=\"width: 35.8736%\">\n<p><span style=\"font-weight: 400\">Nagy Krist\u00f3f (t\u00e1rsszerz\u0151)<\/span><\/p>\n<\/td>\n<td style=\"width: 12.2975%\">\n<p><span style=\"font-weight: 400\">II. d\u00edj<\/span><\/p>\n<\/td>\n<td style=\"width: 69.7727%\">\n<p><span style=\"font-weight: 400\">Pulmonol\u00f3gia<\/span><\/p>\n<\/td>\n<\/tr>\n<tr>\n<td style=\"width: 35.8736%\">\n<p><span style=\"font-weight: 400\">Tusn\u00e1dy Simon<\/span><\/p>\n<\/td>\n<td style=\"width: 12.2975%\">\n<p><span style=\"font-weight: 400\">II. d\u00edj<\/span><\/p>\n<\/td>\n<td style=\"width: 69.7727%\">\n<p><span style=\"font-weight: 400\">K\u00eds\u00e9rletes \u00e9s Klinikai immunol\u00f3gia<\/span><\/p>\n<\/td>\n<\/tr>\n<tr>\n<td style=\"width: 35.8736%\">\n<p><span style=\"font-weight: 400\">Weigl-Kov\u00e1cs Vikt\u00f3ria<\/span><\/p>\n<\/td>\n<td style=\"width: 12.2975%\">\n<p><span style=\"font-weight: 400\">II. d\u00edj<\/span><\/p>\n<\/td>\n<td style=\"width: 69.7727%\">\n<p><span style=\"font-weight: 400\">Biofizika, Bioinformatika B<\/span><\/p>\n<\/td>\n<\/tr>\n<tr>\n<td style=\"width: 35.8736%\">\n<p><span style=\"font-weight: 400\">Berente Dalida Borb\u00e1la<\/span><\/p>\n<\/td>\n<td style=\"width: 12.2975%\">\n<p><span style=\"font-weight: 400\">III. d\u00edj<\/span><\/p>\n<\/td>\n<td style=\"width: 69.7727%\">\n<p><span style=\"font-weight: 400\">Idegtudom\u00e1nyok B<\/span><\/p>\n<\/td>\n<\/tr>\n<tr>\n<td style=\"width: 35.8736%\">\n<p><span style=\"font-weight: 400\">Lehoczki Csaba<\/span><\/p>\n<\/td>\n<td style=\"width: 12.2975%\">\n<p><span style=\"font-weight: 400\">III. d\u00edj<\/span><\/p>\n<\/td>\n<td style=\"width: 69.7727%\">\n<p><span style=\"font-weight: 400\">Operat\u00edv C<\/span><\/p>\n<\/td>\n<\/tr>\n<tr>\n<td style=\"width: 35.8736%\">\n<p><span style=\"font-weight: 400\">T\u00f3h\u00e1ti Rebeka Gy\u00f6ngyv\u00e9r<\/span><\/p>\n<\/td>\n<td style=\"width: 12.2975%\">\n<p><span style=\"font-weight: 400\">III. d\u00edj<\/span><\/p>\n<\/td>\n<td style=\"width: 69.7727%\">\n<p><span style=\"font-weight: 400\">Gasztroenterol\u00f3gia<\/span><\/p>\n<\/td>\n<\/tr>\n<tr>\n<td style=\"width: 35.8736%\">\n<p><span style=\"font-weight: 400\">Bogn\u00e1r Judit<\/span><\/p>\n<\/td>\n<td style=\"width: 12.2975%\">\n<p><span style=\"font-weight: 400\">r\u00e9szv\u00e9tel<\/span><\/p>\n<\/td>\n<td style=\"width: 69.7727%\">\n<p><span style=\"font-weight: 400\">Magatart\u00e1studom\u00e1ny, pszichi\u00e1tria, pszichol\u00f3gia<\/span><\/p>\n<\/td>\n<\/tr>\n<tr>\n<td style=\"width: 35.8736%\">\n<p><span style=\"font-weight: 400\">De\u00e1k L\u00e9na<\/span><\/p>\n<\/td>\n<td style=\"width: 12.2975%\">\n<p><span style=\"font-weight: 400\">r\u00e9szv\u00e9tel<\/span><\/p>\n<\/td>\n<td style=\"width: 69.7727%\">\n<p><span style=\"font-weight: 400\">Gy\u00f3gyszer\u00e9sztudom\u00e1nyok B<\/span><\/p>\n<\/td>\n<\/tr>\n<tr>\n<td style=\"width: 35.8736%\">\n<p><span style=\"font-weight: 400\">Falus M\u00e1rton<\/span><\/p>\n<\/td>\n<td style=\"width: 12.2975%\">\n<p><span style=\"font-weight: 400\">r\u00e9szv\u00e9tel<\/span><\/p>\n<\/td>\n<td style=\"width: 69.7727%\">\n<p><span style=\"font-weight: 400\">N\u00e9peg\u00e9szs\u00e9gtan A<\/span><\/p>\n<\/td>\n<\/tr>\n<tr>\n<td style=\"width: 35.8736%\">\n<p><span style=\"font-weight: 400\">Kotmayer Lili<\/span><\/p>\n<\/td>\n<td style=\"width: 12.2975%\">\n<p><span style=\"font-weight: 400\">r\u00e9szv\u00e9tel<\/span><\/p>\n<\/td>\n<td style=\"width: 69.7727%\">\n<p><span style=\"font-weight: 400\">Hematol\u00f3gia<\/span><\/p>\n<\/td>\n<\/tr>\n<tr>\n<td style=\"width: 35.8736%\">\n<p><span style=\"font-weight: 400\">Kov\u00e1cs Andr\u00e1s L\u00e1szl\u00f3<\/span><\/p>\n<\/td>\n<td style=\"width: 12.2975%\">\n<p><span style=\"font-weight: 400\">r\u00e9szv\u00e9tel<\/span><\/p>\n<\/td>\n<td style=\"width: 69.7727%\">\n<p><span style=\"font-weight: 400\">Gyermekgy\u00f3gy\u00e1szat B<\/span><\/p>\n<\/td>\n<\/tr>\n<tr>\n<td style=\"width: 35.8736%\">\n<p><span style=\"font-weight: 400\">Kov\u00e1cs Krist\u00f3f<\/span><\/p>\n<\/td>\n<td style=\"width: 12.2975%\">\n<p><span style=\"font-weight: 400\">r\u00e9szv\u00e9tel<\/span><\/p>\n<\/td>\n<td style=\"width: 69.7727%\">\n<p><span style=\"font-weight: 400\">Genetika, Molekul\u00e1ris biol\u00f3gia<\/span><\/p>\n<\/td>\n<\/tr>\n<tr>\n<td style=\"width: 35.8736%\">\n<p><span style=\"font-weight: 400\">Nagy Krist\u00f3f<\/span><\/p>\n<\/td>\n<td style=\"width: 12.2975%\">\n<p><span style=\"font-weight: 400\">r\u00e9szv\u00e9tel<\/span><\/p>\n<\/td>\n<td style=\"width: 69.7727%\">\n<p><span style=\"font-weight: 400\">Radiol\u00f3gia, orvosi k\u00e9palkot\u00e1s B<\/span><\/p>\n<\/td>\n<\/tr>\n<tr>\n<td style=\"width: 35.8736%\">\n<p><span style=\"font-weight: 400\">Pierson-Bartel R\u00f3bert<\/span><\/p>\n<\/td>\n<td style=\"width: 12.2975%\">\n<p><span style=\"font-weight: 400\">r\u00e9szv\u00e9tel<\/span><\/p>\n<\/td>\n<td style=\"width: 69.7727%\">\n<p><span style=\"font-weight: 400\">Magatart\u00e1studom\u00e1ny, pszichi\u00e1tria, pszichol\u00f3gia<\/span><\/p>\n<\/td>\n<\/tr>\n<tr>\n<td style=\"width: 35.8736%\">\n<p><span style=\"font-weight: 400\">Vass Luca<\/span><\/p>\n<\/td>\n<td style=\"width: 12.2975%\">\n<p><span style=\"font-weight: 400\">r\u00e9szv\u00e9tel<\/span><\/p>\n<\/td>\n<td style=\"width: 69.7727%\">\n<p><span style=\"font-weight: 400\">Magatart\u00e1studom\u00e1ny, pszichi\u00e1tria, pszichol\u00f3gia<\/span><\/p>\n<\/td>\n<\/tr>\n<\/tbody>\n<\/table>\n<p>\nA konferencia sor\u00e1n hirdett\u00e9k ki a d\u00edjazott rektori p\u00e1lyamunk\u00e1kat, melyek k\u00f6z\u00f6tt 8 koll\u00e9gist\u00e1nk munk\u00e1ja szerepelt. Tov\u00e1bb\u00e1 <strong>Berente Dalida<\/strong> kapott elismer\u00e9st a 2021-ben megjelent els\u0151szerz\u0151s k\u00f6zlem\u00e9ny\u00e9\u00e9rt: <span style=\"font-size: 1rem\">Berente DB, Kamondi A, Horvath AA. The assessment of visuospatial skills and verbal fluency in the diagnosis of Alzheimer\u2019s disease. Front Aging Neurosci. Provisionally accepted. IF: 5,750 .\u00a0<\/span><\/div>\n<div dir=\"auto\"><strong>A rektori p\u00e1ly\u00e1zat d\u00edjazottjai:<\/p>\n<p><\/strong><\/div>\n<\/div>\n<div class=\"cxmmr5t8 oygrvhab hcukyx3x c1et5uql o9v6fnle ii04i59q\">\n<div dir=\"auto\">\n<table style=\"width: 98.6394%;height: 601px\">\n<tbody>\n<tr>\n<td style=\"width: 27.4829%\">\n<p><span style=\"font-weight: 400\">Bottlik Ol\u00edvia<\/span><\/p>\n<\/td>\n<td style=\"width: 10.204%\">\n<p><span style=\"font-weight: 400\">I. d\u00edj<\/span><\/p>\n<\/td>\n<td style=\"width: 62.313%\">\n<p><span style=\"font-weight: 400\">Rendszeres fizikai terhel\u00e9s sor\u00e1n kialakul\u00f3 jobb kamr\u00e1t \u00e9rint\u0151 v\u00e1ltoz\u00e1sok vizsg\u00e1lata patk\u00e1nymodellen<\/span><\/p>\n<\/td>\n<\/tr>\n<tr>\n<td style=\"width: 27.4829%\">\n<p><span style=\"font-weight: 400\">Dob\u00f3 M\u00e1t\u00e9<\/span><\/p>\n<\/td>\n<td style=\"width: 10.204%\">\n<p><span style=\"font-weight: 400\">I. d\u00edj<\/span><\/p>\n<\/td>\n<td style=\"width: 62.313%\">\n<p><span style=\"font-weight: 400\">Oxazolidin anal\u00f3gok kir\u00e1lis elv\u00e1laszt\u00e1sa nagyhat\u00e9konys\u00e1g\u00fa folyad\u00e9kkromatogr\u00e1fi\u00e1val poliszacharid alap\u00fa \u00e1ll\u00f3f\u00e1zisokon pol\u00e1r organikus m\u00f3dban<\/span><\/p>\n<\/td>\n<\/tr>\n<tr>\n<td style=\"width: 27.4829%\">\n<p><span style=\"font-weight: 400\">Kollarics R\u00e9ka<\/span><\/p>\n<\/td>\n<td style=\"width: 10.204%\">\n<p><span style=\"font-weight: 400\">I. d\u00edj<\/span><\/p>\n<\/td>\n<td style=\"width: 62.313%\">\n<p><span style=\"font-weight: 400\">Az oxidat\u00edv \u00e9s nitrozat\u00edv folyamatok szerepe a kardivaszkul\u00e1ris rendszer \u00e9lettani \u00e9s patol\u00f3gi\u00e1s \u00e1llapotaiban<\/span><\/p>\n<\/td>\n<\/tr>\n<tr>\n<td style=\"width: 27.4829%\">\n<p><span style=\"font-weight: 400\">Weigl-Kov\u00e1cs Vikt\u00f3ria<\/span><\/p>\n<\/td>\n<td style=\"width: 10.204%\">\n<p><span style=\"font-weight: 400\">II. d\u00edj<\/span><\/p>\n<\/td>\n<td style=\"width: 62.313%\">\n<p><span style=\"font-weight: 400\">H\u00e1l\u00f3zatvizualiz\u00e1ci\u00f3 hierarchikus megk\u00f6zel\u00edt\u00e9s\u0171 relat\u00edv eutr\u00f3pia optimaliz\u00e1ci\u00f3val<\/span><\/p>\n<\/td>\n<\/tr>\n<tr>\n<td style=\"width: 27.4829%\">\n<p><span style=\"font-weight: 400\">Clapp Em\u00edlia Avril<\/span><\/p>\n<\/td>\n<td style=\"width: 10.204%\">\n<p><span style=\"font-weight: 400\">III. d\u00edj<\/span><\/p>\n<\/td>\n<td style=\"width: 62.313%\">\n<p><span style=\"font-weight: 400\">Surgical management of primary rhegmatogenous retinal detachment<\/span><\/p>\n<\/td>\n<\/tr>\n<tr>\n<td style=\"width: 27.4829%\">\n<p><span style=\"font-weight: 400\">Bern\u00e1th Dominika<\/span><\/p>\n<\/td>\n<td style=\"width: 10.204%\">\n<p><span style=\"font-weight: 400\">dics\u00e9ret<\/span><\/p>\n<\/td>\n<td style=\"width: 62.313%\">\n<p><span style=\"font-weight: 400\">Mikro-RNS mint potenci\u00e1lis \u00faj biomarker a kardi\u00e1lis allograft rejekci\u00f3 monitoroz\u00e1s\u00e1ban<\/span><\/p>\n<\/td>\n<\/tr>\n<tr>\n<td style=\"width: 27.4829%\">\n<p><span style=\"font-weight: 400\">Bogn\u00e1r Judit<\/span><\/p>\n<\/td>\n<td style=\"width: 10.204%\">\n<p><span style=\"font-weight: 400\">dics\u00e9ret<\/span><\/p>\n<\/td>\n<td style=\"width: 62.313%\">\n<p><span style=\"font-weight: 400\">A ment\u00e1lis eg\u00e9szs\u00e9g \u00e9s a fizikai aktivit\u00e1s kapcsolata a Covid-19 vil\u00e1gj\u00e1rv\u00e1ny alatt<\/span><\/p>\n<\/td>\n<\/tr>\n<tr>\n<td style=\"width: 27.4829%\">\n<p><span style=\"font-weight: 400\">Nagy Krist\u00f3f<\/span><\/p>\n<\/td>\n<td style=\"width: 10.204%\">\n<p><span style=\"font-weight: 400\">dics\u00e9ret<\/span><\/p>\n<\/td>\n<td style=\"width: 62.313%\">\n<p><span style=\"font-weight: 400\">Sex differences in coronary artery disease<\/span><\/p>\n<\/td>\n<\/tr>\n<\/tbody>\n<\/table>\n<\/div>\n<\/div>\n<p>\nGratul\u00e1lunk minden r\u00e9sztvev\u0151nek, sok sikert k\u00edv\u00e1nunk tov\u00e1bbi munk\u00e1jukhoz!<\/p>\n","protected":false},"excerpt":{"rendered":"<p>SE Tudom\u00e1nyos Di\u00e1kk\u00f6ri Konferencia 2022 A Semmelweis Egyetem febru\u00e1rban rendezte meg a 3 napos Tudom\u00e1nyos Di\u00e1kk\u00f6ri Konferenci\u00e1t a kutat\u00f3mmunk\u00e1t v\u00e9gz\u0151 hallgat\u00f3knak. Minden r\u00e9sztvev\u0151 10 perces el\u0151ad\u00e1s keret\u00e9ben mutatta be kutat\u00e1s\u00e1nak eredm\u00e9nyeit, majd megv\u00e1laszolta a felmer\u00fcl\u0151 k\u00e9rd\u00e9seket. A zs\u0171ri a d\u00edjazottak sorrendj\u00e9t az \u00f6sszegz\u0151 absztraktok, illetve a versenyz\u0151k prezent\u00e1l\u00f3- \u00e9s a vitak\u00e9szs\u00e9ge alapj\u00e1n \u00e1ll\u00edtotta fel. Koll\u00e9giumunk &hellip;<\/p>\n","protected":false},"author":101894,"featured_media":2024,"parent":0,"menu_order":0,"comment_status":"closed","ping_status":"closed","template":"","meta":{"_acf_changed":false,"footnotes":""},"categories":[1],"tags":[],"class_list":["post-2013","page","type-page","status-publish","has-post-thumbnail","hentry","category-hirek"],"acf":[],"_links":{"self":[{"href":"https:\/\/semmelweis.hu\/szakkollegium\/wp-json\/wp\/v2\/pages\/2013","targetHints":{"allow":["GET"]}}],"collection":[{"href":"https:\/\/semmelweis.hu\/szakkollegium\/wp-json\/wp\/v2\/pages"}],"about":[{"href":"https:\/\/semmelweis.hu\/szakkollegium\/wp-json\/wp\/v2\/types\/page"}],"author":[{"embeddable":true,"href":"https:\/\/semmelweis.hu\/szakkollegium\/wp-json\/wp\/v2\/users\/101894"}],"replies":[{"embeddable":true,"href":"https:\/\/semmelweis.hu\/szakkollegium\/wp-json\/wp\/v2\/comments?post=2013"}],"version-history":[{"count":10,"href":"https:\/\/semmelweis.hu\/szakkollegium\/wp-json\/wp\/v2\/pages\/2013\/revisions"}],"predecessor-version":[{"id":2037,"href":"https:\/\/semmelweis.hu\/szakkollegium\/wp-json\/wp\/v2\/pages\/2013\/revisions\/2037"}],"wp:featuredmedia":[{"embeddable":true,"href":"https:\/\/semmelweis.hu\/szakkollegium\/wp-json\/wp\/v2\/media\/2024"}],"wp:attachment":[{"href":"https:\/\/semmelweis.hu\/szakkollegium\/wp-json\/wp\/v2\/media?parent=2013"}],"wp:term":[{"taxonomy":"category","embeddable":true,"href":"https:\/\/semmelweis.hu\/szakkollegium\/wp-json\/wp\/v2\/categories?post=2013"},{"taxonomy":"post_tag","embeddable":true,"href":"https:\/\/semmelweis.hu\/szakkollegium\/wp-json\/wp\/v2\/tags?post=2013"}],"curies":[{"name":"wp","href":"https:\/\/api.w.org\/{rel}","templated":true}]}}