{"id":1752,"date":"2020-01-27T14:40:05","date_gmt":"2020-01-27T13:40:05","guid":{"rendered":"http:\/\/semmelweis.hu\/szakkollegium\/?page_id=1752"},"modified":"2024-12-31T18:00:23","modified_gmt":"2024-12-31T17:00:23","slug":"elerhetoseg","status":"publish","type":"page","link":"https:\/\/semmelweis.hu\/szakkollegium\/elerhetoseg\/","title":{"rendered":"El\u00e9rhet\u0151s\u00e9g"},"content":{"rendered":"<p>Semmelweis Egyetem Kor\u00e1nyi Frigyes Szakkoll\u00e9gium<\/p>\n<p><strong>C\u00edm:<\/strong> 1074 Budapest, H\u00e1rsfa utca 59\/b<br \/>\n<strong>Telefon (porta):<\/strong> +36(1)459-1500 (mell\u00e9k: 53900)<br \/>\n<strong>Facebook:\u00a0<\/strong><a href=\"https:\/\/www.facebook.com\/harsfa.semmelweis\">https:\/\/www.facebook.com\/harsfa.semmelweis<\/a><br \/>\n<strong>Instagram:\u00a0<\/strong><a href=\"https:\/\/www.instagram.com\/harsfasemmelweis\/\">https:\/\/www.instagram.com\/harsfasemmelweis\/<\/a><\/p>\n<p><strong>Hallgat\u00f3i \u00f6nkorm\u00e1nyzatunk<\/strong> el\u00e9rhet\u0151s\u00e9ge:\u00a0<br \/>\nhabil.harsfa@gmail.com<br \/>\nTelefon: <span style=\"font-weight: 400\">+36205520958<\/span><\/p>\n<p>Honlapszerkeszt\u0151 el\u00e9rhet\u0151s\u00e9ge: <br \/>\nTelefon: +36704263246<\/p>\n\n<!-- iframe plugin v.4.9 wordpress.org\/plugins\/iframe\/ -->\n<iframe loading=\"lazy\" src=\"https:\/\/www.google.com\/maps\/embed?pb=!1m18!1m12!1m3!1d2695.2997083302935!2d19.06506811562693!3d47.50355417917797!2m3!1f0!2f0!3f0!3m2!1i1024!2i768!4f13.1!3m3!1m2!1s0x4741dc6f0c4c2c1f%3A0x7dce7bc2d423681f!2sBudapest%2C%20H%C3%A1rsfa%20u.%2059b%2C%201074!5e0!3m2!1shu!2shu!4v1580131991189!5m2!1shu!2shu\" width=\"600\" height=\"450\" frameborder=\"0\" style=\"border:0;\" allowfullscreen scrolling=\"yes\" class=\"iframe-class\"><\/iframe>\n\n","protected":false},"excerpt":{"rendered":"<p>Semmelweis Egyetem Kor\u00e1nyi Frigyes Szakkoll\u00e9gium<br \/>\nC\u00edm: 1074 Budapest, H\u00e1rsfa utca 59\/b<br \/>\nTelefon (porta): +36(1)459-1500 (mell\u00e9k: 53900)<br \/>\nFacebook:\u00a0<a href=\"https:\/\/www.facebook.com\/harsfa.semmelweis\">https:\/\/www.facebook.com\/harsfa.semmelweis<\/a><br \/>\nInstagram:\u00a0<a href=\"https:\/\/www.instagram.com\/harsfasemmelweis\/\">https:\/\/www.instagram.com\/harsfasemmelweis\/<\/a><br \/>\nHallgat\u00f3i \u00f6nkorm\u00e1nyzatunk el\u00e9rhet\u0151s\u00e9ge:\u00a0<br \/>\nhabil.harsfa@gmail.com<br \/>\nTelefon: +36205520958<br \/>\nHonlapszerkeszt\u0151 el\u00e9rhet\u0151s\u00e9ge:<br \/>\nTelefon: +36704263246<\/p>\n","protected":false},"author":12,"featured_media":0,"parent":0,"menu_order":8,"comment_status":"closed","ping_status":"closed","template":"","meta":{"_acf_changed":false,"footnotes":""},"categories":[],"tags":[],"class_list":["post-1752","page","type-page","status-publish","hentry"],"acf":[],"_links":{"self":[{"href":"https:\/\/semmelweis.hu\/szakkollegium\/wp-json\/wp\/v2\/pages\/1752","targetHints":{"allow":["GET"]}}],"collection":[{"href":"https:\/\/semmelweis.hu\/szakkollegium\/wp-json\/wp\/v2\/pages"}],"about":[{"href":"https:\/\/semmelweis.hu\/szakkollegium\/wp-json\/wp\/v2\/types\/page"}],"author":[{"embeddable":true,"href":"https:\/\/semmelweis.hu\/szakkollegium\/wp-json\/wp\/v2\/users\/12"}],"replies":[{"embeddable":true,"href":"https:\/\/semmelweis.hu\/szakkollegium\/wp-json\/wp\/v2\/comments?post=1752"}],"version-history":[{"count":8,"href":"https:\/\/semmelweis.hu\/szakkollegium\/wp-json\/wp\/v2\/pages\/1752\/revisions"}],"predecessor-version":[{"id":2530,"href":"https:\/\/semmelweis.hu\/szakkollegium\/wp-json\/wp\/v2\/pages\/1752\/revisions\/2530"}],"wp:attachment":[{"href":"https:\/\/semmelweis.hu\/szakkollegium\/wp-json\/wp\/v2\/media?parent=1752"}],"wp:term":[{"taxonomy":"category","embeddable":true,"href":"https:\/\/semmelweis.hu\/szakkollegium\/wp-json\/wp\/v2\/categories?post=1752"},{"taxonomy":"post_tag","embeddable":true,"href":"https:\/\/semmelweis.hu\/szakkollegium\/wp-json\/wp\/v2\/tags?post=1752"}],"curies":[{"name":"wp","href":"https:\/\/api.w.org\/{rel}","templated":true}]}}