{"id":1667,"date":"2019-11-12T13:49:29","date_gmt":"2019-11-12T12:49:29","guid":{"rendered":"http:\/\/semmelweis.hu\/szakkollegium\/?page_id=1667"},"modified":"2019-11-19T20:15:52","modified_gmt":"2019-11-19T19:15:52","slug":"kommunikacio","status":"publish","type":"page","link":"https:\/\/semmelweis.hu\/szakkollegium\/magunkrol\/kurzusaink-2\/kurzusaink\/kommunikacio\/","title":{"rendered":"Kommunik\u00e1ci\u00f3"},"content":{"rendered":"<p style=\"text-align: justify\">A harmad\u00e9vesek k\u00f6telez\u0151 kurzusa az idei f\u00e9l\u00e9vben a Kommunik\u00e1ci\u00f3 volt, melynek sor\u00e1n a koll\u00e9gist\u00e1k kommunik\u00e1ci\u00f3s szakemberekt\u0151l \u00e9s klinikusokt\u00f3l hallhattak az orvosl\u00e1s sor\u00e1n felmer\u00fcl\u0151 neh\u00e9z szitu\u00e1ci\u00f3k megold\u00e1s\u00e1r\u00f3l, az adekv\u00e1t orvos-beteg kommunik\u00e1ci\u00f3r\u00f3l.<\/p>\n<p style=\"text-align: justify\">A kurzus nyit\u00f3el\u0151ad\u00e1s\u00e1t Dr. Pilling J\u00e1nos pszichi\u00e1ter szakorvos, a Magatart\u00e1studom\u00e1nyi Int\u00e9zet Orvosi Kommunik\u00e1ci\u00f3 r\u00e9szleg\u00e9nek vezet\u0151je tartotta, aki a betegekkel val\u00f3 kommunik\u00e1ci\u00f3 alapjair\u00f3l \u00e9s a besz\u00e9lget\u00e9sek sor\u00e1n felmer\u00fcl\u0151 \u201eneh\u00e9z helyzetekr\u0151l\u201d besz\u00e9lt. El\u0151ad\u00e1sa sor\u00e1n olyan \u00e9rz\u00e9keny t\u00e9m\u00e1kat \u00e9rintett, mint az olt\u00e1sellenes sz\u00fcl\u0151kkel, valamint az alternat\u00edv gy\u00f3gym\u00f3dokkal foglalkoz\u00f3 p\u00e1ciensekkel val\u00f3 kommunik\u00e1ci\u00f3 \u2013 mindkett\u0151 gyakori szitu\u00e1ci\u00f3 egy k\u00f3rh\u00e1zban, ez\u00e9rt tan\u00e1csait biztosan tudjuk majd hasznos\u00edtani a j\u00f6v\u0151ben.<\/p>\n<p style=\"text-align: justify\">A kurzus m\u00e1sodik alkalma Dr. Beny\u00f3 G\u00e1bor onkol\u00f3gus el\u0151ad\u00e1s\u00e1ban a v\u00e9gst\u00e1dium\u00fa betegs\u00e9gben szenved\u0151 gyermekek sz\u00fcleivel val\u00f3 kommunik\u00e1ci\u00f3r\u00f3l sz\u00f3lt. Beny\u00f3 doktor \u00far, aki a jelenleg egyetlen magyarorsz\u00e1gi gyermekhospice, a T\u00e1bitha H\u00e1z vezet\u0151je, szem\u00e9lyes p\u00e9ld\u00e1kkal illusztr\u00e1lta a besz\u00e9lget\u00e9s sor\u00e1n k\u00f6vetend\u0151 pontokat. A rossz h\u00edrek k\u00f6zl\u00e9se rendk\u00edv\u00fcl komoly \u00e9s \u00e9rz\u00e9keny feladat, amellyel az egyetemi \u00e9veink sor\u00e1n csak kev\u00e9s esetben tal\u00e1lkozunk, ez\u00e9rt az \u00f6sszeszedett \u00e9s sok \u00faj inform\u00e1ci\u00f3t tartalmaz\u00f3 el\u0151ad\u00e1s minden r\u00e9sztvev\u0151 sz\u00e1m\u00e1ra nagyon hasznos volt.<\/p>\n<p style=\"text-align: justify\">A kurzus utols\u00f3 el\u0151ad\u00e1s\u00e1t Dr. Bajz\u00e1th S\u00e1ndor addiktol\u00f3gus tartotta, aki a drogf\u00fcgg\u0151s\u00e9g \u00e9s kommunik\u00e1ci\u00f3 k\u00e9rd\u00e9sk\u00f6r\u00e9t j\u00e1rta k\u00f6r\u00fcl. Az \u00e9rdekes szem\u00e9lyes t\u00f6rt\u00e9netekkel tark\u00edtott el\u0151ad\u00e1s sor\u00e1n sz\u00e1mos olyan \u00e9rz\u00e9keny t\u00e9ma vet\u0151d\u00f6tt fel, melyek a szenved\u00e9lybetegekkel val\u00f3 mindennapi kommunik\u00e1ci\u00f3 sor\u00e1n gyakran el\u0151fordulnak.<\/p>\n<p style=\"text-align: justify\">\u00a0<\/p>\n<p style=\"text-align: justify\">Ez\u00faton szeretn\u00e9nk megk\u00f6sz\u00f6nni el\u0151ad\u00f3inknak, hogy elv\u00e1llalt\u00e1k a felk\u00e9r\u00e9st \u00e9s egy el\u0151ad\u00e1s erej\u00e9ig ell\u00e1togattak a H\u00e1rsf\u00e1ba!<\/p>\n<p>&nbsp;<\/p>\n<figure id=\"attachment_1668\" aria-describedby=\"caption-attachment-1668\" style=\"width: 690px\" class=\"wp-caption aligncenter\"><img loading=\"lazy\" decoding=\"async\" class=\"wp-image-1668 size-large\" src=\"https:\/\/semmelweis.hu\/szakkollegium\/files\/2019\/11\/IMG_7459-1024x683.jpg\" alt=\"\" width=\"690\" height=\"460\" srcset=\"https:\/\/semmelweis.hu\/szakkollegium\/files\/2019\/11\/IMG_7459-1024x683.jpg 1024w, https:\/\/semmelweis.hu\/szakkollegium\/files\/2019\/11\/IMG_7459-300x200.jpg 300w, https:\/\/semmelweis.hu\/szakkollegium\/files\/2019\/11\/IMG_7459-768x512.jpg 768w, https:\/\/semmelweis.hu\/szakkollegium\/files\/2019\/11\/IMG_7459-450x300.jpg 450w\" sizes=\"auto, (max-width: 690px) 100vw, 690px\" \/><figcaption id=\"caption-attachment-1668\" class=\"wp-caption-text\">Dr. Pilling J\u00e1nos el\u0151ad\u00e1sa<\/figcaption><\/figure>\n","protected":false},"excerpt":{"rendered":"<p>A harmad\u00e9vesek k\u00f6telez\u0151 kurzusa az idei f\u00e9l\u00e9vben a Kommunik\u00e1ci\u00f3 volt, melynek sor\u00e1n a koll\u00e9gist\u00e1k kommunik\u00e1ci\u00f3s szakemberekt\u0151l \u00e9s klinikusokt\u00f3l hallhattak az orvosl\u00e1s sor\u00e1n felmer\u00fcl\u0151 neh\u00e9z szitu\u00e1ci\u00f3k megold\u00e1s\u00e1r\u00f3l, az adekv\u00e1t orvos-beteg kommunik\u00e1ci\u00f3r\u00f3l. A kurzus nyit\u00f3el\u0151ad\u00e1s\u00e1t Dr. Pilling J\u00e1nos pszichi\u00e1ter szakorvos, a Magatart\u00e1studom\u00e1nyi Int\u00e9zet Orvosi Kommunik\u00e1ci\u00f3 r\u00e9szleg\u00e9nek vezet\u0151je tartotta, aki a betegekkel val\u00f3 kommunik\u00e1ci\u00f3 alapjair\u00f3l \u00e9s a besz\u00e9lget\u00e9sek &hellip;<\/p>\n","protected":false},"author":101513,"featured_media":0,"parent":209,"menu_order":0,"comment_status":"closed","ping_status":"closed","template":"","meta":{"_acf_changed":false,"footnotes":""},"categories":[],"tags":[],"class_list":["post-1667","page","type-page","status-publish","hentry"],"acf":[],"_links":{"self":[{"href":"https:\/\/semmelweis.hu\/szakkollegium\/wp-json\/wp\/v2\/pages\/1667","targetHints":{"allow":["GET"]}}],"collection":[{"href":"https:\/\/semmelweis.hu\/szakkollegium\/wp-json\/wp\/v2\/pages"}],"about":[{"href":"https:\/\/semmelweis.hu\/szakkollegium\/wp-json\/wp\/v2\/types\/page"}],"author":[{"embeddable":true,"href":"https:\/\/semmelweis.hu\/szakkollegium\/wp-json\/wp\/v2\/users\/101513"}],"replies":[{"embeddable":true,"href":"https:\/\/semmelweis.hu\/szakkollegium\/wp-json\/wp\/v2\/comments?post=1667"}],"version-history":[{"count":2,"href":"https:\/\/semmelweis.hu\/szakkollegium\/wp-json\/wp\/v2\/pages\/1667\/revisions"}],"predecessor-version":[{"id":1675,"href":"https:\/\/semmelweis.hu\/szakkollegium\/wp-json\/wp\/v2\/pages\/1667\/revisions\/1675"}],"up":[{"embeddable":true,"href":"https:\/\/semmelweis.hu\/szakkollegium\/wp-json\/wp\/v2\/pages\/209"}],"wp:attachment":[{"href":"https:\/\/semmelweis.hu\/szakkollegium\/wp-json\/wp\/v2\/media?parent=1667"}],"wp:term":[{"taxonomy":"category","embeddable":true,"href":"https:\/\/semmelweis.hu\/szakkollegium\/wp-json\/wp\/v2\/categories?post=1667"},{"taxonomy":"post_tag","embeddable":true,"href":"https:\/\/semmelweis.hu\/szakkollegium\/wp-json\/wp\/v2\/tags?post=1667"}],"curies":[{"name":"wp","href":"https:\/\/api.w.org\/{rel}","templated":true}]}}