{"id":21217,"date":"2019-08-11T21:08:32","date_gmt":"2019-08-11T19:08:32","guid":{"rendered":"http:\/\/semmelweis.hu\/szak-es-tovabbkepzes\/?page_id=21217"},"modified":"2023-04-06T21:52:09","modified_gmt":"2023-04-06T19:52:09","slug":"szakvizsgara-jelentkezes-elotti-teendok","status":"publish","type":"page","link":"https:\/\/semmelweis.hu\/szak-es-tovabbkepzes\/szakkepzes\/szakvizsgara-jelentkezes-elotti-teendok\/","title":{"rendered":"Szakvizsg\u00e1ra jelentkez\u00e9s"},"content":{"rendered":"<p>A szakvizsg\u00e1k szervez\u00e9s\u00e9vel kapcsolatos feladatokat a Nemzeti Vizsgabizotts\u00e1g l\u00e1tja el. A jel\u00f6lt a <a href=\"https:\/\/nvb.okfo.gov.hu\/\"><strong>https:\/\/nvb.okfo.gov.hu<\/strong>\/<\/a> <strong>\u00a0szakvizsga port\u00e1lon<\/strong> kereszt\u00fcl tudja beny\u00fajtani jelentkez\u00e9s\u00e9t.<\/p>\n<p><strong><u>Beny\u00fajtand\u00f3 dokumentumok \/nyomtatv\u00e1nyok:<\/u><\/strong><\/p>\n<ul>\n<li><strong style=\"font-size: 1rem\">Diploma m\u00e1solata <\/strong><span style=\"font-size: 1rem\">vagy honos\u00edt\u00e1si hat\u00e1rozat a k\u00fclf\u00f6ld\u00f6n tanult vizsg\u00e1z\u00f3k eset\u00e9n.<\/span><\/li>\n<li><strong>Az el\u0151z\u0151 szakvizsga bizony\u00edtv\u00e1ny(ok) m\u00e1solata <\/strong>(amennyiben van).<\/li>\n<li><strong>Vizsgad\u00edj befizet\u00e9s\u00e9r\u0151l sz\u00f3l\u00f3 bizonylat. A vizsgad\u00edj <\/strong>\u00f6sszege<strong> magyar nyelv\u0171 vizsga eset\u00e9n<\/strong> <strong>40.000,- Ft.<\/strong><\/li>\n<li><strong>Szakk\u00e9pz\u00e9s teljes\u00edt\u00e9s\u00e9vel kapcsolatos egyetem \u00e1ltal al\u00e1\u00edrt el\u0151zetes igazol\u00e1s<\/strong>. <strong><u>Csak akkor kell megk\u00fcldeni<\/u><\/strong><u>, ha a vizsganapt\u00e1rban ki\u00edrt vizsgaid\u0151szak els\u0151 napj\u00e1t megel\u0151z\u0151 30 nappal nem tudja a jel\u00f6lt beny\u00fajtani a vizsg\u00e1ra bocs\u00e1t\u00f3 hat\u00e1rozat\u00e1t<\/u>. Az igazol\u00e1st az egyetem szak- \u00e9s tov\u00e1bbk\u00e9pz\u0151 k\u00f6zpontj\u00e1val is sz\u00fcks\u00e9ges al\u00e1\u00edratni. (Nyomtatv\u00e1ny ld. a lenti linken).\u00a0<\/li>\n<li><strong>Abszolut\u00f3rium<\/strong>, amelyet\u00a0szakk\u00e9pz\u00e9st v\u00e9gz\u0151 egyetem szak- \u00e9s tov\u00e1bbk\u00e9pz\u0151 hivatala \u00e1ll\u00edtja ki, <u>melyet legk\u00e9s\u0151bb egy h\u00f3nappal a ki\u00edrt vizsgaid\u0151pont els\u0151 napja el\u0151tt sz\u00fcks\u00e9ges beny\u00fajtani! <\/u><\/li>\n<\/ul>\n<p>Tov\u00e1bbi inform\u00e1ci\u00f3t, \u00e9s az el\u0151zetes igazol\u00e1s dokumentum\u00e1t az OKF\u0150 honlapj\u00e1n tal\u00e1lj\u00e1k:<\/p>\n<p><a href=\"https:\/\/enkk.hu\/index.php\/hun\/nemzeti-vizsgabizottsag-2\/ogyfk-vizsganaptar\"><strong>https:\/\/enkk.hu\/index.php\/hun\/nemzeti-vizsgabizottsag-2\/ogyfk-vizsganaptar<\/strong><\/a><\/p>\n<p>&nbsp;<\/p>\n","protected":false},"excerpt":{"rendered":"<p>A szakvizsg\u00e1k szervez\u00e9s\u00e9vel kapcsolatos feladatokat a Nemzeti Vizsgabizotts\u00e1g l\u00e1tja el. A jel\u00f6lt a <a href=\"https:\/\/nvb.okfo.gov.hu\/\">https:\/\/nvb.okfo.gov.hu\/<\/a> \u00a0szakvizsga port\u00e1lon kereszt\u00fcl tudja beny\u00fajtani jelentkez\u00e9s\u00e9t. Beny\u00fajtand\u00f3 dokumentumok \/nyomtatv\u00e1nyok: Diploma m\u00e1solata vagy honos\u00edt\u00e1si hat\u00e1rozat a k\u00fclf\u00f6ld\u00f6n tanult vizsg\u00e1z\u00f3k eset\u00e9n. Az el\u0151z\u0151 szakvizsga bizony\u00edtv\u00e1ny(ok) m\u00e1solata (amennyiben van). Vizsgad\u00edj befizet\u00e9s\u00e9r\u0151l sz\u00f3l\u00f3 bizonylat. A vizsgad\u00edj \u00f6sszege magyar nyelv\u0171 vizsga eset\u00e9n 40.000,- Ft. Szakk\u00e9pz\u00e9s teljes\u00edt\u00e9s\u00e9vel kapcsolatos &hellip;<\/p>\n","protected":false},"author":101506,"featured_media":0,"parent":1839,"menu_order":5,"comment_status":"closed","ping_status":"closed","template":"","meta":{"_acf_changed":false,"footnotes":""},"categories":[],"tags":[],"class_list":["post-21217","page","type-page","status-publish","hentry"],"acf":[],"_links":{"self":[{"href":"https:\/\/semmelweis.hu\/szak-es-tovabbkepzes\/wp-json\/wp\/v2\/pages\/21217","targetHints":{"allow":["GET"]}}],"collection":[{"href":"https:\/\/semmelweis.hu\/szak-es-tovabbkepzes\/wp-json\/wp\/v2\/pages"}],"about":[{"href":"https:\/\/semmelweis.hu\/szak-es-tovabbkepzes\/wp-json\/wp\/v2\/types\/page"}],"author":[{"embeddable":true,"href":"https:\/\/semmelweis.hu\/szak-es-tovabbkepzes\/wp-json\/wp\/v2\/users\/101506"}],"replies":[{"embeddable":true,"href":"https:\/\/semmelweis.hu\/szak-es-tovabbkepzes\/wp-json\/wp\/v2\/comments?post=21217"}],"version-history":[{"count":4,"href":"https:\/\/semmelweis.hu\/szak-es-tovabbkepzes\/wp-json\/wp\/v2\/pages\/21217\/revisions"}],"predecessor-version":[{"id":22459,"href":"https:\/\/semmelweis.hu\/szak-es-tovabbkepzes\/wp-json\/wp\/v2\/pages\/21217\/revisions\/22459"}],"up":[{"embeddable":true,"href":"https:\/\/semmelweis.hu\/szak-es-tovabbkepzes\/wp-json\/wp\/v2\/pages\/1839"}],"wp:attachment":[{"href":"https:\/\/semmelweis.hu\/szak-es-tovabbkepzes\/wp-json\/wp\/v2\/media?parent=21217"}],"wp:term":[{"taxonomy":"category","embeddable":true,"href":"https:\/\/semmelweis.hu\/szak-es-tovabbkepzes\/wp-json\/wp\/v2\/categories?post=21217"},{"taxonomy":"post_tag","embeddable":true,"href":"https:\/\/semmelweis.hu\/szak-es-tovabbkepzes\/wp-json\/wp\/v2\/tags?post=21217"}],"curies":[{"name":"wp","href":"https:\/\/api.w.org\/{rel}","templated":true}]}}