{"id":1816,"date":"2019-01-25T10:11:10","date_gmt":"2019-01-25T09:11:10","guid":{"rendered":"http:\/\/semmelweis.hu\/szak-es-tovabbkepzes\/?page_id=1816"},"modified":"2023-04-06T21:06:37","modified_gmt":"2023-04-06T19:06:37","slug":"osztondijak","status":"publish","type":"page","link":"https:\/\/semmelweis.hu\/szak-es-tovabbkepzes\/szakkepzes\/osztondijak\/","title":{"rendered":"\u00d6szt\u00f6nd\u00edjak a szakk\u00e9pz\u00e9sben"},"content":{"rendered":"<p><span style=\"font-size: 14pt;font-family: georgia, palatino, serif\"><strong>Az \u00d6szt\u00f6nd\u00edj Programokra azok a rezidensek jelentkezhetnek, akik:<\/strong><\/span><\/p>\n<ul>\n<li><span style=\"font-family: georgia, palatino, serif\">az els\u0151 szakk\u00e9pz\u00e9s\u00fcket m\u00e9g nem kezdt\u00e9k meg, vagy az els\u0151k\u00e9nt megszerzend\u0151 szakk\u00e9pz\u00e9s\u00fckb\u0151l m\u00e9g legal\u00e1bb 1 \u00e9v van h\u00e1tra,<\/span><\/li>\n<li><span style=\"font-family: georgia, palatino, serif\">v\u00e1llalj\u00e1k, hogy a szakk\u00e9pes\u00edt\u00e9s\u00e9nek megszerz\u00e9se ut\u00e1n az \u00f6szt\u00f6nd\u00edj foly\u00f3s\u00edt\u00e1sa id\u0151tartam\u00e1nak megfelel\u0151 ideig hazai, t\u00e1rsadalombiztos\u00edt\u00e1s \u00e1ltal finansz\u00edrozott eg\u00e9szs\u00e9g\u00fcgyi szolg\u00e1ltat\u00f3n\u00e1l v\u00e9geznek teljes-, vagy r\u00e9szmunkaid\u0151ben a t\u00e1mogatott szakk\u00e9pz\u00e9sben megszerzett szakorvosi vagy szakgy\u00f3gyszer\u00e9szi k\u00e9pes\u00edt\u00e9s szerinti eg\u00e9szs\u00e9g\u00fcgyi tev\u00e9kenys\u00e9get <strong>(v\u00e1llal\u00e1si id\u0151szak)<\/strong> \u00e9s<\/span><\/li>\n<li><span style=\"font-family: georgia, palatino, serif\">v\u00e1llalj\u00e1k, hogy az \u00e1ltaluk biztos\u00edtott eg\u00e9szs\u00e9g\u00fcgyi ell\u00e1t\u00e1ssal \u00f6sszef\u00fcgg\u00e9sben semmilyen form\u00e1ban nem fogadnak el paraszolvenci\u00e1t.<\/span><\/li>\n<\/ul>\n<p><span style=\"font-family: georgia, palatino, serif\"><strong>Az egyes \u00f6szt\u00f6nd\u00edj p\u00e1ly\u00e1zatokra a p\u00e1ly\u00e1zati ki\u00edr\u00e1sok \u00e9vente egy alkalommal, jellemz\u0151en december h\u00f3nap v\u00e9g\u00e9n ker\u00fclnek ki\u00edr\u00e1sra.<\/strong><\/span><\/p>\n<p>&nbsp;<\/p>\n<p>Az ig\u00e9nyelhet\u0151 \u00f6szt\u00f6nd\u00edjakr\u00f3l aktu\u00e1lis inform\u00e1ci\u00f3kat az OKF\u0150 honlapj\u00e1n tal\u00e1lhatnak:<\/p>\n<p><a href=\"https:\/\/enkk.hu\/index.php\/hun\/szakkepzes-tamogatasi-foosztaly\/rezidens\/osztondijak\/osztondij-altalanos-tudnivalok-19\"><strong>https:\/\/enkk.hu\/index.php\/hun\/szakkepzes-tamogatasi-foosztaly\/rezidens\/osztondijak\/osztondij-altalanos-tudnivalok-19<\/strong><\/a><\/p>\n","protected":false},"excerpt":{"rendered":"<p>Az \u00d6szt\u00f6nd\u00edj Programokra azok a rezidensek jelentkezhetnek, akik: az els\u0151 szakk\u00e9pz\u00e9s\u00fcket m\u00e9g nem kezdt\u00e9k meg, vagy az els\u0151k\u00e9nt megszerzend\u0151 szakk\u00e9pz\u00e9s\u00fckb\u0151l m\u00e9g legal\u00e1bb 1 \u00e9v van h\u00e1tra, v\u00e1llalj\u00e1k, hogy a szakk\u00e9pes\u00edt\u00e9s\u00e9nek megszerz\u00e9se ut\u00e1n az \u00f6szt\u00f6nd\u00edj foly\u00f3s\u00edt\u00e1sa id\u0151tartam\u00e1nak megfelel\u0151 ideig hazai, t\u00e1rsadalombiztos\u00edt\u00e1s \u00e1ltal finansz\u00edrozott eg\u00e9szs\u00e9g\u00fcgyi szolg\u00e1ltat\u00f3n\u00e1l v\u00e9geznek teljes-, vagy r\u00e9szmunkaid\u0151ben a t\u00e1mogatott szakk\u00e9pz\u00e9sben megszerzett szakorvosi vagy szakgy\u00f3gyszer\u00e9szi &hellip;<\/p>\n","protected":false},"author":101506,"featured_media":0,"parent":1839,"menu_order":2,"comment_status":"closed","ping_status":"closed","template":"","meta":{"_acf_changed":false,"footnotes":""},"categories":[],"tags":[],"class_list":["post-1816","page","type-page","status-publish","hentry"],"acf":[],"_links":{"self":[{"href":"https:\/\/semmelweis.hu\/szak-es-tovabbkepzes\/wp-json\/wp\/v2\/pages\/1816","targetHints":{"allow":["GET"]}}],"collection":[{"href":"https:\/\/semmelweis.hu\/szak-es-tovabbkepzes\/wp-json\/wp\/v2\/pages"}],"about":[{"href":"https:\/\/semmelweis.hu\/szak-es-tovabbkepzes\/wp-json\/wp\/v2\/types\/page"}],"author":[{"embeddable":true,"href":"https:\/\/semmelweis.hu\/szak-es-tovabbkepzes\/wp-json\/wp\/v2\/users\/101506"}],"replies":[{"embeddable":true,"href":"https:\/\/semmelweis.hu\/szak-es-tovabbkepzes\/wp-json\/wp\/v2\/comments?post=1816"}],"version-history":[{"count":5,"href":"https:\/\/semmelweis.hu\/szak-es-tovabbkepzes\/wp-json\/wp\/v2\/pages\/1816\/revisions"}],"predecessor-version":[{"id":22455,"href":"https:\/\/semmelweis.hu\/szak-es-tovabbkepzes\/wp-json\/wp\/v2\/pages\/1816\/revisions\/22455"}],"up":[{"embeddable":true,"href":"https:\/\/semmelweis.hu\/szak-es-tovabbkepzes\/wp-json\/wp\/v2\/pages\/1839"}],"wp:attachment":[{"href":"https:\/\/semmelweis.hu\/szak-es-tovabbkepzes\/wp-json\/wp\/v2\/media?parent=1816"}],"wp:term":[{"taxonomy":"category","embeddable":true,"href":"https:\/\/semmelweis.hu\/szak-es-tovabbkepzes\/wp-json\/wp\/v2\/categories?post=1816"},{"taxonomy":"post_tag","embeddable":true,"href":"https:\/\/semmelweis.hu\/szak-es-tovabbkepzes\/wp-json\/wp\/v2\/tags?post=1816"}],"curies":[{"name":"wp","href":"https:\/\/api.w.org\/{rel}","templated":true}]}}