{"id":3875,"date":"2022-11-03T16:23:02","date_gmt":"2022-11-03T15:23:02","guid":{"rendered":"https:\/\/semmelweis.hu\/szajsebeszet\/?page_id=3875"},"modified":"2022-11-03T19:41:06","modified_gmt":"2022-11-03T18:41:06","slug":"our-courses","status":"publish","type":"page","link":"https:\/\/semmelweis.hu\/szajsebeszet\/en\/our-courses\/","title":{"rendered":"Our courses"},"content":{"rendered":"<p><span style=\"font-size: 18pt\"><strong>I. For students of the Faculty of Dentistry<\/strong><\/span><\/p>\n<p><span style=\"text-decoration: underline\">1., Compulsory courses:<\/span><\/p>\n<div class=\"page\" title=\"Page 1\">\n<div class=\"section\">\n<div class=\"layoutArea\">\n<div class=\"column\">\n<p><em><strong>Oral and Maxillofacial Surgery, Pre-clinical course<\/strong><\/em><\/p>\n<\/div>\n<\/div>\n<\/div>\n<\/div>\n<p>&#8211;<span style=\"font-size: 14pt\">\u00a0 supervisor: <em>Dr. Zsolt N\u00e9meth<\/em>, med. habil., associate professor<\/span><\/p>\n<p><em><strong>Oral and Maxillofacial Surgery I<\/strong> <\/em>\u2013 \u00a0<span style=\"font-size: 14pt\">supervisor: <em>Dr. Zsolt N\u00e9meth<\/em>, med. habil., associate professor<\/span><\/p>\n<p><em><strong>Oral and Maxillofacial Surgery II<\/strong><\/em> \u2013 \u00a0<span style=\"font-size: 14pt\">supervisor: <em>Dr. Zsolt N\u00e9meth<\/em>, med. habil., associate professor<\/span><\/p>\n<p><em><strong>Oral and Maxillofacial Surgery III<\/strong><\/em>\u2013 \u00a0<span style=\"font-size: 14pt\">supervisor: <em>Dr. Zsolt N\u00e9meth<\/em>, med. habil., associate professor<\/span><\/p>\n<p><em><strong>Oral and Maxillofacial Surgery IV<\/strong><\/em> \u2013 <span style=\"font-size: 14pt\">supervisor: <em>Dr. Zsolt N\u00e9meth<\/em>, med. habil., associate professor<\/span><\/p>\n<p><em><strong>Oral and Maxillofacial Surgery V<\/strong><\/em> \u2013 <span style=\"font-size: 14pt\">supervisor: <em>Dr. Zsolt N\u00e9meth<\/em>, med. habil., associate professor<\/span><\/p>\n<p><em><strong>Implantology I<\/strong><\/em> \u2013 supervisor: <em>Dr. \u00c1rp\u00e1d Jo\u00f3b-Fancsaly<\/em>, med. habil., associate professor<\/p>\n<p><em><strong>Implantology II<\/strong><\/em> \u2013 supervisor: <em>Dr. \u00c1rp\u00e1d Jo\u00f3b-Fancsaly<\/em>, med. habil., associate professor<\/p>\n<p><span style=\"font-size: 18pt\"><strong>II. For students of the General Faculty of Medicine<\/strong><\/span><\/p>\n<p><span style=\"text-decoration: underline\">1., Compulsory course:<\/span><\/p>\n<p><em><strong>Oral Surgery and Dentistry (\u00c1OK)<\/strong><\/em> &#8211; <span style=\"font-size: 14pt\"><em>Dr. Zsolt N\u00e9meth<\/em>, med. habil., associate professor<\/span><\/p>\n","protected":false},"excerpt":{"rendered":"<p>I. For students of the Faculty of Dentistry 1., Compulsory courses: Oral and Maxillofacial Surgery, Pre-clinical course &#8211;\u00a0 supervisor: Dr. Zsolt N\u00e9meth, med. habil., associate professor Oral and Maxillofacial Surgery I \u2013 \u00a0supervisor: Dr. Zsolt N\u00e9meth, med. habil., associate professor Oral and Maxillofacial Surgery II \u2013 \u00a0supervisor: Dr. Zsolt N\u00e9meth, med. habil., associate professor Oral &hellip;<\/p>\n","protected":false},"author":176,"featured_media":0,"parent":0,"menu_order":0,"comment_status":"closed","ping_status":"closed","template":"","meta":{"_acf_changed":false,"footnotes":""},"categories":[],"tags":[],"class_list":["post-3875","page","type-page","status-publish","hentry"],"acf":[],"_links":{"self":[{"href":"https:\/\/semmelweis.hu\/szajsebeszet\/wp-json\/wp\/v2\/pages\/3875","targetHints":{"allow":["GET"]}}],"collection":[{"href":"https:\/\/semmelweis.hu\/szajsebeszet\/wp-json\/wp\/v2\/pages"}],"about":[{"href":"https:\/\/semmelweis.hu\/szajsebeszet\/wp-json\/wp\/v2\/types\/page"}],"author":[{"embeddable":true,"href":"https:\/\/semmelweis.hu\/szajsebeszet\/wp-json\/wp\/v2\/users\/176"}],"replies":[{"embeddable":true,"href":"https:\/\/semmelweis.hu\/szajsebeszet\/wp-json\/wp\/v2\/comments?post=3875"}],"version-history":[{"count":10,"href":"https:\/\/semmelweis.hu\/szajsebeszet\/wp-json\/wp\/v2\/pages\/3875\/revisions"}],"predecessor-version":[{"id":3904,"href":"https:\/\/semmelweis.hu\/szajsebeszet\/wp-json\/wp\/v2\/pages\/3875\/revisions\/3904"}],"wp:attachment":[{"href":"https:\/\/semmelweis.hu\/szajsebeszet\/wp-json\/wp\/v2\/media?parent=3875"}],"wp:term":[{"taxonomy":"category","embeddable":true,"href":"https:\/\/semmelweis.hu\/szajsebeszet\/wp-json\/wp\/v2\/categories?post=3875"},{"taxonomy":"post_tag","embeddable":true,"href":"https:\/\/semmelweis.hu\/szajsebeszet\/wp-json\/wp\/v2\/tags?post=3875"}],"curies":[{"name":"wp","href":"https:\/\/api.w.org\/{rel}","templated":true}]}}