{"id":3862,"date":"2022-11-03T10:42:23","date_gmt":"2022-11-03T09:42:23","guid":{"rendered":"https:\/\/semmelweis.hu\/szajsebeszet\/?page_id=3862"},"modified":"2023-12-11T11:33:03","modified_gmt":"2023-12-11T10:33:03","slug":"tantargyaink","status":"publish","type":"page","link":"https:\/\/semmelweis.hu\/szajsebeszet\/tantargyaink\/","title":{"rendered":"Tant\u00e1rgyaink"},"content":{"rendered":"<p><span style=\"font-size: 18pt\"><strong>I. Fogorvostudom\u00e1nyi Kar hallgat\u00f3i r\u00e9sz\u00e9re<\/strong><\/span><\/p>\n<p><span style=\"text-decoration: underline\">1., K\u00f6telez\u0151 tant\u00e1rgyak:<\/span><\/p>\n<p><em><strong>Sz\u00e1jseb\u00e9szeti propedeutika\u00a0<\/strong><\/em><span style=\"font-size: 1rem\">&#8211; <\/span><span style=\"font-size: 14pt\">tant\u00e1rgyfelel\u0151s: <em>Dr. Jo\u00f3b-Fancsaly \u00c1rp\u00e1d<\/em>, egyetemi docens<\/span><\/p>\n<p><em><strong>Sz\u00e1jseb\u00e9szet I<\/strong><\/em> &#8211; <span style=\"font-size: 14pt\">tant\u00e1rgyfelel\u0151s: <em>Dr. N\u00e9meth Zsolt<\/em>, med. habil., egyetemi tan\u00e1r<\/span><\/p>\n<p><em><strong>Sz\u00e1jseb\u00e9szet II<\/strong><\/em>&#8211; <span style=\"font-size: 14pt\">tant\u00e1rgyfelel\u0151s: <em>Dr. N\u00e9meth Zsolt<\/em>, med. habil., egyetemi tan\u00e1r<\/span><\/p>\n<p><em><strong>Sz\u00e1jseb\u00e9szet III<\/strong><\/em> &#8211; <span style=\"font-size: 14pt\">tant\u00e1rgyfelel\u0151s: <em>Dr. N\u00e9meth Zsolt<\/em>, med. habil., egyetemi tan\u00e1r<\/span><\/p>\n<p><em><strong>Sz\u00e1jseb\u00e9szet IV<\/strong><\/em>&#8211; <span style=\"font-size: 14pt\">tant\u00e1rgyfelel\u0151s: <em>Dr. N\u00e9meth Zsolt<\/em>, med. habil., egyetemi tan\u00e1r<\/span><\/p>\n<p><em><strong>Sz\u00e1jseb\u00e9szet V<\/strong><\/em> &#8211; <span style=\"font-size: 14pt\">tant\u00e1rgyfelel\u0151s: <em>Dr. N\u00e9meth Zsolt<\/em>, med. habil., egyetemi tan\u00e1r<\/span><\/p>\n<p><em><strong>Implantol\u00f3gia I<\/strong><\/em> &#8211; <span style=\"font-size: 14pt\">tant\u00e1rgyfelel\u0151s: <em>Dr. Jo\u00f3b-Fancsaly \u00c1rp\u00e1d<\/em>, med. habil., egyetemi docens<\/span><\/p>\n<p><em><strong>Implantol\u00f3gia II<\/strong><\/em> &#8211; <span style=\"font-size: 14pt\">tant\u00e1rgyfelel\u0151s: <em>Dr. Jo\u00f3b-Fancsaly \u00c1rp\u00e1d<\/em>, med. habil., egyetemi docens<\/span><\/p>\n<p><em><strong>Praxisszervez\u00e9s<\/strong> <\/em>&#8211; <span style=\"font-size: 14pt\">tant\u00e1rgyfelel\u0151s: <i>Dr. Sz\u0171cs Attila<\/i> PhD, egyetemi docens<\/span><\/p>\n<p><span style=\"text-decoration: underline\">2., Szabadon v\u00e1laszthat\u00f3 tant\u00e1rgyak:<\/span><\/p>\n<p><em><strong>S<\/strong><strong>peci\u00e1lis ell\u00e1t\u00e1st ig\u00e9nyl\u0151k fog\u00e1szati \u00e9s sz\u00e1jseb\u00e9szeti rehabilit\u00e1ci\u00f3ja<\/strong><\/em> &#8211; <span style=\"font-size: 14pt\">tant\u00e1rgyfelel\u0151s: <em>Dr. N\u00e9meth Zsolt<\/em>, med. habil., egyetemi tan\u00e1r<\/span><\/p>\n<p><em><strong>Az arc plasztikai seb\u00e9szete \u00e9s eszt\u00e9tikai beavatkoz\u00e1sai<\/strong><\/em> &#8211; <span style=\"font-size: 14pt\"><em>Dr. Vaszilk\u00f3 Mih\u00e1ly<\/em>, PhD, egyetemi docens<\/span><\/p>\n<p><span style=\"font-size: 18pt\"><strong>II. \u00c1ltal\u00e1nos Orvostudom\u00e1nyi Kar hallgat\u00f3i r\u00e9sz\u00e9re<\/strong><\/span><\/p>\n<p><span style=\"text-decoration: underline\">1., K\u00f6telez\u0151 tant\u00e1rgy:<\/span><\/p>\n<p><em><strong>Sz\u00e1jseb\u00e9szet \u00e9s Fog\u00e1szat (\u00c1OK)<\/strong><\/em> &#8211; <span style=\"font-size: 14pt\"><em>Dr. N\u00e9meth Zsolt<\/em>, med. habil., egyetemi tan\u00e1r<\/span><\/p>\n<p><span style=\"text-decoration: underline\">2., K\u00f6telez\u0151en v\u00e1laszthat\u00f3 tant\u00e1rgy:<\/span><\/p>\n<p><em><strong>Az arc plasztikai seb\u00e9szete \u00e9s eszt\u00e9tikai beavatkoz\u00e1sai<\/strong><\/em> &#8211; <span style=\"font-size: 14pt\"><em>Dr. N\u00e9meth Zsolt<\/em>, med. habil., egyetemi tan\u00e1r<\/span><\/p>\n<p>&nbsp;<\/p>\n","protected":false},"excerpt":{"rendered":"<p>I. Fogorvostudom\u00e1nyi Kar hallgat\u00f3i r\u00e9sz\u00e9re 1., K\u00f6telez\u0151 tant\u00e1rgyak: Sz\u00e1jseb\u00e9szeti propedeutika\u00a0&#8211; tant\u00e1rgyfelel\u0151s: Dr. Jo\u00f3b-Fancsaly \u00c1rp\u00e1d, egyetemi docens Sz\u00e1jseb\u00e9szet I &#8211; tant\u00e1rgyfelel\u0151s: Dr. N\u00e9meth Zsolt, med. habil., egyetemi tan\u00e1r Sz\u00e1jseb\u00e9szet II&#8211; tant\u00e1rgyfelel\u0151s: Dr. N\u00e9meth Zsolt, med. habil., egyetemi tan\u00e1r Sz\u00e1jseb\u00e9szet III &#8211; tant\u00e1rgyfelel\u0151s: Dr. N\u00e9meth Zsolt, med. habil., egyetemi tan\u00e1r Sz\u00e1jseb\u00e9szet IV&#8211; tant\u00e1rgyfelel\u0151s: Dr. N\u00e9meth Zsolt, med. &hellip;<\/p>\n","protected":false},"author":176,"featured_media":0,"parent":0,"menu_order":0,"comment_status":"closed","ping_status":"closed","template":"","meta":{"_acf_changed":false,"footnotes":""},"categories":[],"tags":[],"class_list":["post-3862","page","type-page","status-publish","hentry"],"acf":[],"_links":{"self":[{"href":"https:\/\/semmelweis.hu\/szajsebeszet\/wp-json\/wp\/v2\/pages\/3862","targetHints":{"allow":["GET"]}}],"collection":[{"href":"https:\/\/semmelweis.hu\/szajsebeszet\/wp-json\/wp\/v2\/pages"}],"about":[{"href":"https:\/\/semmelweis.hu\/szajsebeszet\/wp-json\/wp\/v2\/types\/page"}],"author":[{"embeddable":true,"href":"https:\/\/semmelweis.hu\/szajsebeszet\/wp-json\/wp\/v2\/users\/176"}],"replies":[{"embeddable":true,"href":"https:\/\/semmelweis.hu\/szajsebeszet\/wp-json\/wp\/v2\/comments?post=3862"}],"version-history":[{"count":10,"href":"https:\/\/semmelweis.hu\/szajsebeszet\/wp-json\/wp\/v2\/pages\/3862\/revisions"}],"predecessor-version":[{"id":4309,"href":"https:\/\/semmelweis.hu\/szajsebeszet\/wp-json\/wp\/v2\/pages\/3862\/revisions\/4309"}],"wp:attachment":[{"href":"https:\/\/semmelweis.hu\/szajsebeszet\/wp-json\/wp\/v2\/media?parent=3862"}],"wp:term":[{"taxonomy":"category","embeddable":true,"href":"https:\/\/semmelweis.hu\/szajsebeszet\/wp-json\/wp\/v2\/categories?post=3862"},{"taxonomy":"post_tag","embeddable":true,"href":"https:\/\/semmelweis.hu\/szajsebeszet\/wp-json\/wp\/v2\/tags?post=3862"}],"curies":[{"name":"wp","href":"https:\/\/api.w.org\/{rel}","templated":true}]}}