{"id":3840,"date":"2022-11-02T08:43:21","date_gmt":"2022-11-02T07:43:21","guid":{"rendered":"https:\/\/semmelweis.hu\/szajsebeszet\/?page_id=3840"},"modified":"2022-11-02T08:43:21","modified_gmt":"2022-11-02T07:43:21","slug":"tantargyleiras-es-kovetelmenyek-2","status":"publish","type":"page","link":"https:\/\/semmelweis.hu\/szajsebeszet\/oktatas\/szajsebeszeti-propedeutika\/tantargyleiras-es-kovetelmenyek-2\/","title":{"rendered":"Tant\u00e1rgyle\u00edr\u00e1s \u00e9s k\u00f6vetelm\u00e9nyek"},"content":{"rendered":"<p><a href=\"https:\/\/semmelweis.hu\/szajsebeszet\/files\/2022\/09\/Proped_magyar_final.pdf\">Sz\u00e1jseb\u00e9szeti propedeutika tant\u00e1rgy le\u00edr\u00e1sa \u00e9s k\u00f6vetelm\u00e9nyei.<\/a><\/p>\n","protected":false},"excerpt":{"rendered":"<p><a href=\"https:\/\/semmelweis.hu\/szajsebeszet\/files\/2022\/09\/Proped_magyar_final.pdf\">Sz\u00e1jseb\u00e9szeti propedeutika tant\u00e1rgy le\u00edr\u00e1sa \u00e9s k\u00f6vetelm\u00e9nyei.<\/a><\/p>\n","protected":false},"author":176,"featured_media":0,"parent":3832,"menu_order":0,"comment_status":"closed","ping_status":"closed","template":"","meta":{"_acf_changed":false,"footnotes":""},"categories":[],"tags":[],"class_list":["post-3840","page","type-page","status-publish","hentry"],"acf":[],"_links":{"self":[{"href":"https:\/\/semmelweis.hu\/szajsebeszet\/wp-json\/wp\/v2\/pages\/3840","targetHints":{"allow":["GET"]}}],"collection":[{"href":"https:\/\/semmelweis.hu\/szajsebeszet\/wp-json\/wp\/v2\/pages"}],"about":[{"href":"https:\/\/semmelweis.hu\/szajsebeszet\/wp-json\/wp\/v2\/types\/page"}],"author":[{"embeddable":true,"href":"https:\/\/semmelweis.hu\/szajsebeszet\/wp-json\/wp\/v2\/users\/176"}],"replies":[{"embeddable":true,"href":"https:\/\/semmelweis.hu\/szajsebeszet\/wp-json\/wp\/v2\/comments?post=3840"}],"version-history":[{"count":1,"href":"https:\/\/semmelweis.hu\/szajsebeszet\/wp-json\/wp\/v2\/pages\/3840\/revisions"}],"predecessor-version":[{"id":3841,"href":"https:\/\/semmelweis.hu\/szajsebeszet\/wp-json\/wp\/v2\/pages\/3840\/revisions\/3841"}],"up":[{"embeddable":true,"href":"https:\/\/semmelweis.hu\/szajsebeszet\/wp-json\/wp\/v2\/pages\/3832"}],"wp:attachment":[{"href":"https:\/\/semmelweis.hu\/szajsebeszet\/wp-json\/wp\/v2\/media?parent=3840"}],"wp:term":[{"taxonomy":"category","embeddable":true,"href":"https:\/\/semmelweis.hu\/szajsebeszet\/wp-json\/wp\/v2\/categories?post=3840"},{"taxonomy":"post_tag","embeddable":true,"href":"https:\/\/semmelweis.hu\/szajsebeszet\/wp-json\/wp\/v2\/tags?post=3840"}],"curies":[{"name":"wp","href":"https:\/\/api.w.org\/{rel}","templated":true}]}}