{"id":3061,"date":"2021-02-10T12:41:32","date_gmt":"2021-02-10T11:41:32","guid":{"rendered":"https:\/\/semmelweis.hu\/szajsebeszet\/?page_id=3061"},"modified":"2023-09-11T11:35:42","modified_gmt":"2023-09-11T09:35:42","slug":"kovetelmenyrendszer","status":"publish","type":"page","link":"https:\/\/semmelweis.hu\/szajsebeszet\/oktatas\/szajsebeszet-es-fogaszat-aok\/kovetelmenyrendszer\/","title":{"rendered":"K\u00f6vetelm\u00e9nyrendszer"},"content":{"rendered":"<p><a href=\"https:\/\/semmelweis.hu\/szajsebeszet\/files\/2023\/09\/Szajsebeszet-es-fogaszat-kovetelmeny-rendszer-magyar.pdf\"><b>A Sz\u00e1jseb\u00e9szet \u00e9s Fog\u00e1szat tant\u00e1rgy k\u00f6vetelm\u00e9nyrendszere \u00e1ltal\u00e1nos orvostanhallgat\u00f3k sz\u00e1m\u00e1ra.<\/b><\/a><\/p>\n","protected":false},"excerpt":{"rendered":"<p><a href=\"https:\/\/semmelweis.hu\/szajsebeszet\/files\/2023\/09\/Szajsebeszet-es-fogaszat-kovetelmeny-rendszer-magyar.pdf\">A Sz\u00e1jseb\u00e9szet \u00e9s Fog\u00e1szat tant\u00e1rgy k\u00f6vetelm\u00e9nyrendszere \u00e1ltal\u00e1nos orvostanhallgat\u00f3k sz\u00e1m\u00e1ra.<\/a><\/p>\n","protected":false},"author":176,"featured_media":0,"parent":3057,"menu_order":2,"comment_status":"closed","ping_status":"closed","template":"","meta":{"_acf_changed":false,"footnotes":""},"categories":[],"tags":[],"class_list":["post-3061","page","type-page","status-publish","hentry"],"acf":[],"_links":{"self":[{"href":"https:\/\/semmelweis.hu\/szajsebeszet\/wp-json\/wp\/v2\/pages\/3061","targetHints":{"allow":["GET"]}}],"collection":[{"href":"https:\/\/semmelweis.hu\/szajsebeszet\/wp-json\/wp\/v2\/pages"}],"about":[{"href":"https:\/\/semmelweis.hu\/szajsebeszet\/wp-json\/wp\/v2\/types\/page"}],"author":[{"embeddable":true,"href":"https:\/\/semmelweis.hu\/szajsebeszet\/wp-json\/wp\/v2\/users\/176"}],"replies":[{"embeddable":true,"href":"https:\/\/semmelweis.hu\/szajsebeszet\/wp-json\/wp\/v2\/comments?post=3061"}],"version-history":[{"count":6,"href":"https:\/\/semmelweis.hu\/szajsebeszet\/wp-json\/wp\/v2\/pages\/3061\/revisions"}],"predecessor-version":[{"id":4233,"href":"https:\/\/semmelweis.hu\/szajsebeszet\/wp-json\/wp\/v2\/pages\/3061\/revisions\/4233"}],"up":[{"embeddable":true,"href":"https:\/\/semmelweis.hu\/szajsebeszet\/wp-json\/wp\/v2\/pages\/3057"}],"wp:attachment":[{"href":"https:\/\/semmelweis.hu\/szajsebeszet\/wp-json\/wp\/v2\/media?parent=3061"}],"wp:term":[{"taxonomy":"category","embeddable":true,"href":"https:\/\/semmelweis.hu\/szajsebeszet\/wp-json\/wp\/v2\/categories?post=3061"},{"taxonomy":"post_tag","embeddable":true,"href":"https:\/\/semmelweis.hu\/szajsebeszet\/wp-json\/wp\/v2\/tags?post=3061"}],"curies":[{"name":"wp","href":"https:\/\/api.w.org\/{rel}","templated":true}]}}