{"id":3053,"date":"2021-02-10T12:18:47","date_gmt":"2021-02-10T11:18:47","guid":{"rendered":"https:\/\/semmelweis.hu\/szajsebeszet\/?page_id=3053"},"modified":"2025-10-06T01:08:41","modified_gmt":"2025-10-05T23:08:41","slug":"oktatasi-tajekoztato-2","status":"publish","type":"page","link":"https:\/\/semmelweis.hu\/szajsebeszet\/oktatas\/szajsebeszet-es-fogaszat-aok\/oktatasi-tajekoztato-2\/","title":{"rendered":"Oktat\u00e1si t\u00e1j\u00e9koztat\u00f3"},"content":{"rendered":"<p style=\"font-weight: 400\">Tisztelt Hallgat\u00f3k!<\/p>\n<p style=\"font-weight: 400\">A Sz\u00e1jseb\u00e9szet \u00e9s fog\u00e1szat tant\u00e1rgy gyakorlataira a 2025\/26-os tan\u00e9v \u0151szi szemeszter\u00e9ben szem\u00e9lyes form\u00e1ban ker\u00fcl sor.<\/p>\n<p style=\"font-weight: 400\">A gyakorlatok a blokkos\u00edtott oktat\u00e1snak megfelel\u0151 turnusbeoszt\u00e1st fogj\u00e1k k\u00f6vetni. Az egyes csoportok gyakorlataira az al\u00e1bbi id\u0151pontokban, az al\u00e1bbi napokon fog sor ker\u00fclni a Fogorvostudom\u00e1nyi Kar beoszt\u00e1s szerinti Klinik\u00e1in\/Tansz\u00e9kein:<\/p>\n<p><a href=\"https:\/\/semmelweis.hu\/szajsebeszet\/files\/2025\/10\/AOK-hallgatoi-magyar-tajekoztato-3-89111315-csoportoknak.pdf\">\u00c1OK 3,8,9,11,13,15-\u00f6s csoportok<\/a><\/p>\n<p><a href=\"https:\/\/semmelweis.hu\/szajsebeszet\/files\/2025\/10\/Oktatasi-tajekoztato-AOK-4.-evfolyam-magyar-1214-csoportoknak.pdf\">\u00c1OK 12,14es csoport<\/a><\/p>\n<p>&nbsp;<\/p>\n","protected":false},"excerpt":{"rendered":"<p>Tisztelt Hallgat\u00f3k!<br \/>\nA Sz\u00e1jseb\u00e9szet \u00e9s fog\u00e1szat tant\u00e1rgy gyakorlataira a 2025\/26-os tan\u00e9v \u0151szi szemeszter\u00e9ben szem\u00e9lyes form\u00e1ban ker\u00fcl sor.<br \/>\nA gyakorlatok a blokkos\u00edtott oktat\u00e1snak megfelel\u0151 turnusbeoszt\u00e1st fogj\u00e1k k\u00f6vetni. Az egyes csoportok gyakorlataira az al\u00e1bbi id\u0151pontokban, az al\u00e1bbi napokon fog sor ker\u00fclni a Fogorvostudom\u00e1nyi Kar beoszt\u00e1s szerinti Klinik\u00e1in\/Tansz\u00e9kein:<br \/>\n<a href=\"https:\/\/semmelweis.hu\/szajsebeszet\/files\/2025\/10\/AOK-hallgatoi-magyar-tajekoztato-3-89111315-csoportoknak.pdf\">\u00c1OK 3,8,9,11,13,15-\u00f6s csoportok<\/a><br \/>\n<a href=\"https:\/\/semmelweis.hu\/szajsebeszet\/files\/2025\/10\/Oktatasi-tajekoztato-AOK-4.-evfolyam-magyar-1214-csoportoknak.pdf\">\u00c1OK 12,14es csoport<\/a><br \/>\n&nbsp;<\/p>\n","protected":false},"author":176,"featured_media":0,"parent":3057,"menu_order":0,"comment_status":"closed","ping_status":"closed","template":"","meta":{"_acf_changed":false,"footnotes":""},"categories":[],"tags":[],"class_list":["post-3053","page","type-page","status-publish","hentry"],"acf":[],"_links":{"self":[{"href":"https:\/\/semmelweis.hu\/szajsebeszet\/wp-json\/wp\/v2\/pages\/3053","targetHints":{"allow":["GET"]}}],"collection":[{"href":"https:\/\/semmelweis.hu\/szajsebeszet\/wp-json\/wp\/v2\/pages"}],"about":[{"href":"https:\/\/semmelweis.hu\/szajsebeszet\/wp-json\/wp\/v2\/types\/page"}],"author":[{"embeddable":true,"href":"https:\/\/semmelweis.hu\/szajsebeszet\/wp-json\/wp\/v2\/users\/176"}],"replies":[{"embeddable":true,"href":"https:\/\/semmelweis.hu\/szajsebeszet\/wp-json\/wp\/v2\/comments?post=3053"}],"version-history":[{"count":10,"href":"https:\/\/semmelweis.hu\/szajsebeszet\/wp-json\/wp\/v2\/pages\/3053\/revisions"}],"predecessor-version":[{"id":4573,"href":"https:\/\/semmelweis.hu\/szajsebeszet\/wp-json\/wp\/v2\/pages\/3053\/revisions\/4573"}],"up":[{"embeddable":true,"href":"https:\/\/semmelweis.hu\/szajsebeszet\/wp-json\/wp\/v2\/pages\/3057"}],"wp:attachment":[{"href":"https:\/\/semmelweis.hu\/szajsebeszet\/wp-json\/wp\/v2\/media?parent=3053"}],"wp:term":[{"taxonomy":"category","embeddable":true,"href":"https:\/\/semmelweis.hu\/szajsebeszet\/wp-json\/wp\/v2\/categories?post=3053"},{"taxonomy":"post_tag","embeddable":true,"href":"https:\/\/semmelweis.hu\/szajsebeszet\/wp-json\/wp\/v2\/tags?post=3053"}],"curies":[{"name":"wp","href":"https:\/\/api.w.org\/{rel}","templated":true}]}}