{"id":2329,"date":"2020-02-09T06:46:53","date_gmt":"2020-02-09T05:46:53","guid":{"rendered":"http:\/\/semmelweis.hu\/szajsebeszet\/?page_id=2329"},"modified":"2020-02-09T06:48:37","modified_gmt":"2020-02-09T05:48:37","slug":"aok-iv-evf-kovetelmeny","status":"publish","type":"page","link":"https:\/\/semmelweis.hu\/szajsebeszet\/aok-iv-evf-kovetelmeny\/","title":{"rendered":"\u00c1OK IV. \u00e9vf. k\u00f6vetelm\u00e9ny"},"content":{"rendered":"<p>Semmelweis Egyetem, \u00c1ltal\u00e1nos Orvostudom\u00e1nyi Kar<br \/>\nA gesztorint\u00e9zet (\u00e9s az esetleges k\u00f6zrem\u0171k\u00f6d\u0151 int\u00e9zetek) megnevez\u00e9se:<\/p>\n<p>Semmelweis Egyetem, Fogorvostudom\u00e1nyi Kar<br \/>\nArc-\u00c1llcsont-Sz\u00e1jseb\u00e9szeti \u00e9s Fog\u00e1szati Klinika<br \/>\nFogorvostudom\u00e1nyi Kar, Oktat\u00e1si Centrum<br \/>\nFog\u00e1szati \u00e9s Sz\u00e1jseb\u00e9szeti Oktat\u00f3 Int\u00e9zet<br \/>\nA t\u00e1rgy neve: Sz\u00e1jseb\u00e9szet \u00e9s fog\u00e1szat (IV. \u00e9vfolyam)<br \/>\nAngol nyelven: Oral Surgery and Dentistry<br \/>\nN\u00e9met nyelven: Stomatologie <br \/>\nKredit\u00e9rt\u00e9ke: 2 <br \/>\nTeljes \u00f3rasz\u00e1m: 28 \u00f3ra el\u0151ad\u00e1s: tananyag a honlapon gyakorlat: 28 \u00f3ra szemin\u00e1rium: 0 \u00f3ra<br \/>\nTant\u00e1rgy t\u00edpusa: k\u00f6telez\u0151 k\u00f6telez\u0151en v\u00e1laszthat\u00f3 szabadon v\u00e1laszthat\u00f3<br \/>\nTan\u00e9v: 2020\/2021<br \/>\nTant\u00e1rgy k\u00f3dja2: AOKSZB690_1M, AOKSZB690_1A, AOKSZB690_1N<br \/>\nTant\u00e1rgyfelel\u0151s neve: Dr. N\u00e9meth Zsolt med. habil, PhD<br \/>\nMunkahelye, telefonos el\u00e9rhet\u0151s\u00e9ge: 06-1-2660-456<br \/>\nBeoszt\u00e1sa: egyetemi docens, klinikaigazgat\u00f3<br \/>\nHabilit\u00e1ci\u00f3j\u00e1nak kelte \u00e9s sz\u00e1ma: 2010.06.07. Sz\u00e1ma: 305<\/p>\n<p><em>A tant\u00e1rgy oktat\u00e1s\u00e1nak c\u00e9lkit\u0171z\u00e9se, helye az orvosk\u00e9pz\u00e9s kurrikulum\u00e1ban:<\/em><\/p>\n<p>A negyed\u00e9ves Sz\u00e1jseb\u00e9szet \u00e9s fog\u00e1szat blokk f\u0151 c\u00e9lja a leggyakoribb fog\u00e1szati, sz\u00e1jseb\u00e9szeti, arc-\u00e1llcsontseb\u00e9szeti k\u00f3rk\u00e9pek, azok legjellemz\u0151bb klinikai t\u00fcneteinek, felismer\u00e9s\u00e9nek, ell\u00e1t\u00e1s\u00e1nak bemutat\u00e1sa. Ezen t\u00fal fontos a fogorvosi szakmater\u00fcletek megismertet\u00e9se az \u00e1ltal\u00e1nos orvostanhallgat\u00f3kkal, hiszen k\u00e9s\u0151bbi orvosi munk\u00e1juk sor\u00e1n \u2013 a medicina b\u00e1rmely ter\u00fclet\u00e9n is dolgozzanak \u2013 sz\u00e1mtalan \u00f6sszef\u00fcgg\u00e9ssel, hat\u00e1rter\u00fcleti k\u00f3rk\u00e9ppel, diagnosztikus neh\u00e9zs\u00e9ggel tal\u00e1lkozhatnak majd, melyhez az itt megszerzett ismeretek elengedhetetlenek. Az oktat\u00e1s sor\u00e1n a hallgat\u00f3k megtanulj\u00e1k a sz\u00e1j\u00fcregi vizsg\u00e1lat, sztomato-onkol\u00f3giai sz\u0171r\u00e9s m\u00f3dszertan\u00e1t, a gyakorlatokon hangs\u00falyosan foglalkoznak az \u00e1ltal\u00e1nos orvostudom\u00e1ny szak\u00e1gainak fog\u00e1szati \u00e9s sz\u00e1jseb\u00e9szeti (sz\u00e1j\u00fcregi) \u00f6sszef\u00fcgg\u00e9seivel. Kiemelten fontos, hogy a j\u00f6v\u0151 orvosai tiszt\u00e1ban legyenek azzal, hogy az egyes k\u00f3rk\u00e9peknek milyen sz\u00e1j\u00fcregi t\u00fcnetei lehetnek, illetve, hogy bizonyos fog\u00e1szati-sz\u00e1j\u00fcregi betegs\u00e9gek milyen sziszt\u00e9m\u00e1s betegs\u00e9gek kiindul\u00f3pontjai lehetnek.<\/p>\n<p><em>A t\u00e1rgy oktat\u00e1s\u00e1nak helye (el\u0151ad\u00f3terem, szemin\u00e1riumi helyis\u00e9g, stb. c\u00edme):<\/em><\/p>\n<p>Semmelweis Egyetem, Fogorvostudom\u00e1nyi Kar<br \/>\nArc-\u00c1llcsont-Sz\u00e1jseb\u00e9szeti \u00e9s Fog\u00e1szati Klinika<br \/>\n1085 Budapest, M\u00e1ria u. 52.<\/p>\n<p>Fogorvostudom\u00e1nyi Kar, Oktat\u00e1si Centrum<br \/>\n1088 Budapest, Szentkir\u00e1lyi u. 47.<\/p>\n<p>Fog\u00e1szati \u00e9s Sz\u00e1jseb\u00e9szeti Oktat\u00f3 Int\u00e9zet <br \/>\n1088 Budapest, Szentkir\u00e1lyi u. 40.<\/p>\n<p>A t\u00e1rgy sikeres elv\u00e9gz\u00e9se milyen kompetenci\u00e1k megszerz\u00e9s\u00e9t eredm\u00e9nyezi:<\/p>\n<p>Az el\u0151ad\u00e1sok \u00e9s gyakorlatok c\u00e9lja, hogy az egyetemi tanulm\u00e1nyok befejez\u00e9sekor a frissen v\u00e9gzett orvosok korszer\u0171 elm\u00e9leti \u00e9s gyakorlati tud\u00e1s birtok\u00e1ban, a betegekkel \u00e9s hozz\u00e1tartoz\u00f3ikkal, valamint az eg\u00e9szs\u00e9g\u00fcgyi dolgoz\u00f3kkal korrekt emberi kapcsolatokat kialak\u00edtva \u00f6n\u00e1ll\u00f3 orvosi tev\u00e9kenys\u00e9g v\u00e9gz\u00e9s\u00e9re alkalmass\u00e1 v\u00e1ljanak. Fontos, hogy \u00e1tfog\u00f3 k\u00e9pet kapjanak az or\u00e1lis eg\u00e9szs\u00e9g fogalm\u00e1r\u00f3l. Praktiz\u00e1l\u00f3 orvosk\u00e9nt k\u00e9pesek lesznek, a sz\u00e1j\u00fcregi- fej-nyaki k\u00e9pletek vizsg\u00e1lat\u00e1ra, az ott \u00e9szlelt elv\u00e1ltoz\u00e1sok, megv\u00e1ltozott funkci\u00f3k \u00e9rt\u00e9kel\u00e9s\u00e9re, a gy\u00f3gyul\u00e1st c\u00e9lz\u00f3 diagnosztikus \u00e9s ter\u00e1pi\u00e1s folyamatok elind\u00edt\u00e1s\u00e1ra. Az orvostudom\u00e1nyt napjainkban meghat\u00e1roz\u00f3 prevent\u00edv szeml\u00e9letnek megfelel\u0151en k\u00e9pesek lesznek a fogak (sz\u00e1j\u00fcreg) ter\u00fclet\u00e9r\u0151l kiindul\u00f3, de sziszt\u00e9m\u00e1s kihat\u00e1ssal b\u00edr\u00f3 betegs\u00e9gek megel\u0151z\u00e9s\u00e9re, korai felismer\u00e9s\u00e9re.<\/p>\n<p>A tant\u00e1rgy felv\u00e9tel\u00e9hez, illetve elsaj\u00e1t\u00edt\u00e1s\u00e1hoz sz\u00fcks\u00e9ges el\u0151tanulm\u00e1nyi felt\u00e9telek:<\/p>\n<p>Anat\u00f3mia, Sejt- sz\u00f6vet- \u00e9s fejl\u0151d\u00e9stan IV., K\u00eds\u00e9rletes \u00e9s seb\u00e9szeti m\u0171t\u00e9ttan, Seb\u00e9szet I. <br \/>\nA kurzus megind\u00edt\u00e1s\u00e1nak hallgat\u00f3i l\u00e9tsz\u00e1mfelt\u00e9telei (minimum, maximun), a hallgat\u00f3k kiv\u00e1laszt\u00e1s\u00e1nak m\u00f3dja:<\/p>\n<p>A Neptun rendszerben t\u00f6rt\u00e9nt regisztr\u00e1ci\u00f3 alapj\u00e1n<\/p>\n<p><em>A kurzusra t\u00f6rt\u00e9n\u0151 jelentkez\u00e9s m\u00f3dja:<\/em><\/p>\n<p>Neptun rendszerben<\/p>\n<p><em>A t\u00e1rgy r\u00e9szletes tematik\u00e1ja:<\/em><\/p>\n<p>Arc-\u00e1llcsont-sz\u00e1jseb\u00e9szet, dentoalveol\u00e1ris seb\u00e9szet:<\/p>\n<p>A maxillofaci\u00e1lis r\u00e9gi\u00f3 j\u00f3indulat\u00fa daganatai. Praecancerosisok, sz\u00e1j\u00fcregi daganatok prevenci\u00f3ja, sz\u0171r\u0151vizsg\u00e1latok. A maxillofaci\u00e1lis r\u00e9gi\u00f3 rosszindulat\u00fa daganatai, azok kezel\u00e9se. Fejl\u0151d\u00e9si rendelleness\u00e9gek (craniofaci\u00e1lis fejl\u0151d\u00e9si rendelleness\u00e9gek, ajak-sz\u00e1jpadhasad\u00e9k, dysgnathi\u00e1k). Helyre\u00e1ll\u00edt\u00f3 seb\u00e9szet. Traumatol\u00f3gia. Gyullad\u00e1sos k\u00f3rk\u00e9pek kezel\u00e9se. Fogelt\u00e1vol\u00edt\u00e1s, dentoalveol\u00e1ris seb\u00e9szet, preprotetikai seb\u00e9szet. A dent\u00e1lis implantol\u00f3gia alapjai. Fogyat\u00e9kkal \u00e9l\u0151k or\u00e1lis rehabilit\u00e1ci\u00f3ja.<\/p>\n<p>Konzerv\u00e1l\u00f3 Fog\u00e1szat:<\/p>\n<p>\u00c1ltal\u00e1nos \u00e9s fog\u00e1szati anamn\u00e9zis felv\u00e9tele. A fog \u00e9s a fog\u00e1gy \u00e9s az \u00e1ltal\u00e1nos eg\u00e9szs\u00e9gi \u00e1llapot k\u00f6zti \u00f6sszef\u00fcgg\u00e9sek. Rizik\u00f3 p\u00e1ciensek. Betegvizsg\u00e1lat \u00e9s a leletek \u00e9rt\u00e9kel\u00e9se, diagn\u00f3zis. A kezel\u00e9si terv k\u00e9sz\u00edt\u00e9s\u00e9nek szempontjai. A prevenci\u00f3 lehet\u0151s\u00e9gei a sz\u00e1j\u00fcregi megbeteged\u00e9sek vonatkoz\u00e1s\u00e1ban. \u00c9letkorral j\u00e1r\u00f3 sz\u00e1j\u00fcregi v\u00e1ltoz\u00e1sok \u00e9s k\u00f6vetkezm\u00e9nyek. A fogszuvasod\u00e1s diagnosztik\u00e1ja \u00e9s ell\u00e1t\u00e1sa. A fogb\u00e9l \u00e9s a periodontium elv\u00e1ltoz\u00e1sainak jelent\u0151s\u00e9ge. A fogmegtart\u00f3 kezel\u00e9sek lehet\u0151s\u00e9gei. G\u00f3ck\u00e9rd\u00e9s. Antibiotikumok sz\u00fcks\u00e9gess\u00e9ge a fogmegtart\u00f3 kezel\u00e9sek sor\u00e1n. A fogorvosi ellen\u0151rz\u00e9s vizsg\u00e1latok jelent\u0151s\u00e9ge \u00e9s az \u00e1ltal\u00e1nos eg\u00e9szs\u00e9gi \u00e1llapot.<\/p>\n<p>Fogp\u00f3tl\u00e1stan:<\/p>\n<p>A fogp\u00f3tl\u00e1stani kezel\u00e9sek indik\u00e1ci\u00f3i \u00e9s kontraindik\u00e1ci\u00f3i. V\u00e1laszutak fogp\u00f3tl\u00e1sok k\u00e9sz\u00edt\u00e9sekor: mikor, milyen fogp\u00f3tl\u00e1s k\u00e9sz\u00edthet\u0151: r\u00f6gz\u00edtett, kivehet\u0151, implant\u00e1tumon elhorgonyzott, stb. Leggyakrabban k\u00e9sz\u00edtett r\u00f6gz\u00edtett \u00e9s kivehet\u0151 fogp\u00f3tl\u00e1sok bemutat\u00e1sa k\u00fcl\u00f6n\u00f6s hangs\u00falyt fektetve az eszm\u00e9letlen beteg primer ell\u00e1t\u00e1sa sor\u00e1n elt\u00e1vol\u00edthat\u00f3 \u00e9s elt\u00e1vol\u00edtand\u00f3 p\u00f3tl\u00e1sok bemutat\u00e1s\u00e1ra. R\u00f6gz\u00edtett \u00e9s kivehet\u0151 fogp\u00f3tl\u00e1sok ellen\u0151rz\u00e9se, gondoz\u00e1sa, milyen esetekben sz\u00fcks\u00e9ges a p\u00e1cienst fogorvosi kontrollra ir\u00e1ny\u00edtani.<br \/>\nAz \u00e1llkapocs\u00edz\u00fcleti betegek vizsg\u00e1lata, a temporomandibul\u00e1ris diszfunkci\u00f3 (TMD) diagnosztik\u00e1ja, \u00e9s konzervat\u00edv ell\u00e1t\u00e1si lehet\u0151s\u00e9gei. A TMD-s p\u00e1cienseket kezel\u0151 team \u00f6sszet\u00e9tele. A fogatlans\u00e1g azonnali \u00e9s k\u00e9s\u0151i k\u00f6vetkezm\u00e9nyeinek felismer\u00e9se \u00e9s gy\u00f3gy\u00edt\u00e1sa.<\/p>\n<p>Parodontol\u00f3gia:<\/p>\n<p>A beteg sz\u00e1jhigi\u00e9ni\u00e1j\u00e1nak ellen\u0151rz\u00e9se \u00e9s a professzion\u00e1lis sz\u00e1jhigi\u00e9nia kialak\u00edt\u00e1sa. Sz\u00e1jny\u00e1lkah\u00e1rtya vizsg\u00e1lat \u00e9s diagnosztika. Assziszt\u00e1l\u00e1si lehet\u0151s\u00e9g szubgingiv\u00e1lis depur\u00e1l\u00e1sn\u00e1l a nem seb\u00e9szi tasak kezel\u00e9s keret\u00e9ben. Assziszt\u00e1l\u00e1s parodont\u00e1lis m\u0171t\u00e9tekn\u00e9l.<\/p>\n<p>Gyermekfog\u00e1szat \u00e9s Fogszab\u00e1lyoz\u00e1s:<\/p>\n<p>Betegvizsg\u00e1lat gyermekkorban, \u00e1ltal\u00e1nos \u00e9s fog\u00e1szati anamn\u00e9zis, fogorvosi sz\u0171r\u0151vizsg\u00e1lat. Assziszt\u00e1l\u00e1s gyermekfog\u00e1szati kezel\u00e9sekhez (bar\u00e1zdaz\u00e1r\u00e1s, tej \u00e9s marad\u00f3 fogt\u00f6m\u00e9sek, alternat\u00edv lehet\u0151s\u00e9gek a gyermekkori szuvasod\u00e1sok ell\u00e1t\u00e1s\u00e1ban, tejfog extractio). A tej, vegyes \u00e9s marad\u00f3 fogazat saj\u00e1toss\u00e1gai, s\u00fcrg\u0151ss\u00e9gi esetek a gyermekfog\u00e1szatban, nehezen kezelhet\u0151 gyermekek ell\u00e1t\u00e1sa, g\u00f3ckutat\u00e1s \u00e9s g\u00f3ctalan\u00edt\u00e1s, gyermekkori fert\u0151z\u0151 betegs\u00e9gek sz\u00e1jt\u00fcnetei. Gy\u00f3gyszerek, \u00e9rz\u00e9stelen\u00edt\u00e9s gyermekkorban. <br \/>\nM\u00e1s fog\u00e1szati szakter\u00fcletek \u00f6sszef\u00fcgg\u00e9se a gyermekfog\u00e1szati \u00e9s fogszab\u00e1lyoz\u00e1si ell\u00e1t\u00e1ssal. Assziszt\u00e1l\u00e1s kivehet\u0151 \u00e9s r\u00f6gz\u00edtett fogszab\u00e1lyoz\u00f3 k\u00e9sz\u00fcl\u00e9kek aktiv\u00e1l\u00e1s\u00e1hoz. A leggyakrabban haszn\u00e1lt fogszab\u00e1lyoz\u00f3 k\u00e9sz\u00fcl\u00e9kek. \u00dajdons\u00e1gok a fogszab\u00e1lyoz\u00e1sban, digit\u00e1lis elj\u00e1r\u00e1sok, eszt\u00e9tikus k\u00e9sz\u00fcl\u00e9kek. Az \u00e9letkor jelent\u0151s\u00e9ge a fogszab\u00e1lyoz\u00e1sban.<\/p>\n<p>Or\u00e1lis Diagnosztika:<\/p>\n<p>A fog\u00e1szati panaszokkal \u00e9rkez\u0151 p\u00e1ciens panaszainak \u00e9s k\u00f3rt\u00f6rt\u00e9net\u00e9nek kik\u00e9rdez\u00e9se \u00e9s elemz\u00e9se. A beteg \u00e1ltal\u00e1nos eg\u00e9szs\u00e9gi \u00e1llapot\u00e1nak \u00e9s fog\u00e1szati elv\u00e1ltoz\u00e1sai k\u00f6z\u00f6tti kapcsolat felismer\u00e9se. A fej-nyak k\u00fcls\u0151 vizsg\u00e1lata \u00e9s a stomato-onkol\u00f3giai sz\u0171r\u0151vizsg\u00e1lat. Intraor\u00e1lis vizsg\u00e1lat l\u00e9p\u00e9sei, st\u00e1tusz felv\u00e9tel. Sz\u00e1jny\u00e1lkah\u00e1rtya l\u00e9zi\u00f3k. Sziszt\u00e9m\u00e1s autoimmun betegs\u00e9gek sz\u00e1jt\u00fcnetei. Fert\u0151z\u0151 betegs\u00e9gek sz\u00e1j\u00fcregi t\u00fcnetei. Gy\u00f3gyszermell\u00e9khat\u00e1sok sz\u00e1j\u00fcregi t\u00fcnetei. Sz\u00e1jny\u00e1lkah\u00e1rtya vizsg\u00e1latok kieg\u00e9sz\u00edt\u0151 m\u00f3dszerei. Dento-maxillofaci\u00e1lis k\u00e9palkot\u00f3 modalit\u00e1sok. Az \u00e1ltal\u00e1nos eg\u00e9szs\u00e9gi \u00e1llapot v\u00e1ltoz\u00e1s\u00e1nak megjelen\u00e9se a fog\u00e1szati r\u00f6ntgenk\u00e9peken. Traum\u00e1s esetek k\u00e9palkot\u00f3 vizsg\u00e1lata. Sz\u0171r\u0151vizsg\u00e1latokba bevonhat\u00f3 k\u00e9palkot\u00f3 m\u00f3dszerek.<\/p>\n<p>\nEgy\u00e9b, t\u00f6bb szakter\u00fcleten egyar\u00e1nt el\u0151fordul\u00f3 gyakorlati oktat\u00e1si tematika:<\/p>\n<p>S\u00fcrg\u0151ss\u00e9gi esetek ell\u00e1t\u00e1sa, a prevenci\u00f3 fontoss\u00e1ga \u00e9s kapcsol\u00f3d\u00e1sa az \u00e1ltal\u00e1nos orvosi szakter\u00fcletekhez. A fog\u00e1szati \u2013 sz\u00e1jseb\u00e9szeti j\u00e1r\u00f3beteg ell\u00e1t\u00e1s kapcsol\u00f3d\u00e1sa az arc-\u00e1llcsontseb\u00e9szeti \u00e9s fej-nyakseb\u00e9szeti oszt\u00e1lyok tev\u00e9kenys\u00e9g\u00e9hez. Gerosztomatol\u00f3gia. Fog\u00e1szati infektol\u00f3gia.<\/p>\n<p>\n<em>A tant\u00e1rgy oktat\u00e1sa blokkos\u00edtott rendszerben t\u00f6rt\u00e9nik, 1 h\u00e9t id\u0151tartamban.<\/em><\/p>\n<p>A Fogorvostudom\u00e1nyi Kar szorgalmi id\u0151szak\u00e1ban a k\u00e9pz\u00e9s a Semmelweis Egyetem, Fogorvostudom\u00e1nyi Kar, Arc-\u00c1llcsont-Sz\u00e1jseb\u00e9szeti \u00e9s Fog\u00e1szati Klinik\u00e1j\u00e1n \u00e9s a Fogorvostudom\u00e1nyi Kar Oktat\u00e1si Centrum\u00e1ban t\u00f6rt\u00e9nik.<\/p>\n<p>A Fogorvostudom\u00e1nyi Kar vizsgaid\u0151szak\u00e1ban a k\u00e9pz\u00e9s Semmelweis Egyetem, Fogorvostudom\u00e1nyi Kar, Arc-\u00c1llcsont-Sz\u00e1jseb\u00e9szeti \u00e9s Fog\u00e1szati Klinik\u00e1j\u00e1n \u00e9s a Fog\u00e1szati \u00e9s Sz\u00e1jseb\u00e9szeti Oktat\u00f3 Int\u00e9zetben t\u00f6rt\u00e9nik.<\/p>\n<p>Az 1 hetes blokk id\u0151beli beoszt\u00e1sa a k\u00f6vetkez\u0151:<\/p>\n<p>Blokkonk\u00e9nt, hetente, k\u00f6r\u00fclbel\u00fcl 40 hallgat\u00f3 (magyar-angol-n\u00e9met hallgat\u00f3k vegyesen) \u00e9rkeznek a klinik\u00e1kra. A hallgat\u00f3kat 6 csoportba osztjuk, mivel a Kar \u00e1ltal oktatott 6 szakmater\u00fclet tartja a gyakorlatokat.<\/p>\n<p>H\u00e9tf\u0151: 08.00 \u2013 08.30 3 nyelv\u0171 sz\u00f3beli t\u00e1j\u00e9koztat\u00f3 a blokk \u00f6sszes hallgat\u00f3ja sz\u00e1m\u00e1ra a heti oktat\u00e1si tematik\u00e1r\u00f3l, a gyakorlatok helysz\u00edn\u00e9r\u0151l, a jelenl\u00e9ti \u00edvek vezet\u00e9s\u00e9r\u0151l, a vizsg\u00e1r\u00f3l.<br \/>\nH\u00e9tf\u0151 \u2013 Kedd \u2013 Szerda: az adott h\u00e9tre vonatkoz\u00f3 beoszt\u00e1s szerint gyakorlat a Fogorvostudom\u00e1nyi Kar klinik\u00e1in (szorgalmi id\u0151szakban az FSZOI-ban \u00e9s az Arc-\u00c1llcsont-Sz\u00e1jseb\u00e9szeti \u00e9s Fog\u00e1szati Klinik\u00e1n). <br \/>\nId\u0151beoszt\u00e1s: 08.00 \u2013 11.30-ig gyakorlat, 11.30-t\u00f3l 12.30-ig eb\u00e9dsz\u00fcnet, 12.30-t\u00f3l 16.00-ig gyakorlat. <br \/>\nCs\u00fct\u00f6rt\u00f6k: a magyar \u00e9s a k\u00fclf\u00f6ldi hallgat\u00f3knak egyar\u00e1nt sz\u00fcnet.<br \/>\nP\u00e9ntek: tesztvizsga E-learning fel\u00fcleten.<\/p>\n<p>Az el\u0151ad\u00e1sok anyaga az oktat\u00e1sban r\u00e9sztvev\u0151 int\u00e9zetek honlapj\u00e1n megtal\u00e1lhat\u00f3ak.<\/p>\n<p>A gyakorlati napokon a hallgat\u00f3k a klinikai k\u00e9pz\u0151helyek k\u00f6z\u00f6tt cirkul\u00e1lnak.<\/p>\n<p>Ezek a Klinik\u00e1k:<\/p>\n<p>Arc-\u00c1llcsont-Sz\u00e1jseb\u00e9szeti \u00e9s Fog\u00e1szati Klinika <br \/>\nKonzerv\u00e1l\u00f3 Fog\u00e1szati Klinika<br \/>\nFogp\u00f3tl\u00e1stani Klinika<br \/>\nParodontol\u00f3giai Klinika<br \/>\nGyermekfog\u00e1szati \u00e9s Fogszab\u00e1lyoz\u00e1si Klinika<br \/>\nOr\u00e1lis Diagnosztikai Tansz\u00e9k<br \/>\nFog\u00e1szati \u00e9s Sz\u00e1jseb\u00e9szeti Oktat\u00f3 Int\u00e9zet (FOK vizsgaid\u0151szakban)<\/p>\n<p>\nAz adott tant\u00e1rgy hat\u00e1rter\u00fcleti k\u00e9rd\u00e9seit \u00e9rint\u0151 egy\u00e9b t\u00e1rgyak (k\u00f6telez\u0151 \u00e9s v\u00e1laszthat\u00f3 t\u00e1rgyak egyar\u00e1nt!). A tematik\u00e1k lehets\u00e9ges \u00e1tfed\u00e9sei:<\/p>\n<p>Ajak-sz\u00e1jpadhasad\u00e9kok \u2013 Gyermekseb\u00e9szet <br \/>\nArc\u00fcreg megbeteged\u00e9sei \u2013 fej-nyak daganatok \u2013 F\u00fcl-Orr-G\u00e9g\u00e9szet<br \/>\nAllergi\u00e1s k\u00f3rk\u00e9pek \u2013 sz\u00e1jny\u00e1lkah\u00e1rtya\/b\u0151r megbeteged\u00e9sei \u2013 B\u0151rgy\u00f3gy\u00e1szat &#8211; Belgy\u00f3gy\u00e1szat<br \/>\nG\u00f3cbetegs\u00e9gek \u2013 Belgy\u00f3gy\u00e1szat &#8211; B\u0151rgy\u00f3gy\u00e1szat \u2013 Rheumatol\u00f3gia<br \/>\nV\u00e9rz\u00e9keny betegek ell\u00e1t\u00e1sa &#8211; Haematol\u00f3gia<br \/>\nFej-nyaki k\u00e9palkot\u00e1s \u2013 Radiol\u00f3gia<br \/>\nAltat\u00e1sban v\u00e9gzett beavatkoz\u00e1sok &#8211; Anaesthesiologia<br \/>\nTranszf\u00fazi\u00f3 \u2013 2 hetes transzf\u00fazi\u00f3s tanfolyam szigorl\u00f3knak<br \/>\nSzepszis \u2013 Intenz\u00edv ter\u00e1pia, Infektol\u00f3gia, Mikrobiol\u00f3gia<br \/>\nDaganatos betegek ell\u00e1t\u00e1sa \u2013 Onkol\u00f3gia, Onkoradiol\u00f3gia<br \/>\nFog\u00e1szati \u2013 sz\u00e1jseb\u00e9szeti ell\u00e1t\u00e1s az id\u0151skorban \u2013 Gerontol\u00f3gia<br \/>\nA fogak, arc-\u00e1llcsontok, l\u00e1gyr\u00e9szek s\u00e9r\u00fcl\u00e9sei \u2013 Traumatol\u00f3gia<br \/>\nArcf\u00e1jdalmak &#8211; Neurol\u00f3gia <br \/>\nAz orbit\u00e1t \u00e9rint\u0151 gyullad\u00e1sos \u00e9s s\u00e9r\u00fcl\u00e9s k\u00f6vetkezm\u00e9nyek\u00e9nt kialakul\u00f3 k\u00f3rk\u00e9pek \u2013 Traumatol\u00f3gia \u2013 Szem\u00e9szet<br \/>\nAz orofaci\u00e1lis r\u00e9gi\u00f3b\u00f3l elt\u00e1vol\u00edtott sz\u00f6vetmint\u00e1k vizsg\u00e1lata \u2013 Pathol\u00f3gia<\/p>\n<p>\nA tant\u00e1rgy sikeres elv\u00e9gz\u00e9s\u00e9hez sz\u00fcks\u00e9ges speci\u00e1lis tanulm\u00e1nyi munka:<\/p>\n<p>Nincs ilyen.<\/p>\n<p>A foglalkoz\u00e1sokon val\u00f3 r\u00e9szv\u00e9tel k\u00f6vetelm\u00e9nyei \u00e9s a t\u00e1volmarad\u00e1s p\u00f3tl\u00e1s\u00e1nak lehet\u0151s\u00e9ge:<\/p>\n<p>A tanulm\u00e1nyi \u00e9s vizsgaszab\u00e1lyzatnak megfelel\u0151en a foglalkoz\u00e1sok 75%-\u00e1n k\u00f6telez\u0151 a r\u00e9szv\u00e9tel.<\/p>\n<p>A megszerzett ismeretek ellen\u0151rz\u00e9s\u00e9nek m\u00f3dja a szorgalmi id\u0151szakban5:<\/p>\n<p>A rendelkez\u00e9s\u00fcnkre \u00e1ll\u00f3 r\u00f6vid oktat\u00e1si id\u0151szak alatt k\u00f6zb\u00fcls\u0151, form\u00e1lis sz\u00e1monk\u00e9r\u00e9s nem t\u00f6rt\u00e9nik. A gyakorlatok \u00e9s a konzult\u00e1ci\u00f3k interakt\u00edv jellege lehet\u0151v\u00e9 teszi azonban a hallgat\u00f3k tud\u00e1s\u00e1nak \u00e9s a rendelkez\u00e9s\u00fckre \u00e1ll\u00f3 inform\u00e1ci\u00f3k felhaszn\u00e1l\u00e1s\u00e1nak ellen\u0151rz\u00e9s\u00e9t.<\/p>\n<p>\nA f\u00e9l\u00e9v al\u00e1\u00edr\u00e1s\u00e1nak k\u00f6vetelm\u00e9nyei:<\/p>\n<p>Legal\u00e1bb 75%-os r\u00e9szv\u00e9tel a foglalkoz\u00e1sokon.<\/p>\n<p>A vizsga t\u00edpusa:<\/p>\n<p>\u00cdr\u00e1sbeli tesztvizsga, E-learning.<br \/>\nVizsgak\u00f6vetelm\u00e9nyek:<\/p>\n<p>\u00cdr\u00e1sbeli vizsga E-learning fel\u00fcleten az el\u0151ad\u00e1sok, \u00e9s gyakorlatok anyag\u00e1b\u00f3l.<\/p>\n<p>A tesztk\u00e9rd\u00e9seket (egyszer\u0171 v\u00e1laszt\u00e1s, 4 lehets\u00e9ges v\u00e1laszb\u00f3l egy helyes v\u00e1lasz kiv\u00e1laszt\u00e1sa) a k\u00e9pz\u00e9sben r\u00e9sztvev\u0151 tansz\u00e9kek \u00e1ll\u00edtj\u00e1k \u00f6ssze, \u00e9s teszik k\u00f6zz\u00e9 honlapjukon.<\/p>\n<p>Az oszt\u00e1lyzat kialak\u00edt\u00e1s\u00e1nak m\u00f3dja \u00e9s t\u00edpusa:<\/p>\n<p>Tesztvizsga<br \/>\n90% felett jeles, 80-89% j\u00f3, 70-79% k\u00f6zepes, 60-69% el\u00e9gs\u00e9ges, 60% alatt el\u00e9gtelen<\/p>\n<p>A vizsg\u00e1ra t\u00f6rt\u00e9n\u0151 jelentkez\u00e9s m\u00f3dja:<\/p>\n<p>Neptun rendszeren kereszt\u00fcl<\/p>\n<p>A vizsga megism\u00e9tl\u00e9s\u00e9nek lehet\u0151s\u00e9gei:<\/p>\n<p>Tanulm\u00e1nyi \u00e9s Vizsgaszab\u00e1lyzat szerint<\/p>\n<p>A tananyag elsaj\u00e1t\u00edt\u00e1s\u00e1hoz felhaszn\u00e1lhat\u00f3 nyomtatott, elektronikus \u00e9s online jegyzetek, tank\u00f6nyvek, seg\u00e9dletek \u00e9s szakirodalom (online anyag eset\u00e9n html c\u00edm):<\/p>\n<p>Az oktat\u00e1sban r\u00e9sztvev\u0151 klinik\u00e1k honlapjain k\u00f6zz\u00e9tett e-learning tananyag.<\/p>\n","protected":false},"excerpt":{"rendered":"<p>Semmelweis Egyetem, \u00c1ltal\u00e1nos Orvostudom\u00e1nyi Kar A gesztorint\u00e9zet (\u00e9s az esetleges k\u00f6zrem\u0171k\u00f6d\u0151 int\u00e9zetek) megnevez\u00e9se: Semmelweis Egyetem, Fogorvostudom\u00e1nyi Kar Arc-\u00c1llcsont-Sz\u00e1jseb\u00e9szeti \u00e9s Fog\u00e1szati Klinika Fogorvostudom\u00e1nyi Kar, Oktat\u00e1si Centrum Fog\u00e1szati \u00e9s Sz\u00e1jseb\u00e9szeti Oktat\u00f3 Int\u00e9zet A t\u00e1rgy neve: Sz\u00e1jseb\u00e9szet \u00e9s fog\u00e1szat (IV. \u00e9vfolyam) Angol nyelven: Oral Surgery and Dentistry N\u00e9met nyelven: Stomatologie Kredit\u00e9rt\u00e9ke: 2 Teljes \u00f3rasz\u00e1m: 28 \u00f3ra el\u0151ad\u00e1s: tananyag &hellip;<\/p>\n","protected":false},"author":176,"featured_media":0,"parent":0,"menu_order":0,"comment_status":"closed","ping_status":"closed","template":"","meta":{"_acf_changed":false,"footnotes":""},"categories":[],"tags":[],"class_list":["post-2329","page","type-page","status-publish","hentry"],"acf":[],"_links":{"self":[{"href":"https:\/\/semmelweis.hu\/szajsebeszet\/wp-json\/wp\/v2\/pages\/2329","targetHints":{"allow":["GET"]}}],"collection":[{"href":"https:\/\/semmelweis.hu\/szajsebeszet\/wp-json\/wp\/v2\/pages"}],"about":[{"href":"https:\/\/semmelweis.hu\/szajsebeszet\/wp-json\/wp\/v2\/types\/page"}],"author":[{"embeddable":true,"href":"https:\/\/semmelweis.hu\/szajsebeszet\/wp-json\/wp\/v2\/users\/176"}],"replies":[{"embeddable":true,"href":"https:\/\/semmelweis.hu\/szajsebeszet\/wp-json\/wp\/v2\/comments?post=2329"}],"version-history":[{"count":2,"href":"https:\/\/semmelweis.hu\/szajsebeszet\/wp-json\/wp\/v2\/pages\/2329\/revisions"}],"predecessor-version":[{"id":2331,"href":"https:\/\/semmelweis.hu\/szajsebeszet\/wp-json\/wp\/v2\/pages\/2329\/revisions\/2331"}],"wp:attachment":[{"href":"https:\/\/semmelweis.hu\/szajsebeszet\/wp-json\/wp\/v2\/media?parent=2329"}],"wp:term":[{"taxonomy":"category","embeddable":true,"href":"https:\/\/semmelweis.hu\/szajsebeszet\/wp-json\/wp\/v2\/categories?post=2329"},{"taxonomy":"post_tag","embeddable":true,"href":"https:\/\/semmelweis.hu\/szajsebeszet\/wp-json\/wp\/v2\/tags?post=2329"}],"curies":[{"name":"wp","href":"https:\/\/api.w.org\/{rel}","templated":true}]}}