{"id":929,"date":"2015-11-05T00:00:00","date_gmt":"2015-11-04T23:00:00","guid":{"rendered":"http:\/\/semmelweis.hu\/symposium\/symposium2014-semmelweis\/"},"modified":"2018-01-17T14:08:17","modified_gmt":"2018-01-17T13:08:17","slug":"symposium2014","status":"publish","type":"page","link":"https:\/\/semmelweis.hu\/symposium\/szimpozium-archiv\/symposium2014\/","title":{"rendered":"Semmelweis Symposium 2014"},"content":{"rendered":"<div>\n<h1>Dear Colleagues!<\/h1>\n<p>&nbsp;<\/p>\n<p><img loading=\"lazy\" decoding=\"async\" class=\"alignright wp-image-952 size-full\" src=\"https:\/\/semmelweis.hu\/symposium\/files\/2015\/11\/indexkep.png\" alt=\"indexkep\" width=\"500\" height=\"286\" srcset=\"https:\/\/semmelweis.hu\/symposium\/files\/2015\/11\/indexkep.png 500w, https:\/\/semmelweis.hu\/symposium\/files\/2015\/11\/indexkep-300x172.png 300w\" sizes=\"auto, (max-width: 500px) 100vw, 500px\" \/>The aim of annually organized Semmelweis symposia is to enliven scientific public life at Semmelweis University. This year respiratory medicine is the focus of the 40 English language lectures to be presented between November 6-8, at the Hotel Mercure Buda, the venue of the 23rd Semmelweis Symposium entitled Trends in Pulmonology 2014. In the 21st century obstructive pulmonary diseases, pneumonia, fibrosis and lung cancer make respiratory disease to become the 3rd leading cause of early death. Pathophysiology and novel treatment of airway inflammation, basic and clinical immunology of allergic asthma, acute care of respiratory insufficiency (non-invasive ventilation), molecular biology and targeted therapy of lung cancer and lung transplantation will be among the topics to be covered by top experts from Europe and the United States together with their long-term Hungarian collaborators at the Department of Pulmonology Semmelweis University and other major respiratory centers of Hungary. Organizers of the 23rd Semmelweis Symposium will keep the traditionally high quality of this event. In earlier years, scientific quality was warranted by professors of Semmelweis: Zsolt Tulassay (2007), B\u00e9la Merkely (2008), Imre Romics (2009), L\u00e1szl\u00f3 Hunyady (2010), Tivadar Tulassay (2011), Judit M\u00e1ria Moln\u00e1r (2012) and Attila M\u00f3csai (2013), who contributed as conference chairs. This year Gy\u00f6rgy Losonczy, professor of pulmonology serves as conference chair. Senior members of the Department of Pulmonology have been regularly publishing in broad fields of respiratory medicine. All of them have spent long-term fellowships at those laboratories, from where their masters now come to Budapest. Gy\u00f6rgy Losonczy invites Chris Baylis, Jean-Paul Sculier, Christopher Redman and Anna Csisz\u00e1r, Ildik\u00f3 Horv\u00e1th invites Peter Barnes and Paolo Paredi, Veronika M\u00fcller invites Uwe Heemann, Gy\u00f6rgy Lang invites N\u00e1ndor Marczin, Judit Moldvay invites Paolo Boffetta and Helmuth Popper, G\u00e1bor Horv\u00e1th invites Adam Wanner, Matthias Salathe and Andreas Schmid, Lilla Tam\u00e1si invites Michael Schatz, Andr\u00e1s Lorx invites Wolfram Windisch, J\u00f3zsef Luk\u00e1csovits invites Piero Ceriani, Krist\u00f3f Karl\u00f3cai invites Horst Olschewski and G\u00e1bor Kov\u00e1cs Jr., Attila Somfay invites Richard Casaburi, Judit Moldvay invites Paolo Boffetta and Helmuth Popper, Zsolt I. Koml\u00f3si invites M\u00fcbeccel Akdis and Burkhard Ludewig and L\u00e1szl\u00f3 Kunos invites Olli Polo. Our outstanding Hungarian Guest Speakers will be professors Bal\u00e1zs Antus, P\u00e9ter Apor, Mikl\u00f3s T\u00f3th, Bal\u00e1zs D\u00f6me and J\u00e1nos Rig\u00f3.<br \/>\nThe Symposium will gain its end if younger generations of Hungarian academic pulmonologists leave this event thrilled by direct contact with leading scientists. Therefore, organizers are grateful for Guest Speakers who have accepted invitation. We look forward three exceptional, memorable days!<\/p>\n<p>September 8, 2014.<\/p>\n<\/div>\n<div id=\"kozep\">\n<h1>Venue of the Symposium<\/h1>\n<h4 style=\"margin-right: 10px;\"><strong>Hotel Mercure Buda<\/strong><br \/>\n<strong>Address:<\/strong> Budapest I., Krisztina krt. 41-43.<\/h4>\n<div style=\"float: right;\">\n<!-- iframe plugin v.4.9 wordpress.org\/plugins\/iframe\/ -->\n<iframe loading=\"lazy\" src=\"https:\/\/maps.google.com\/maps?f=q&#038;source=s_q&#038;hl=en&#038;geocode=&#038;q=Krisztina+k%C3%B6r%C3%BAt+43+Budapest+1013+Hungary&#038;sll=47.482432,19.129542&#038;sspn=0.395368,0.788956&#038;t=m&#038;ie=UTF8&#038;hq=&#038;hnear=Budapest,+I.+ker%C3%BClet,+Krisztina+k%C3%B6r%C3%BAt+41-43,+1013+Hungary&#038;ll=47.498853,19.027132&#038;spn=0.006176,0.012327&#038;z=14&#038;output=embed\" width=\"425\" height=\"250\" frameborder=\"0\" marginwidth=\"0\" marginheight=\"0\" scrolling=\"no\" class=\"iframe-class\"><\/iframe>\n<\/div>\n<p>Centrally-located, 4-star Hotel Mercure Budapest Buda,<br \/>\n5 minutes&#8217; walk through a nice park from the Castle District,<br \/>\n4 metro stations from the city center (De\u00e1k t\u00e9r station), direct<br \/>\naccess to public transport (Deli pu. station). Easy to reach<br \/>\nfrom M1\/M7 motorway.<\/p>\n<\/div>\n","protected":false},"excerpt":{"rendered":"<p>Dear Colleagues! &nbsp; The aim of annually organized Semmelweis symposia is to enliven scientific public life at Semmelweis University. This year respiratory medicine is the focus of the 40 English language lectures to be presented between November 6-8, at the Hotel Mercure Buda, the venue of the 23rd Semmelweis Symposium entitled Trends in Pulmonology 2014. &hellip;<\/p>\n","protected":false},"author":101029,"featured_media":0,"parent":228,"menu_order":20,"comment_status":"closed","ping_status":"closed","template":"","meta":{"_acf_changed":false,"footnotes":""},"categories":[],"tags":[],"class_list":["post-929","page","type-page","status-publish","hentry"],"acf":[],"_links":{"self":[{"href":"https:\/\/semmelweis.hu\/symposium\/wp-json\/wp\/v2\/pages\/929","targetHints":{"allow":["GET"]}}],"collection":[{"href":"https:\/\/semmelweis.hu\/symposium\/wp-json\/wp\/v2\/pages"}],"about":[{"href":"https:\/\/semmelweis.hu\/symposium\/wp-json\/wp\/v2\/types\/page"}],"author":[{"embeddable":true,"href":"https:\/\/semmelweis.hu\/symposium\/wp-json\/wp\/v2\/users\/101029"}],"replies":[{"embeddable":true,"href":"https:\/\/semmelweis.hu\/symposium\/wp-json\/wp\/v2\/comments?post=929"}],"version-history":[{"count":6,"href":"https:\/\/semmelweis.hu\/symposium\/wp-json\/wp\/v2\/pages\/929\/revisions"}],"predecessor-version":[{"id":992,"href":"https:\/\/semmelweis.hu\/symposium\/wp-json\/wp\/v2\/pages\/929\/revisions\/992"}],"up":[{"embeddable":true,"href":"https:\/\/semmelweis.hu\/symposium\/wp-json\/wp\/v2\/pages\/228"}],"wp:attachment":[{"href":"https:\/\/semmelweis.hu\/symposium\/wp-json\/wp\/v2\/media?parent=929"}],"wp:term":[{"taxonomy":"category","embeddable":true,"href":"https:\/\/semmelweis.hu\/symposium\/wp-json\/wp\/v2\/categories?post=929"},{"taxonomy":"post_tag","embeddable":true,"href":"https:\/\/semmelweis.hu\/symposium\/wp-json\/wp\/v2\/tags?post=929"}],"curies":[{"name":"wp","href":"https:\/\/api.w.org\/{rel}","templated":true}]}}