{"id":345,"date":"2015-11-04T00:00:00","date_gmt":"2015-11-03T23:00:00","guid":{"rendered":"http:\/\/semmelweis.hu\/symposium\/andreas-johannes-gross-prof-dr-med\/"},"modified":"2015-11-06T13:16:48","modified_gmt":"2015-11-06T12:16:48","slug":"andreas-johannes-gross-prof-dr-med","status":"publish","type":"page","link":"https:\/\/semmelweis.hu\/symposium\/szimpozium-archiv\/symposium2009-semmelweis\/eloadok\/andreas-johannes-gross-prof-dr-med\/","title":{"rendered":"Andreas Johannes GROSS, Prof. Dr. med."},"content":{"rendered":"\n<p><strong>Education and Career<\/strong><br \/> 1978\u201387 Universities of Freiburg, Lakeland\/Florida, Mu\u0308nchen, Lu\u0308beck, Wellington\/Newzealand<br \/> 1987 Graduation<br \/> 1987 Approbation<br \/> 1988 Doctoral Thesis<br \/> 1997 Professoral Thesis<\/p>\n<p><strong>Residency<\/strong><br \/> 1987 Universit\u00e4t zu Lu\u0308beck<br \/> 1989 Freie Universit\u00e4t Berlin<br \/> 1992 Universit\u00e4t Hamburg<br \/> 1993 Consultant Universit\u00e4t G\u00f6ttingen<br \/> 1997 Associate Professor Universit\u00e4t G\u00f6ttingen<\/p>\n<p><strong>Head of Department<\/strong><br \/> 2000 Bergisch-Gladbach<br \/> 2005 Asklepios Klinik Barmbek, Hamburg<\/p>\n<p><strong>Awards<\/strong><br \/> 1993 and 1999 Peter-Bischoff-Preis<br \/> 2005 Gaikwad Oration<br \/> 2007 Asklepios Award fu\u0308r Medizinische Innovation und Qualit\u00e4t Honorary Member New York Section of the American Urological Association<\/p>\n<p><strong>Membership<\/strong><br \/> German Society for Urology<br \/> Member West-East-Commitee<br \/> North-German Society for Urology<br \/> West-German Society for Urology<br \/> West-German Society for the promotion of talented urologists<br \/> American Urological Association<\/p>\n<p>Member of the History Commitee<br \/> Endourological Society<br \/> Academy for Ethics in Medicine<br \/> European Intrarenal Surgery Society<\/p>\n<p><strong>Examiner<\/strong> European Board of Urology Board of Urology State General Medical Council<\/p>\n<p><strong>Reviewer<\/strong><\/p>\n<p>Journal of Urology<br \/> African Journal of Urology<br \/> European Journal of Clinical Investigation<br \/> Journal fu\u0308r Urologie und Urogyn\u00e4kologie<br \/> Extracta Urologica<br \/> Drugs and Aging<\/p>\n<p><strong>Editorial board<\/strong> World Journal of Urology<\/p>\n<p><strong>Member scientific advisory board<\/strong><br \/> Spina bifida and hydrocephalus society<br \/> Uro News<br \/> Yaramdas Patel Academic Centre, Nadiad, India<\/p>\n<p><strong>Publications<\/strong><br \/> journal articles 91<br \/> published abstracts 129<br \/> national\/international lectures 168<br \/> several book articles<br \/> Editor of several books<\/p>\n","protected":false},"excerpt":{"rendered":"<p>Education and Career 1978\u201387 Universities of Freiburg, Lakeland\/Florida, Mu\u0308nchen, Lu\u0308beck, Wellington\/Newzealand 1987 Graduation 1987 Approbation 1988 Doctoral Thesis 1997 Professoral Thesis Residency 1987 Universit\u00e4t zu Lu\u0308beck 1989 Freie Universit\u00e4t Berlin 1992 Universit\u00e4t Hamburg 1993 Consultant Universit\u00e4t G\u00f6ttingen 1997 Associate Professor Universit\u00e4t G\u00f6ttingen Head of Department 2000 Bergisch-Gladbach 2005 Asklepios Klinik Barmbek, Hamburg Awards 1993 and &hellip;<\/p>\n","protected":false},"author":1,"featured_media":0,"parent":321,"menu_order":0,"comment_status":"closed","ping_status":"closed","template":"","meta":{"_acf_changed":false,"footnotes":""},"categories":[],"tags":[],"class_list":["post-345","page","type-page","status-publish","hentry"],"acf":[],"_links":{"self":[{"href":"https:\/\/semmelweis.hu\/symposium\/wp-json\/wp\/v2\/pages\/345","targetHints":{"allow":["GET"]}}],"collection":[{"href":"https:\/\/semmelweis.hu\/symposium\/wp-json\/wp\/v2\/pages"}],"about":[{"href":"https:\/\/semmelweis.hu\/symposium\/wp-json\/wp\/v2\/types\/page"}],"author":[{"embeddable":true,"href":"https:\/\/semmelweis.hu\/symposium\/wp-json\/wp\/v2\/users\/1"}],"replies":[{"embeddable":true,"href":"https:\/\/semmelweis.hu\/symposium\/wp-json\/wp\/v2\/comments?post=345"}],"version-history":[{"count":1,"href":"https:\/\/semmelweis.hu\/symposium\/wp-json\/wp\/v2\/pages\/345\/revisions"}],"predecessor-version":[{"id":434,"href":"https:\/\/semmelweis.hu\/symposium\/wp-json\/wp\/v2\/pages\/345\/revisions\/434"}],"up":[{"embeddable":true,"href":"https:\/\/semmelweis.hu\/symposium\/wp-json\/wp\/v2\/pages\/321"}],"wp:attachment":[{"href":"https:\/\/semmelweis.hu\/symposium\/wp-json\/wp\/v2\/media?parent=345"}],"wp:term":[{"taxonomy":"category","embeddable":true,"href":"https:\/\/semmelweis.hu\/symposium\/wp-json\/wp\/v2\/categories?post=345"},{"taxonomy":"post_tag","embeddable":true,"href":"https:\/\/semmelweis.hu\/symposium\/wp-json\/wp\/v2\/tags?post=345"}],"curies":[{"name":"wp","href":"https:\/\/api.w.org\/{rel}","templated":true}]}}