{"id":330,"date":"2015-11-04T15:04:37","date_gmt":"2015-11-04T14:04:37","guid":{"rendered":"http:\/\/semmelweis.hu\/symposium\/?page_id=330"},"modified":"2015-11-04T15:04:37","modified_gmt":"2015-11-04T14:04:37","slug":"bemutatkozas-2","status":"publish","type":"page","link":"https:\/\/semmelweis.hu\/symposium\/szimpozium-archiv\/symposium2009-semmelweis\/bemutatkozas-2\/","title":{"rendered":"Bemutatkoz\u00e1s"},"content":{"rendered":"<p align=\"center\"><strong><em>XVIII. INTERNATIONAL SEMMELWEIS <\/em><\/strong><\/p>\n<p align=\"center\"><strong><em>SYMPOSIUM AND XXII. FUN <\/em><\/strong><\/p>\n<p align=\"center\"><em>\u201eNew trends, innovations and technology in urology\u201d <\/em><em>19\u201320 NOVEMBER 2009. <\/em><\/p>\n<p align=\"center\">Location<\/p>\n<p align=\"center\"><strong>Novotel Budapest Centrum 1088 Budapest, R\u00e1k\u00f3czi \u00fat 43\u201345.<\/strong><\/p>\n<p align=\"center\">Scientific committee<\/p>\n<p align=\"center\">Prof. Imre Romics, <em>Conference Chair <\/em>P\u00e9ter Nyir\u00e1dy, <em>Conference Coordinator <\/em>Antal Hamvas, Zsolt Kopa, Attila Majoros<\/p>\n<p align=\"center\">Organizer<\/p>\n<p align=\"center\"><strong>Zsombor Papp,<\/strong><\/p>\n<p align=\"center\"><em>Dep. GM, Coordinating Director <\/em><\/p>\n<p align=\"center\">e-mail: <a href=\"mailto:zspapp@convention.hu\">zspapp@convention.hu<\/a><\/p>\n<p align=\"center\"><strong>Convention Budapest Kft.<\/strong><\/p>\n<p align=\"center\">Office<\/p>\n<p align=\"center\">1097 Budapest, T\u00f3th K\u00e1lm\u00e1n utca 33., B lh. VI\/5.<\/p>\n<p align=\"center\">Mailing address<\/p>\n<p align=\"center\">1461 Budapest, Pf. 11.<\/p>\n<p align=\"center\">Telefon<\/p>\n<p align=\"center\">+361 299-0184, +361 299-0185, +361 299-0186<\/p>\n<p align=\"center\">Fax<\/p>\n<p align=\"center\">+361 299-0187<\/p>\n<p align=\"center\">web:<\/p>\n<p align=\"center\"><strong>www.convention.hu<\/strong><\/p>\n<p align=\"center\">e-mail<\/p>\n<p align=\"center\"><a href=\"mailto:convention@convention.hu\">convention@convention.hu<\/a><\/p>\n<p align=\"center\"><a href=\"https:\/\/semmelweis.hu\/symposium\/archiv\/symposium2009-semmelweis\/galeria\/\">Tekintse meg fot\u00f3gal\u00e9ri\u00e1nkat!<\/a><\/p>\n<p align=\"center\"><a href=\"https:\/\/semmelweis.hu\/symposium\/archiv\/symposium2009-semmelweis\/agenda\/\">&lt;&lt; Tov\u00e1bbi inform\u00e1ci\u00f3k &gt;&gt;<\/a><\/p>\n","protected":false},"excerpt":{"rendered":"<p>XVIII. INTERNATIONAL SEMMELWEIS SYMPOSIUM AND XXII. FUN \u201eNew trends, innovations and technology in urology\u201d 19\u201320 NOVEMBER 2009. Location Novotel Budapest Centrum 1088 Budapest, R\u00e1k\u00f3czi \u00fat 43\u201345. Scientific committee Prof. Imre Romics, Conference Chair P\u00e9ter Nyir\u00e1dy, Conference Coordinator Antal Hamvas, Zsolt Kopa, Attila Majoros Organizer Zsombor Papp, Dep. GM, Coordinating Director e-mail: <a href=\"mailto:zspapp@convention.hu\">zspapp@convention.hu<\/a> Convention Budapest Kft. Office &hellip;<\/p>\n","protected":false},"author":1,"featured_media":0,"parent":318,"menu_order":0,"comment_status":"closed","ping_status":"closed","template":"","meta":{"_acf_changed":false,"footnotes":""},"categories":[],"tags":[],"class_list":["post-330","page","type-page","status-publish","hentry"],"acf":[],"_links":{"self":[{"href":"https:\/\/semmelweis.hu\/symposium\/wp-json\/wp\/v2\/pages\/330","targetHints":{"allow":["GET"]}}],"collection":[{"href":"https:\/\/semmelweis.hu\/symposium\/wp-json\/wp\/v2\/pages"}],"about":[{"href":"https:\/\/semmelweis.hu\/symposium\/wp-json\/wp\/v2\/types\/page"}],"author":[{"embeddable":true,"href":"https:\/\/semmelweis.hu\/symposium\/wp-json\/wp\/v2\/users\/1"}],"replies":[{"embeddable":true,"href":"https:\/\/semmelweis.hu\/symposium\/wp-json\/wp\/v2\/comments?post=330"}],"version-history":[{"count":1,"href":"https:\/\/semmelweis.hu\/symposium\/wp-json\/wp\/v2\/pages\/330\/revisions"}],"predecessor-version":[{"id":739,"href":"https:\/\/semmelweis.hu\/symposium\/wp-json\/wp\/v2\/pages\/330\/revisions\/739"}],"up":[{"embeddable":true,"href":"https:\/\/semmelweis.hu\/symposium\/wp-json\/wp\/v2\/pages\/318"}],"wp:attachment":[{"href":"https:\/\/semmelweis.hu\/symposium\/wp-json\/wp\/v2\/media?parent=330"}],"wp:term":[{"taxonomy":"category","embeddable":true,"href":"https:\/\/semmelweis.hu\/symposium\/wp-json\/wp\/v2\/categories?post=330"},{"taxonomy":"post_tag","embeddable":true,"href":"https:\/\/semmelweis.hu\/symposium\/wp-json\/wp\/v2\/tags?post=330"}],"curies":[{"name":"wp","href":"https:\/\/api.w.org\/{rel}","templated":true}]}}