{"id":271,"date":"2015-11-02T00:00:00","date_gmt":"2015-11-01T23:00:00","guid":{"rendered":"http:\/\/semmelweis.hu\/symposium\/symp2011_contact\/"},"modified":"2018-01-17T13:58:34","modified_gmt":"2018-01-17T12:58:34","slug":"symp2011_contact","status":"publish","type":"page","link":"https:\/\/semmelweis.hu\/symposium\/szimpozium-archiv\/semmelweis-szimpozium-2017\/symp2011_contact\/","title":{"rendered":"Contact"},"content":{"rendered":"<p><span style=\"text-decoration: underline;\">\u00a0<strong>A rendezv\u00e9ny szervez\u0151i:<\/strong><\/span><\/p>\n<p><strong>Dr. Andr\u00e1s Matolcsy<\/strong><br \/>\n 1st Department of Pathology and Experimental Cancer Research<br \/>\n 1085 Budapest, \u00dcll\u0151i \u00fat 26.<br \/>\n e-mail: <a href=\"mailto:titkarsag@korb1.sote.hu\">titkarsag@korb1.sote.hu<\/a><\/p>\n<p><b>Dr. Csaba B\u00f6d\u00f6r \u00a0<br \/>\n <\/b>MTA-SE Lend\u00fclet Molecular\u00a0Oncohematology Research Group<br \/>\n 1st Department of Pathology and Experimental Cancer Research<br \/>\n 1085 Budapest, \u00dcll\u0151i \u00fat 26.<br \/>\n e-mail: <a href=\"mailto:bodor.csaba1@med.semmelweis-univ.hu\">bodor.csaba1@med.semmelweis-univ.hu<\/a><\/p>\n<p><strong>Dr. Judit Demeter<\/strong><br \/>\n 1st Department of Internal Medicine<br \/>\n 1083 Budapest, Kor\u00e1nyi S\u00e1ndor u. 2\/a<br \/>\n e-mail: <a href=\"mailto:demjud@bel1.sote.hu\">demjud@bel1.sote.hu<\/a>\u00a0<\/p>\n<p><b>Dr. Tam\u00e1s Masszi<br \/>\n <\/b>3rd Department of Internal Medicine<br \/>\n 1125 Budapest, K\u00fatv\u00f6lgyi \u00fat 4<br \/>\n e-mail: <a href=\"mailto:masszi.tamas@med.semmelweis-univ.hu\">masszi.tamas@med.semmelweis-univ.hu<\/a><\/p>\n<p>&nbsp;<\/p>\n<p><b><span style=\"text-decoration: underline;\">Congress Bureau<\/span><br \/>\n <\/b> Katalin M\u00e1tray<br \/>\n K&amp;M Congress Ltd.<br \/>\n H-1064 Budapest, Podmaniczky utca 75.<br \/>\n Phone: +36-1-301-2000, Fax: +36-301-2001<br \/>\n e-mail: <a href=\"mailto:info@kmcongress.com\">info@kmcongress.com<\/a><\/p>\n","protected":false},"excerpt":{"rendered":"<p>\u00a0A rendezv\u00e9ny szervez\u0151i: Dr. Andr\u00e1s Matolcsy 1st Department of Pathology and Experimental Cancer Research 1085 Budapest, \u00dcll\u0151i \u00fat 26. e-mail: <a href=\"mailto:titkarsag@korb1.sote.hu\">titkarsag@korb1.sote.hu<\/a> Dr. Csaba B\u00f6d\u00f6r \u00a0 MTA-SE Lend\u00fclet Molecular\u00a0Oncohematology Research Group 1st Department of Pathology and Experimental Cancer Research 1085 Budapest, \u00dcll\u0151i \u00fat 26. e-mail: <a href=\"mailto:bodor.csaba1@med.semmelweis-univ.hu\">bodor.csaba1@med.semmelweis-univ.hu<\/a> Dr. Judit Demeter 1st Department of Internal Medicine 1083 Budapest, Kor\u00e1nyi S\u00e1ndor &hellip;<\/p>\n","protected":false},"author":158,"featured_media":0,"parent":1450,"menu_order":10,"comment_status":"closed","ping_status":"closed","template":"","meta":{"_acf_changed":false,"footnotes":""},"categories":[],"tags":[],"class_list":["post-271","page","type-page","status-publish","hentry"],"acf":[],"_links":{"self":[{"href":"https:\/\/semmelweis.hu\/symposium\/wp-json\/wp\/v2\/pages\/271","targetHints":{"allow":["GET"]}}],"collection":[{"href":"https:\/\/semmelweis.hu\/symposium\/wp-json\/wp\/v2\/pages"}],"about":[{"href":"https:\/\/semmelweis.hu\/symposium\/wp-json\/wp\/v2\/types\/page"}],"author":[{"embeddable":true,"href":"https:\/\/semmelweis.hu\/symposium\/wp-json\/wp\/v2\/users\/158"}],"replies":[{"embeddable":true,"href":"https:\/\/semmelweis.hu\/symposium\/wp-json\/wp\/v2\/comments?post=271"}],"version-history":[{"count":8,"href":"https:\/\/semmelweis.hu\/symposium\/wp-json\/wp\/v2\/pages\/271\/revisions"}],"predecessor-version":[{"id":1677,"href":"https:\/\/semmelweis.hu\/symposium\/wp-json\/wp\/v2\/pages\/271\/revisions\/1677"}],"up":[{"embeddable":true,"href":"https:\/\/semmelweis.hu\/symposium\/wp-json\/wp\/v2\/pages\/1450"}],"wp:attachment":[{"href":"https:\/\/semmelweis.hu\/symposium\/wp-json\/wp\/v2\/media?parent=271"}],"wp:term":[{"taxonomy":"category","embeddable":true,"href":"https:\/\/semmelweis.hu\/symposium\/wp-json\/wp\/v2\/categories?post=271"},{"taxonomy":"post_tag","embeddable":true,"href":"https:\/\/semmelweis.hu\/symposium\/wp-json\/wp\/v2\/tags?post=271"}],"curies":[{"name":"wp","href":"https:\/\/api.w.org\/{rel}","templated":true}]}}