{"id":190,"date":"2015-10-09T14:29:35","date_gmt":"2015-10-09T12:29:35","guid":{"rendered":"http:\/\/semmelweis.hu\/symposium\/?page_id=190"},"modified":"2015-10-12T15:05:56","modified_gmt":"2015-10-12T13:05:56","slug":"hasznos-informaciok","status":"publish","type":"page","link":"https:\/\/semmelweis.hu\/symposium\/szimpozium-archiv\/semmelweis-szimpozium-2015\/hasznos-informaciok\/","title":{"rendered":"Hasznos inform\u00e1ci\u00f3k"},"content":{"rendered":"<p><strong>A Szimp\u00f3zium id\u0151pontja<\/strong><br \/>\n2015. november 5-6.<\/p>\n<p><strong>Akkredit\u00e1ci\u00f3<\/strong><br \/>\nA Szimp\u00f3zium akkredit\u00e1ci\u00f3ja folyamatban van.<br \/>\nPhD hallgat\u00f3k a Doktori Iskol\u00e1n kereszt\u00fcl kapj\u00e1k meg a r\u00e9szv\u00e9tel ut\u00e1n j\u00e1r\u00f3 kreditpontot.<\/p>\n<p><strong>Poszter \u00f6sszefoglal\u00f3<\/strong><br \/>\nA Tudom\u00e1nyos Bizotts\u00e1g PhD hallgat\u00f3k angol nyelv\u0171 poszter \u00f6sszefoglal\u00f3it v\u00e1rja a <a href=\"https:\/\/semmelweis.hu\/symposium\/semmelweis-symposium-2015\/absztrakt-bekuldes\">https:\/\/semmelweis.hu\/symposium\/semmelweis-symposium-2015\/absztrakt-bekuldes<\/a> linken, egy oldal terjedelemben. A poszterek bek\u00fcld\u00e9si hat\u00e1rideje: 2015. okt\u00f3ber 22. A bek\u00fcld\u00f6tt poszterek r\u00e9szt vesznek a Poszter versenyen. A legjobb k\u00eds\u00e9rletes \u00e9s transzl\u00e1ci\u00f3s poszterek Semmelweis D\u00edjat kapnak, \u00e9s sz\u00f3ba elhangoznak a Szimp\u00f3zium m\u00e1sodik napj\u00e1n.<\/p>\n<p><strong>A Szimp\u00f3zium helye<\/strong><br \/>\nLarus Rendezv\u00e9nyk\u00f6zpont<br \/>\nH-1124 Budapest, Cs\u00f6rsz utca 18\/b.<br \/>\n<a href=\"http:\/\/larusevent.hu\">http:\/\/larusevent.hu<\/a><\/p>\n<p><strong>Tudom\u00e1nyos szervez\u0151<\/strong><br \/>\nProf. Dr. T\u00edm\u00e1r J\u00f3zsef, int\u00e9zetvezet\u0151 egyetemi tan\u00e1r<br \/>\nII. sz. Pathol\u00f3giai Int\u00e9zet<br \/>\nSemmelweis Egyetem<br \/>\nH-1091 Budapest, \u00dcll\u0151i \u00fat 93.<br \/>\nTelefon\/Fax: +306-1-215-692<br \/>\nE-mail: <a href=\"mailto:jtimar@gmail.com\">jtimar@gmail.com<\/a><\/p>\n<p><strong>Kongresszusi iroda<\/strong><br \/>\nM\u00e1tray Katalin<br \/>\nK&amp;M Congress Kft.<br \/>\nH-1064 Budapest, Podmaniczky utca 75.<br \/>\nTel.: 06-1-301-2000, Fax: 06-301-2001<br \/>\ne-mail: info@kmcongress.com<\/p>\n<p><strong>Szponzorok<\/strong><br \/>\nA Szervez\u0151k k\u00f6sz\u00f6net\u00fcket fejezik ki az al\u00e1bbi c\u00e9geknek a Szimp\u00f3zium t\u00e1mogat\u00e1s\u00e1\u00e9rt:<\/p>\n<figure style=\"width: 348px\" class=\"wp-caption alignnone\"><img loading=\"lazy\" decoding=\"async\" class=\"\" src=\"https:\/\/semmelweis.hu\/symposium\/files\/2015\/10\/sponsors.jpg\" alt=\"Sponsors\" width=\"348\" height=\"68\" \/><figcaption class=\"wp-caption-text\">Sponsors<\/figcaption><\/figure>\n","protected":false},"excerpt":{"rendered":"<p>A Szimp\u00f3zium id\u0151pontja 2015. november 5-6. Akkredit\u00e1ci\u00f3 A Szimp\u00f3zium akkredit\u00e1ci\u00f3ja folyamatban van. PhD hallgat\u00f3k a Doktori Iskol\u00e1n kereszt\u00fcl kapj\u00e1k meg a r\u00e9szv\u00e9tel ut\u00e1n j\u00e1r\u00f3 kreditpontot. Poszter \u00f6sszefoglal\u00f3 A Tudom\u00e1nyos Bizotts\u00e1g PhD hallgat\u00f3k angol nyelv\u0171 poszter \u00f6sszefoglal\u00f3it v\u00e1rja a <a href=\"https:\/\/semmelweis.hu\/symposium\/semmelweis-symposium-2015\/absztrakt-bekuldes\">https:\/\/semmelweis.hu\/symposium\/semmelweis-symposium-2015\/absztrakt-bekuldes<\/a> linken, egy oldal terjedelemben. A poszterek bek\u00fcld\u00e9si hat\u00e1rideje: 2015. okt\u00f3ber 22. A bek\u00fcld\u00f6tt poszterek r\u00e9szt vesznek a &hellip;<\/p>\n","protected":false},"author":12,"featured_media":0,"parent":107,"menu_order":8,"comment_status":"closed","ping_status":"closed","template":"","meta":{"_acf_changed":false,"footnotes":""},"categories":[],"tags":[],"class_list":["post-190","page","type-page","status-publish","hentry"],"acf":[],"_links":{"self":[{"href":"https:\/\/semmelweis.hu\/symposium\/wp-json\/wp\/v2\/pages\/190","targetHints":{"allow":["GET"]}}],"collection":[{"href":"https:\/\/semmelweis.hu\/symposium\/wp-json\/wp\/v2\/pages"}],"about":[{"href":"https:\/\/semmelweis.hu\/symposium\/wp-json\/wp\/v2\/types\/page"}],"author":[{"embeddable":true,"href":"https:\/\/semmelweis.hu\/symposium\/wp-json\/wp\/v2\/users\/12"}],"replies":[{"embeddable":true,"href":"https:\/\/semmelweis.hu\/symposium\/wp-json\/wp\/v2\/comments?post=190"}],"version-history":[{"count":3,"href":"https:\/\/semmelweis.hu\/symposium\/wp-json\/wp\/v2\/pages\/190\/revisions"}],"predecessor-version":[{"id":217,"href":"https:\/\/semmelweis.hu\/symposium\/wp-json\/wp\/v2\/pages\/190\/revisions\/217"}],"up":[{"embeddable":true,"href":"https:\/\/semmelweis.hu\/symposium\/wp-json\/wp\/v2\/pages\/107"}],"wp:attachment":[{"href":"https:\/\/semmelweis.hu\/symposium\/wp-json\/wp\/v2\/media?parent=190"}],"wp:term":[{"taxonomy":"category","embeddable":true,"href":"https:\/\/semmelweis.hu\/symposium\/wp-json\/wp\/v2\/categories?post=190"},{"taxonomy":"post_tag","embeddable":true,"href":"https:\/\/semmelweis.hu\/symposium\/wp-json\/wp\/v2\/tags?post=190"}],"curies":[{"name":"wp","href":"https:\/\/api.w.org\/{rel}","templated":true}]}}