{"id":154,"date":"2015-10-09T12:35:59","date_gmt":"2015-10-09T10:35:59","guid":{"rendered":"http:\/\/semmelweis.hu\/symposium\/?page_id=154"},"modified":"2015-10-13T15:13:16","modified_gmt":"2015-10-13T13:13:16","slug":"useful-information","status":"publish","type":"page","link":"https:\/\/semmelweis.hu\/symposium\/en\/archive\/semmelweis-symposium-2015\/useful-information\/","title":{"rendered":"Useful information"},"content":{"rendered":"<p><strong>Symposium dates<\/strong><br \/>\n5-6 November 2015<\/p>\n<p><strong>Accreditation<\/strong><br \/>\nAccreditation for participants is underway.<br \/>\nPhD studens can get credit for attending the Symposium arranged by registration through the<br \/>\nDoctoral School.<\/p>\n<p><strong>Posters<\/strong><br \/>\nPhD students are also encouraged to submit a page-long English abstract and to participate in a Poster Contest (the abstract link is: <a href=\"https:\/\/semmelweis.hu\/symposium\/en\/semmelweis-symposium-2015\/abstract-submission\/\">https:\/\/semmelweis.hu\/symposium\/en\/semmelweis-symposium-2015\/abstract-submission\/,<\/a> alive till 22nd of October, 2015). The best experimental and translational posters will get a Semmelweis Award and would be presented orally on the second day of the Symposium.<\/p>\n<p><strong>Location of the Symposium <\/strong><br \/>\nLarus Event Hall<br \/>\nH-1124 Budapest, Cs\u00f6rsz utca 18\/b.<br \/>\n<a href=\"http:\/\/larusevent.hu\">http:\/\/larusevent.hu<\/a><\/p>\n<p><strong>Scientific Organizer<\/strong><br \/>\nJ\u00f3zsef T\u00edm\u00e1r, MD PhD, Professor and Chair<br \/>\n2nd Department of Pathology<br \/>\nSemmelweis University<br \/>\nH-1091 Budapest, \u00dcll\u0151i \u00fat 93.<br \/>\nPhone\/Fax: +36-1-215-692<br \/>\nE-mail: <a href=\"mailto:jtimar@gmail.com\">jtimar@gmail.com<\/a><\/p>\n<p><strong>Congress Bureau<\/strong><br \/>\nKatalin M\u00e1tray<br \/>\nK&amp;M Congress Kft.<br \/>\nH-1064 Budapest, Podmaniczky utca 75.<br \/>\nPhone: +36-1-301-2000, Fax: +36-301-2001<br \/>\ne-mail: <a href=\"mailto:info@kmcongress.com\">info@kmcongress.com<\/a><\/p>\n<p><strong>Ackknowledgement<\/strong><br \/>\nThe organizers acknowledges the generous support of<\/p>\n<figure style=\"width: 348px\" class=\"wp-caption alignnone\"><img loading=\"lazy\" decoding=\"async\" class=\"\" src=\"https:\/\/semmelweis.hu\/symposium\/files\/2015\/10\/sponsors.jpg\" alt=\"Sponsors\" width=\"348\" height=\"68\" \/><figcaption class=\"wp-caption-text\">Sponsors<\/figcaption><\/figure>\n","protected":false},"excerpt":{"rendered":"<p>Symposium dates 5-6 November 2015 Accreditation Accreditation for participants is underway. PhD studens can get credit for attending the Symposium arranged by registration through the Doctoral School. Posters PhD students are also encouraged to submit a page-long English abstract and to participate in a Poster Contest (the abstract link is: <a href=\"https:\/\/semmelweis.hu\/symposium\/en\/semmelweis-symposium-2015\/abstract-submission\/\">https:\/\/semmelweis.hu\/symposium\/en\/semmelweis-symposium-2015\/abstract-submission\/,<\/a> alive till 22nd of October, &hellip;<\/p>\n","protected":false},"author":1,"featured_media":0,"parent":176,"menu_order":8,"comment_status":"closed","ping_status":"closed","template":"","meta":{"_acf_changed":false,"footnotes":""},"categories":[],"tags":[],"class_list":["post-154","page","type-page","status-publish","hentry"],"acf":[],"_links":{"self":[{"href":"https:\/\/semmelweis.hu\/symposium\/wp-json\/wp\/v2\/pages\/154","targetHints":{"allow":["GET"]}}],"collection":[{"href":"https:\/\/semmelweis.hu\/symposium\/wp-json\/wp\/v2\/pages"}],"about":[{"href":"https:\/\/semmelweis.hu\/symposium\/wp-json\/wp\/v2\/types\/page"}],"author":[{"embeddable":true,"href":"https:\/\/semmelweis.hu\/symposium\/wp-json\/wp\/v2\/users\/1"}],"replies":[{"embeddable":true,"href":"https:\/\/semmelweis.hu\/symposium\/wp-json\/wp\/v2\/comments?post=154"}],"version-history":[{"count":6,"href":"https:\/\/semmelweis.hu\/symposium\/wp-json\/wp\/v2\/pages\/154\/revisions"}],"predecessor-version":[{"id":222,"href":"https:\/\/semmelweis.hu\/symposium\/wp-json\/wp\/v2\/pages\/154\/revisions\/222"}],"up":[{"embeddable":true,"href":"https:\/\/semmelweis.hu\/symposium\/wp-json\/wp\/v2\/pages\/176"}],"wp:attachment":[{"href":"https:\/\/semmelweis.hu\/symposium\/wp-json\/wp\/v2\/media?parent=154"}],"wp:term":[{"taxonomy":"category","embeddable":true,"href":"https:\/\/semmelweis.hu\/symposium\/wp-json\/wp\/v2\/categories?post=154"},{"taxonomy":"post_tag","embeddable":true,"href":"https:\/\/semmelweis.hu\/symposium\/wp-json\/wp\/v2\/tags?post=154"}],"curies":[{"name":"wp","href":"https:\/\/api.w.org\/{rel}","templated":true}]}}