{"id":1109,"date":"2015-12-08T11:09:02","date_gmt":"2015-12-08T10:09:02","guid":{"rendered":"http:\/\/semmelweis.hu\/symposium\/?page_id=1109"},"modified":"2018-01-17T13:57:08","modified_gmt":"2018-01-17T12:57:08","slug":"eloadasok","status":"publish","type":"page","link":"https:\/\/semmelweis.hu\/symposium\/szimpozium-archiv\/semmelweis-szimpozium-2016-b\/eloadasok\/","title":{"rendered":"Publik\u00e1lhat\u00f3 el\u0151ad\u00e1sok"},"content":{"rendered":"<p><strong>Az el\u0151ad\u00e1sok b\u00e1rminem\u0171 felhaszn\u00e1l\u00e1sa a szerz\u0151k enged\u00e9lye n\u00e9lk\u00fcl szigor\u00faan tilos!<\/strong><\/p>\n<p>Nagy P. 1st Institute of Pathology and Experimental Cancer Research, SU:<br \/>\n <a href=\"https:\/\/semmelweis.hu\/symposium\/files\/2015\/12\/2015_nagy_peter.pdf\">Imatinib preserves the functional organization and amends regeneration of liver in CDE fed mice<\/a><\/p>\n<p>D\u00f6me B. Department of Thoracic Surgery, SU:<br \/>\n <a href=\"https:\/\/semmelweis.hu\/symposium\/files\/2015\/12\/2015_dome_balazs.pdf\">Tumor vascularization<\/a><\/p>\n<p>T\u00edm\u00e1r J, R\u00e1s\u00f3 E.. 2nd Department of Pathology, SU:<br \/>\n <a href=\"https:\/\/semmelweis.hu\/symposium\/files\/2015\/12\/2015_timar_jozsef.pdf\">IFN resistance of melanoma<\/a><\/p>\n<p>K\u00e9ri Gy. HAS-SU Pathobiochemistry Research Unit:<br \/>\n <a href=\"https:\/\/semmelweis.hu\/symposium\/files\/2015\/12\/2015_keri_gyorgy.pdf\">In vitro combination therapy based on driver genes<\/a><\/p>\n<p>Enyedi A. HAS-SU Molecular Oncology Research Unit:<br \/>\n <a href=\"https:\/\/semmelweis.hu\/symposium\/files\/2015\/12\/2015_enyedi_agnes.pdf\">Ca++ signaling in BRAF mutant melanoma<\/a><\/p>\n<p>Dietel M. Charit\u00e9, Berlin:<br \/>\n <a href=\"https:\/\/semmelweis.hu\/symposium\/files\/2015\/12\/2015_manfred_dietel.pdf\">Molecular pathology in XXIst century<\/a><\/p>\n<p>Gy\u0151rffy B, HAS-SU Lend\u00fclet program:<br \/>\n <a href=\"https:\/\/semmelweis.hu\/symposium\/files\/2015\/12\/2015_gyorffy_balazs.pdf\">Computing offtarget-effect by cross-analysis of transcriptome-level data from 1,118 studies<\/a><\/p>\n<p>Jalkanen M, Pharon Pharmeceuticals:<br \/>\n <a href=\"https:\/\/semmelweis.hu\/symposium\/files\/2015\/12\/2015_markku_jalkanen.pdf\">SME as a central link between the bench and the bedside<\/a><\/p>\n<p>Matolcsy A. 1st Institute of Pathology and Experimental Cancer Research, SU:<br \/>\n <a href=\"https:\/\/semmelweis.hu\/symposium\/files\/2015\/12\/2015_matolcsy_andras.pdf\">Molecular diagnostics of lymphomas<\/a><\/p>\n<p>Kiss A. 2nd Department of Pathology, SU:<br \/>\n <a href=\"https:\/\/semmelweis.hu\/symposium\/files\/2015\/12\/2015_kiss_andras.pdf\">Predictive markers of Sorafenib sensitivity of HCC<\/a><\/p>\n<p>Lakatos P. 1st Department of \u00cdnternal Medicine, SU:<br \/>\n <a href=\"https:\/\/semmelweis.hu\/symposium\/files\/2015\/12\/2015_lakatos_peter.pdf\">Molecular pathology of thyroid cancers<\/a><\/p>\n<p>Sz\u00e1sz AM, 2nd Department of Pathology:<br \/>\n <a href=\"https:\/\/semmelweis.hu\/symposium\/files\/2015\/12\/2015_szasz_a_marcell.pdf\">Gene expression based novel prognostic factors in breast cancer<\/a><\/p>\n<p>Heged\u0171s B. Department of Thoracic Surgery, Medical University of Vienna:<br \/>\n <a href=\"https:\/\/semmelweis.hu\/symposium\/files\/2015\/12\/2015_hegedus_balazs.pdf\">Oncogenic mutations of the EGFR pathway in lung adenocarcinoma<\/a><\/p>\n<p>Igaz P. 2nd Department of Internal Medicine, SU:<br \/>\n <a href=\"https:\/\/semmelweis.hu\/symposium\/files\/2015\/12\/2015_igaz_peter.pdf\">MicroRNAs and genomics in adrenal tumors<\/a><\/p>\n<p>Schmoll HJ, Martin-Luther University Halle-Wittenberg:<br \/>\n <a href=\"https:\/\/semmelweis.hu\/symposium\/files\/2015\/12\/2015_hans_joachim_schmoll.pdf\">Current standards and new targets in colorectal cancer<\/a><\/p>\n","protected":false},"excerpt":{"rendered":"<p>Az el\u0151ad\u00e1sok b\u00e1rminem\u0171 felhaszn\u00e1l\u00e1sa a szerz\u0151k enged\u00e9lye n\u00e9lk\u00fcl szigor\u00faan tilos! Nagy P. 1st Institute of Pathology and Experimental Cancer Research, SU: <a href=\"https:\/\/semmelweis.hu\/symposium\/files\/2015\/12\/2015_nagy_peter.pdf\">Imatinib preserves the functional organization and amends regeneration of liver in CDE fed mice<\/a> D\u00f6me B. Department of Thoracic Surgery, SU: <a href=\"https:\/\/semmelweis.hu\/symposium\/files\/2015\/12\/2015_dome_balazs.pdf\">Tumor vascularization<\/a> T\u00edm\u00e1r J, R\u00e1s\u00f3 E.. 2nd Department of Pathology, SU: <a href=\"https:\/\/semmelweis.hu\/symposium\/files\/2015\/12\/2015_timar_jozsef.pdf\">IFN resistance of melanoma<\/a> K\u00e9ri Gy. HAS-SU Pathobiochemistry Research Unit: <a href=\"https:\/\/semmelweis.hu\/symposium\/files\/2015\/12\/2015_keri_gyorgy.pdf\">In vitro combination therapy based on driver genes<\/a> Enyedi A. HAS-SU Molecular Oncology Research Unit: <a href=\"https:\/\/semmelweis.hu\/symposium\/files\/2015\/12\/2015_enyedi_agnes.pdf\">Ca++ signaling in BRAF mutant melanoma<\/a> Dietel M. Charit\u00e9, Berlin: <a href=\"https:\/\/semmelweis.hu\/symposium\/files\/2015\/12\/2015_manfred_dietel.pdf\">Molecular pathology in XXIst century<\/a> Gy\u0151rffy &hellip;<\/p>\n","protected":false},"author":158,"featured_media":0,"parent":1235,"menu_order":8,"comment_status":"closed","ping_status":"closed","template":"","meta":{"_acf_changed":false,"footnotes":""},"categories":[],"tags":[],"class_list":["post-1109","page","type-page","status-publish","hentry"],"acf":[],"_links":{"self":[{"href":"https:\/\/semmelweis.hu\/symposium\/wp-json\/wp\/v2\/pages\/1109","targetHints":{"allow":["GET"]}}],"collection":[{"href":"https:\/\/semmelweis.hu\/symposium\/wp-json\/wp\/v2\/pages"}],"about":[{"href":"https:\/\/semmelweis.hu\/symposium\/wp-json\/wp\/v2\/types\/page"}],"author":[{"embeddable":true,"href":"https:\/\/semmelweis.hu\/symposium\/wp-json\/wp\/v2\/users\/158"}],"replies":[{"embeddable":true,"href":"https:\/\/semmelweis.hu\/symposium\/wp-json\/wp\/v2\/comments?post=1109"}],"version-history":[{"count":3,"href":"https:\/\/semmelweis.hu\/symposium\/wp-json\/wp\/v2\/pages\/1109\/revisions"}],"predecessor-version":[{"id":1630,"href":"https:\/\/semmelweis.hu\/symposium\/wp-json\/wp\/v2\/pages\/1109\/revisions\/1630"}],"up":[{"embeddable":true,"href":"https:\/\/semmelweis.hu\/symposium\/wp-json\/wp\/v2\/pages\/1235"}],"wp:attachment":[{"href":"https:\/\/semmelweis.hu\/symposium\/wp-json\/wp\/v2\/media?parent=1109"}],"wp:term":[{"taxonomy":"category","embeddable":true,"href":"https:\/\/semmelweis.hu\/symposium\/wp-json\/wp\/v2\/categories?post=1109"},{"taxonomy":"post_tag","embeddable":true,"href":"https:\/\/semmelweis.hu\/symposium\/wp-json\/wp\/v2\/tags?post=1109"}],"curies":[{"name":"wp","href":"https:\/\/api.w.org\/{rel}","templated":true}]}}