{"id":1008,"date":"2015-11-06T00:00:00","date_gmt":"2015-11-05T23:00:00","guid":{"rendered":"http:\/\/semmelweis.hu\/symposium\/award-recipients\/"},"modified":"2015-11-06T14:52:41","modified_gmt":"2015-11-06T13:52:41","slug":"award-recipients","status":"publish","type":"page","link":"https:\/\/semmelweis.hu\/symposium\/szimpozium-archiv\/semmelweis-symposium-2013\/award-recipients\/","title":{"rendered":"Award recipients"},"content":{"rendered":"<div style=\"width: 450px;\">\n<p>Our international invited speakers selected a number of junior scientists to receive an award for their excellent presentation.<\/p>\n<h2>Poster awards<\/h2>\n<p>A poster evaluation committee headed by Clifford Lowell, Barbara Walzog and Steffen Gay selected the following scientists for poster awards:<\/p>\n<ul>\n<li><strong>Roland Cs\u00e9p\u00e1nyi-K\u00f6mi (Budapest, Hungary)<\/strong><\/li>\n<li><strong> Bence D\u00e1niel (Debrecen, Hungary)<\/strong><\/li>\n<li><strong> Annam\u00e1ria Kosztin (Budapest, Hungary)<\/strong><\/li>\n<li><strong> Mikl\u00f3s Kov\u00e1cs (Budapest, Hungary)<\/strong><\/li>\n<\/ul>\n<p><a href=\"https:\/\/semmelweis.hu\/symposium\/files\/2015\/11\/IMG_5735.jpg\"><img loading=\"lazy\" decoding=\"async\" class=\"aligncenter wp-image-1050 size-medium\" src=\"https:\/\/semmelweis.hu\/symposium\/files\/2015\/11\/IMG_5735-300x200.jpg\" alt=\"IMG_5735\" width=\"300\" height=\"200\" srcset=\"https:\/\/semmelweis.hu\/symposium\/files\/2015\/11\/IMG_5735-300x200.jpg 300w, https:\/\/semmelweis.hu\/symposium\/files\/2015\/11\/IMG_5735-450x300.jpg 450w, https:\/\/semmelweis.hu\/symposium\/files\/2015\/11\/IMG_5735.jpg 861w\" sizes=\"auto, (max-width: 300px) 100vw, 300px\" \/><\/a><\/p>\n<h2>Best short oral presentation<\/h2>\n<p>An evaluation committee headed by Sir Ravinder Maini selected the following scientist as the recipient of the best short oral presentation award:<\/p>\n<ul>\n<li><strong> Sofia de Oliveira (Murcia, Spain)<\/strong><\/li>\n<\/ul>\n<p><a href=\"https:\/\/semmelweis.hu\/symposium\/files\/2015\/11\/IMG_5948.jpg\"><img loading=\"lazy\" decoding=\"async\" class=\"aligncenter wp-image-1051 size-medium\" src=\"https:\/\/semmelweis.hu\/symposium\/files\/2015\/11\/IMG_5948-300x185.jpg\" alt=\"IMG_5948\" width=\"300\" height=\"185\" srcset=\"https:\/\/semmelweis.hu\/symposium\/files\/2015\/11\/IMG_5948-300x185.jpg 300w, https:\/\/semmelweis.hu\/symposium\/files\/2015\/11\/IMG_5948-487x300.jpg 487w, https:\/\/semmelweis.hu\/symposium\/files\/2015\/11\/IMG_5948.jpg 931w\" sizes=\"auto, (max-width: 300px) 100vw, 300px\" \/><\/a><\/p>\n<\/div>\n","protected":false},"excerpt":{"rendered":"<p>Our international invited speakers selected a number of junior scientists to receive an award for their excellent presentation. Poster awards A poster evaluation committee headed by Clifford Lowell, Barbara Walzog and Steffen Gay selected the following scientists for poster awards: Roland Cs\u00e9p\u00e1nyi-K\u00f6mi (Budapest, Hungary) Bence D\u00e1niel (Debrecen, Hungary) Annam\u00e1ria Kosztin (Budapest, Hungary) Mikl\u00f3s Kov\u00e1cs (Budapest, &hellip;<\/p>\n","protected":false},"author":101030,"featured_media":0,"parent":996,"menu_order":0,"comment_status":"closed","ping_status":"closed","template":"","meta":{"_acf_changed":false,"footnotes":""},"categories":[],"tags":[],"class_list":["post-1008","page","type-page","status-publish","hentry"],"acf":[],"_links":{"self":[{"href":"https:\/\/semmelweis.hu\/symposium\/wp-json\/wp\/v2\/pages\/1008","targetHints":{"allow":["GET"]}}],"collection":[{"href":"https:\/\/semmelweis.hu\/symposium\/wp-json\/wp\/v2\/pages"}],"about":[{"href":"https:\/\/semmelweis.hu\/symposium\/wp-json\/wp\/v2\/types\/page"}],"author":[{"embeddable":true,"href":"https:\/\/semmelweis.hu\/symposium\/wp-json\/wp\/v2\/users\/101030"}],"replies":[{"embeddable":true,"href":"https:\/\/semmelweis.hu\/symposium\/wp-json\/wp\/v2\/comments?post=1008"}],"version-history":[{"count":5,"href":"https:\/\/semmelweis.hu\/symposium\/wp-json\/wp\/v2\/pages\/1008\/revisions"}],"predecessor-version":[{"id":1055,"href":"https:\/\/semmelweis.hu\/symposium\/wp-json\/wp\/v2\/pages\/1008\/revisions\/1055"}],"up":[{"embeddable":true,"href":"https:\/\/semmelweis.hu\/symposium\/wp-json\/wp\/v2\/pages\/996"}],"wp:attachment":[{"href":"https:\/\/semmelweis.hu\/symposium\/wp-json\/wp\/v2\/media?parent=1008"}],"wp:term":[{"taxonomy":"category","embeddable":true,"href":"https:\/\/semmelweis.hu\/symposium\/wp-json\/wp\/v2\/categories?post=1008"},{"taxonomy":"post_tag","embeddable":true,"href":"https:\/\/semmelweis.hu\/symposium\/wp-json\/wp\/v2\/tags?post=1008"}],"curies":[{"name":"wp","href":"https:\/\/api.w.org\/{rel}","templated":true}]}}