{"id":299,"date":"2017-03-08T11:01:15","date_gmt":"2017-03-08T10:01:15","guid":{"rendered":"http:\/\/semmelweis.hu\/surgosseg\/?page_id=299"},"modified":"2022-09-20T18:10:50","modified_gmt":"2022-09-20T16:10:50","slug":"e-learning-bejelentkezes","status":"publish","type":"page","link":"https:\/\/semmelweis.hu\/surgosseg\/oktatas\/gradualis\/e-learning-bejelentkezes\/","title":{"rendered":"E-learning bejelentkez\u00e9s"},"content":{"rendered":"<div class=\"entry-content\">\n<p>A Semmelweis Egyetemen m\u0171k\u00f6d\u0151 e-learning rendszerben (Moodle) az egyes tant\u00e1rgyakhoz tartoz\u00f3 kurzusok a tant\u00e1rgy nev\u00e9vel megegyez\u0151k. A tant\u00e1rgyat a Neptun-rendszerben felvett hallgat\u00f3 automatikusan jogosultt\u00e1 v\u00e1lik ezek megtekint\u00e9s\u00e9re \u00e9s haszn\u00e1lat\u00e1ra, am\u00edg az egyetemi k\u00e9pz\u00e9sben r\u00e9szt vesz.<\/p>\n<p>Ennek el\u0151felt\u00e9tele:<\/p>\n<p><strong>1. regisztr\u00e1ci\u00f3 a Semmelweis K\u00f6zponti Azonos\u00edt\u00f3rendszerbe (SeKa)<br \/>\n<\/strong><a href=\"https:\/\/seka.semmelweis.hu\/hu\/segitseg\/seka_aktivalas\" target=\"_blank\" rel=\"noopener noreferrer\">Hogyan kell bejelentkezni a Semmelweis Egyetem e-learning rendszer\u00e9be?<br \/>\n<\/a>probl\u00e9ma eset\u00e9n: helpdesk@seka.semmelweis-univ.hu<\/p>\n<p><strong>2. bel\u00e9p\u00e9s a Moodle-rendszerbe<br \/>\n<\/strong><a href=\"http:\/\/itc.semmelweis.hu\" target=\"_blank\" rel=\"noopener noreferrer\">http:\/\/itc.semmelweis.hu<\/a><\/p>\n<p><b>A <a href=\"https:\/\/docs.moodle.org\/28\/en\/Moodle_Mobile\" target=\"_blank\" rel=\"noopener noreferrer\">Moodle mobil <\/a>eszk\u00f6z\u00f6kr\u0151l is el\u00e9rhet\u0151 a k\u00f6vetkez\u0151 alkalmaz\u00e1sok let\u00f6lt\u00e9s\u00e9vel: <a href=\"https:\/\/play.google.com\/store\/apps\/details?id=com.moodle.moodlemobile&amp;hl=hu\" target=\"_blank\" rel=\"noopener noreferrer\">Moodle Androidra<\/a>, <a href=\"https:\/\/itunes.apple.com\/hu\/app\/moodle-mobile\/id633359593?mt=8\" target=\"_blank\" rel=\"noopener noreferrer\">Moodle iPhonra<\/a>.<\/b><\/p>\n<\/div>\n","protected":false},"excerpt":{"rendered":"<p>A Semmelweis Egyetemen m\u0171k\u00f6d\u0151 e-learning rendszerben (Moodle) az egyes tant\u00e1rgyakhoz tartoz\u00f3 kurzusok a tant\u00e1rgy nev\u00e9vel megegyez\u0151k. A tant\u00e1rgyat a Neptun-rendszerben felvett hallgat\u00f3 automatikusan jogosultt\u00e1 v\u00e1lik ezek megtekint\u00e9s\u00e9re \u00e9s haszn\u00e1lat\u00e1ra, am\u00edg az egyetemi k\u00e9pz\u00e9sben r\u00e9szt vesz. Ennek el\u0151felt\u00e9tele: 1. regisztr\u00e1ci\u00f3 a Semmelweis K\u00f6zponti Azonos\u00edt\u00f3rendszerbe (SeKa) <a href=\"https:\/\/seka.semmelweis.hu\/hu\/segitseg\/seka_aktivalas\" target=\"_blank\" rel=\"noopener noreferrer\">Hogyan kell bejelentkezni a Semmelweis Egyetem e-learning &hellip;<\/p>\n","protected":false},"author":101921,"featured_media":0,"parent":1482,"menu_order":8,"comment_status":"closed","ping_status":"closed","template":"","meta":{"_acf_changed":false,"footnotes":""},"categories":[],"tags":[],"class_list":["post-299","page","type-page","status-publish","hentry"],"acf":[],"_links":{"self":[{"href":"https:\/\/semmelweis.hu\/surgosseg\/wp-json\/wp\/v2\/pages\/299","targetHints":{"allow":["GET"]}}],"collection":[{"href":"https:\/\/semmelweis.hu\/surgosseg\/wp-json\/wp\/v2\/pages"}],"about":[{"href":"https:\/\/semmelweis.hu\/surgosseg\/wp-json\/wp\/v2\/types\/page"}],"author":[{"embeddable":true,"href":"https:\/\/semmelweis.hu\/surgosseg\/wp-json\/wp\/v2\/users\/101921"}],"replies":[{"embeddable":true,"href":"https:\/\/semmelweis.hu\/surgosseg\/wp-json\/wp\/v2\/comments?post=299"}],"version-history":[{"count":4,"href":"https:\/\/semmelweis.hu\/surgosseg\/wp-json\/wp\/v2\/pages\/299\/revisions"}],"predecessor-version":[{"id":1383,"href":"https:\/\/semmelweis.hu\/surgosseg\/wp-json\/wp\/v2\/pages\/299\/revisions\/1383"}],"up":[{"embeddable":true,"href":"https:\/\/semmelweis.hu\/surgosseg\/wp-json\/wp\/v2\/pages\/1482"}],"wp:attachment":[{"href":"https:\/\/semmelweis.hu\/surgosseg\/wp-json\/wp\/v2\/media?parent=299"}],"wp:term":[{"taxonomy":"category","embeddable":true,"href":"https:\/\/semmelweis.hu\/surgosseg\/wp-json\/wp\/v2\/categories?post=299"},{"taxonomy":"post_tag","embeddable":true,"href":"https:\/\/semmelweis.hu\/surgosseg\/wp-json\/wp\/v2\/tags?post=299"}],"curies":[{"name":"wp","href":"https:\/\/api.w.org\/{rel}","templated":true}]}}