{"id":2055,"date":"2024-04-10T15:18:25","date_gmt":"2024-04-10T13:18:25","guid":{"rendered":"https:\/\/semmelweis.hu\/surgosseg\/?page_id=2055"},"modified":"2024-04-10T15:19:51","modified_gmt":"2024-04-10T13:19:51","slug":"phd","status":"publish","type":"page","link":"https:\/\/semmelweis.hu\/surgosseg\/kutatas\/phd\/","title":{"rendered":"PhD lehet\u0151s\u00e9gek (Doktori k\u00e9pz\u00e9s)"},"content":{"rendered":"<p>2022\/23 I. f\u00e9l\u00e9v\u00e9t\u0151l 3 doktori t\u00e9ma \u00e9rhet\u0151 el a S\u00fcrg\u0151ss\u00e9gi Orvostani Klinik\u00e1n.<\/p>\n<ul>\n<li><strong>A s\u00fcrg\u0151ss\u00e9gi ell\u00e1t\u00e1s epidemiol\u00f3giai \u00e9s szervez\u00e9si vonatkoz\u00e1sai, adat-vez\u00e9relt d\u00f6nt\u00e9st\u00e1mogat\u00e1si lehet\u0151s\u00e9gek<\/strong><br \/>\nt\u00e9mavezet\u0151: Dr. Varga Csaba\u00a0<\/li>\n<li><strong>Akut k\u00f3rk\u00e9pek patofiziol\u00f3gi\u00e1ja, diagnosztik\u00e1ja \u00e9s prognosztik\u00e1ja<\/strong><br \/>\nt\u00e9mavezet\u0151: Dr. Fenyves B\u00e1nk<\/li>\n<li><strong>Prec\u00edzi\u00f3s medicina f\u00f3kusz\u00fa klinikai kutat\u00e1sok a s\u00fcrg\u0151ss\u00e9gi ell\u00e1t\u00e1s sor\u00e1n<\/strong><br \/>\nt\u00e9mavezet\u0151: Dr. Melicher D\u00f3ra<\/li>\n<\/ul>\n<p>Jelentkez\u00e9s k\u00f6zvetlen\u00fcl a t\u00e9mavezet\u0151n\u00e9l. <a id=\"tdk-szakdolgozat\"><\/a><\/p>\n<p>SE SOK\u00a0<a href=\"https:\/\/semmelweis.hu\/surgosseg\/files\/2023\/05\/SE-SOK-PhD-lehetosegek-tajekoztato-2023.05.18-1.pdf\">PhD lehet\u0151s\u00e9gek t\u00e1j\u00e9koztat\u00f3<\/a><\/p>\n","protected":false},"excerpt":{"rendered":"<p>2022\/23 I. f\u00e9l\u00e9v\u00e9t\u0151l 3 doktori t\u00e9ma \u00e9rhet\u0151 el a S\u00fcrg\u0151ss\u00e9gi Orvostani Klinik\u00e1n. A s\u00fcrg\u0151ss\u00e9gi ell\u00e1t\u00e1s epidemiol\u00f3giai \u00e9s szervez\u00e9si vonatkoz\u00e1sai, adat-vez\u00e9relt d\u00f6nt\u00e9st\u00e1mogat\u00e1si lehet\u0151s\u00e9gek t\u00e9mavezet\u0151: Dr. Varga Csaba\u00a0 Akut k\u00f3rk\u00e9pek patofiziol\u00f3gi\u00e1ja, diagnosztik\u00e1ja \u00e9s prognosztik\u00e1ja t\u00e9mavezet\u0151: Dr. Fenyves B\u00e1nk Prec\u00edzi\u00f3s medicina f\u00f3kusz\u00fa klinikai kutat\u00e1sok a s\u00fcrg\u0151ss\u00e9gi ell\u00e1t\u00e1s sor\u00e1n t\u00e9mavezet\u0151: Dr. Melicher D\u00f3ra Jelentkez\u00e9s k\u00f6zvetlen\u00fcl a t\u00e9mavezet\u0151n\u00e9l. <a id=\"tdk-szakdolgozat\"><\/a> SE SOK\u00a0 <a href=\"https:\/\/semmelweis.hu\/surgosseg\/files\/2023\/05\/SE-SOK-PhD-lehetosegek-tajekoztato-2023.05.18-1.pdf\">PhD lehet\u0151s\u00e9gek t\u00e1j\u00e9koztat\u00f3<\/a> &hellip;<\/p>\n","protected":false},"author":102257,"featured_media":0,"parent":162,"menu_order":0,"comment_status":"closed","ping_status":"closed","template":"","meta":{"_acf_changed":false,"footnotes":""},"categories":[],"tags":[],"class_list":["post-2055","page","type-page","status-publish","hentry"],"acf":[],"_links":{"self":[{"href":"https:\/\/semmelweis.hu\/surgosseg\/wp-json\/wp\/v2\/pages\/2055","targetHints":{"allow":["GET"]}}],"collection":[{"href":"https:\/\/semmelweis.hu\/surgosseg\/wp-json\/wp\/v2\/pages"}],"about":[{"href":"https:\/\/semmelweis.hu\/surgosseg\/wp-json\/wp\/v2\/types\/page"}],"author":[{"embeddable":true,"href":"https:\/\/semmelweis.hu\/surgosseg\/wp-json\/wp\/v2\/users\/102257"}],"replies":[{"embeddable":true,"href":"https:\/\/semmelweis.hu\/surgosseg\/wp-json\/wp\/v2\/comments?post=2055"}],"version-history":[{"count":2,"href":"https:\/\/semmelweis.hu\/surgosseg\/wp-json\/wp\/v2\/pages\/2055\/revisions"}],"predecessor-version":[{"id":2057,"href":"https:\/\/semmelweis.hu\/surgosseg\/wp-json\/wp\/v2\/pages\/2055\/revisions\/2057"}],"up":[{"embeddable":true,"href":"https:\/\/semmelweis.hu\/surgosseg\/wp-json\/wp\/v2\/pages\/162"}],"wp:attachment":[{"href":"https:\/\/semmelweis.hu\/surgosseg\/wp-json\/wp\/v2\/media?parent=2055"}],"wp:term":[{"taxonomy":"category","embeddable":true,"href":"https:\/\/semmelweis.hu\/surgosseg\/wp-json\/wp\/v2\/categories?post=2055"},{"taxonomy":"post_tag","embeddable":true,"href":"https:\/\/semmelweis.hu\/surgosseg\/wp-json\/wp\/v2\/tags?post=2055"}],"curies":[{"name":"wp","href":"https:\/\/api.w.org\/{rel}","templated":true}]}}