{"id":1415,"date":"2022-06-17T00:43:16","date_gmt":"2022-06-16T22:43:16","guid":{"rendered":"https:\/\/semmelweis.hu\/surgosseg\/?page_id=1415"},"modified":"2024-09-01T23:37:28","modified_gmt":"2024-09-01T21:37:28","slug":"betegeknek","status":"publish","type":"page","link":"https:\/\/semmelweis.hu\/surgosseg\/betegellatas\/betegeknek\/","title":{"rendered":"Betegeknek"},"content":{"rendered":"<h4><strong>Bejelentkez\u00e9s<\/strong><\/h4>\n<p style=\"text-align: left\">A S\u00fcrg\u0151ss\u00e9gi Orvostani Klinika hirtelen kezdet\u0171, \u00e9letet vesz\u00e9lyeztet\u0151 vagy tart\u00f3s eg\u00e9szs\u00e9gk\u00e1rosod\u00e1s vesz\u00e9ly\u00e9vel j\u00e1r\u00f3 k\u00f3r\u00e1llapotok els\u0151dleges ell\u00e1t\u00e1s\u00e1t ny\u00fajtja a betegeknek. Amennyiben hirtelen fell\u00e9p\u0151 t\u00fcnetet, f\u00e1jdalmat, \u00e1llapotroml\u00e1st \u00e9szlel, k\u00e9szs\u00e9ggel fogadjuk \u00d6nt Klinik\u00e1nkon! FONTOS:\u00a0Traumatol\u00f3giai\u00a0esetek\u00a0(baleseti s\u00e9r\u00fcl\u00e9sek)\u00a0ell\u00e1t\u00e1s\u00e1ra\u00a0oszt\u00e1lyunkon\u00a0nincs lehet\u0151s\u00e9g.<\/p>\n<p><strong>Megk\u00f6zel\u00edthet\u0151s\u00e9g:<\/strong>\u00a0<a href=\"https:\/\/semmelweis.hu\/surgosseg\/hu\/kapcsolat\/\" target=\"_blank\" rel=\"noopener\">ide kattintva \u00e9rhet\u0151 el \u2192<\/a><\/p>\n<h4 style=\"text-align: justify\"><strong>Bejelentkez\u00e9s\u00e9hez sz\u00fcks\u00e9ges:<\/strong><\/h4>\n<ul>\n<li style=\"text-align: justify\">szem\u00e9lyazonos\u00edt\u00f3 igazolv\u00e1ny<\/li>\n<li style=\"text-align: justify\">lakc\u00edm k\u00e1rtya<\/li>\n<li style=\"text-align: justify\">TAJ k\u00e1rtya (vagy Eur\u00f3pai Eg\u00e9szs\u00e9gbiztos\u00edt\u00e1si K\u00e1rtya)<\/li>\n<\/ul>\n<p style=\"text-align: justify\">Ha az \u00d6n eg\u00e9szs\u00e9gbiztos\u00edt\u00e1si st\u00e1tusza nem rendezett, \u00fagy felv\u00e9telekor k\u00f6lts\u00e9gv\u00e1llal\u00e1si nyilatkozatot is ki kell t\u00f6ltenie.<\/p>\n<p style=\"text-align: justify\">A s\u00fcrg\u0151ss\u00e9gi oszt\u00e1lyon a\u00a0panaszoknak \u00e9s\u00a0t\u00fcneteknek megfelel\u0151en c\u00e9lzott betegvizsg\u00e1lat t\u00f6rt\u00e9nik, amely eredm\u00e9nyek\u00e9nt\u00a0tov\u00e1bbi\u00a0vizsg\u00e1latokat javasolhatunk. A kieg\u00e9sz\u00edt\u0151 vizsg\u00e1latok (pl. labor, k\u00e9palkot\u00f3), illetve konz\u00edliumok eredm\u00e9nyeinek meg\u00e9rkez\u00e9s\u00e9ig t\u00f6bb \u00f3ra is eltelhet.\u00a0K\u00e9rj\u00fck\u00a0\u00d6nt, hogy ennek megfelel\u0151en k\u00e9sz\u00fclj\u00f6n!<\/p>\n<p style=\"text-align: justify\">K\u00e9rj\u00fck, hogy a s\u00fcrg\u0151ss\u00e9gi oszt\u00e1lyra min\u00e9l kevesebb csomaggal \u00e9s \u00e9rt\u00e9kkel \u00e9rkezzen!<\/p>\n<h4 style=\"text-align: left\"><span style=\"font-size: 18pt\"><strong>A betegell\u00e1t\u00e1s folyamata<\/strong><\/span><\/h4>\n<p style=\"text-align: justify\">Klinik\u00e1nkon minden hozz\u00e1nk \u00e9rkez\u0151 beteget &#8211; az akut ell\u00e1t\u00e1si sz\u00fcks\u00e9g\u00e9nek megfelel\u0151en &#8211; ell\u00e1tunk.\u00a0<\/p>\n<p style=\"text-align: justify\"><strong>A s\u00fcrg\u0151ss\u00e9gi oszt\u00e1lyon a betegell\u00e1t\u00e1s nem \u00e9rkez\u00e9si sorrend szerint<\/strong>, hanem az \u00e9rv\u00e9nyes jogszab\u00e1lyokat k\u00f6vetve, objekt\u00edv t\u00e9nyez\u0151ket figyelembe v\u00e9ve, <strong>a beteg aktu\u00e1lis \u00e1llapota \u00e9s akut ell\u00e1t\u00e1si sz\u00fcks\u00e9ge szerinti rangsorol\u00e1s alapj\u00e1n t\u00f6rt\u00e9nik<\/strong> <em>(err\u0151l egy vide\u00f3 kicsit lejjebb g\u00f6rgetve tekinthet\u0151 meg)<\/em>.<\/p>\n<div class=\"keretes w-100\">\n<p style=\"text-align: justify\">A kritikus \u00e1llapot\u00fa vagy s\u00fcrget\u0151 ell\u00e1t\u00e1si ig\u00e9ny\u0171 betegek ell\u00e1t\u00e1sa priorit\u00e1st \u00e9lvez. A rangsorol\u00e1st (<strong>tri\u00e1zsol\u00e1s<\/strong>t) oszt\u00e1lyunkon a Magyar S\u00fcrg\u0151ss\u00e9gi Tri\u00e1zs Rendszer (MSTR) alapj\u00e1n tri\u00e1zs \u00e1pol\u00f3k v\u00e9gzik, az adminisztrat\u00edv felv\u00e9telt k\u00f6vet\u0151 n\u00e9h\u00e1ny percen bel\u00fcl. Az MSTR alapj\u00e1n az \u00a0ell\u00e1t\u00e1s (orvosi vizsg\u00e1lat, diagnosztika) megkezd\u00e9s\u00e9re vonatkoz\u00f3 id\u0151ablakok:<\/p>\n<p style=\"padding-left: 40px\">MSTR I: \u00e9letvesz\u00e9ly (0 perc)<br \/>\nMSTR II: kritikus (&lt;15 perc)<br \/>\nMSTR III: s\u00fcrg\u0151s (&lt;30 perc)<br \/>\nMSTR IV: nem s\u00fcrg\u0151s (&lt;1 \u00f3ra)<br \/>\nMSTR V: halaszthat\u00f3 (&lt;2 \u00f3ra)<\/p>\n<\/div>\n<p style=\"text-align: justify\">Amennyiben egy adott id\u0151ben az oszt\u00e1lyra val\u00f3 betegbe\u00e1raml\u00e1s olyan nagy m\u00e9rt\u00e9k\u0171, hogy az el\u0151\u00edrt id\u0151ablakon bel\u00fcl az ell\u00e1t\u00e1st nem tudjuk megkezdni, \u00fagy a tri\u00e1zs \u00e1pol\u00f3 \u00fan. re-tri\u00e1zst v\u00e9gez, amely sor\u00e1n meg\u00e1llap\u00edtja, hogy a tov\u00e1bbi v\u00e1rakoz\u00e1s az \u00d6n eset\u00e9ben biztons\u00e1gos-e, illetve hogy mely betegeket sz\u00fcks\u00e9ges el\u0151r\u00e9bb sorolni.\u00a0<\/p>\n<p style=\"text-align: justify\">Minden esetben t\u00f6reksz\u00fcnk arra, hogy a sz\u00fcks\u00e9ges legkevesebb id\u0151t kelljen a s\u00fcrg\u0151ss\u00e9gi oszt\u00e1lyon t\u00f6ltenie.<\/p>\n<h4 style=\"text-align: left\"><strong><span style=\"font-size: 18pt\">Betegell\u00e1t\u00e1si rend<\/span><\/strong><\/h4>\n<p style=\"text-align: justify\">A beteg\u00fat tervez\u00e9s szempontj\u00e1b\u00f3l fontos, hogy amennyiben a k\u00f3rh\u00e1zi oszt\u00e1lyra val\u00f3 felv\u00e9tel sz\u00fcks\u00e9ges \u00e9s indokolt, \u00fagy a betegelhelyez\u00e9s a s\u00fcrg\u0151ss\u00e9gi oszt\u00e1lyr\u00f3l is a budapesti ter\u00fcleti ell\u00e1t\u00e1si rend szerint t\u00f6rt\u00e9nik, a beteg lakc\u00edme vagy \u00e9letvitelszer\u0171 tart\u00f3zkod\u00e1si helye alapj\u00e1n. Amennyiben h\u00e1ziorvosi vagy szakrendel\u0151i szinten a beteg\u00fat egy\u00e9rtelm\u0171nek tekinthet\u0151, \u00fagy javasolt a ter\u00fcleti ell\u00e1t\u00e1si k\u00f6telezetts\u00e9g (TEK) alapj\u00e1n szakmaspecifikus ell\u00e1t\u00f3i helyre val\u00f3 beutal\u00e1s, amellyel a betegnek jelent\u0151s id\u0151 sp\u00f3rolhat\u00f3.<\/p>\n<p><iframe loading=\"lazy\" title=\"Betegell\u00e1t\u00e1si folyamat a SE SOK s\u00fcrg\u0151ss\u00e9gi oszt\u00e1ly\u00e1n\" width=\"753\" height=\"424\" src=\"https:\/\/www.youtube.com\/embed\/zu3MlbSKCBE?feature=oembed\" frameborder=\"0\" allow=\"accelerometer; autoplay; clipboard-write; encrypted-media; gyroscope; picture-in-picture; web-share\" referrerpolicy=\"strict-origin-when-cross-origin\" allowfullscreen><\/iframe><\/p>\n<p>&nbsp;<\/p>\n","protected":false},"excerpt":{"rendered":"<p>Bejelentkez\u00e9s A S\u00fcrg\u0151ss\u00e9gi Orvostani Klinika hirtelen kezdet\u0171, \u00e9letet vesz\u00e9lyeztet\u0151 vagy tart\u00f3s eg\u00e9szs\u00e9gk\u00e1rosod\u00e1s vesz\u00e9ly\u00e9vel j\u00e1r\u00f3 k\u00f3r\u00e1llapotok els\u0151dleges ell\u00e1t\u00e1s\u00e1t ny\u00fajtja a betegeknek. Amennyiben hirtelen fell\u00e9p\u0151 t\u00fcnetet, f\u00e1jdalmat, \u00e1llapotroml\u00e1st \u00e9szlel, k\u00e9szs\u00e9ggel fogadjuk \u00d6nt Klinik\u00e1nkon! FONTOS:\u00a0Traumatol\u00f3giai\u00a0esetek\u00a0(baleseti s\u00e9r\u00fcl\u00e9sek)\u00a0ell\u00e1t\u00e1s\u00e1ra\u00a0oszt\u00e1lyunkon\u00a0nincs lehet\u0151s\u00e9g. Megk\u00f6zel\u00edthet\u0151s\u00e9g:\u00a0 <a href=\"https:\/\/semmelweis.hu\/surgosseg\/hu\/kapcsolat\/\" target=\"_blank\" rel=\"noopener\">ide kattintva \u00e9rhet\u0151 el \u2192<\/a> Bejelentkez\u00e9s\u00e9hez sz\u00fcks\u00e9ges: szem\u00e9lyazonos\u00edt\u00f3 igazolv\u00e1ny lakc\u00edm k\u00e1rtya TAJ k\u00e1rtya (vagy Eur\u00f3pai Eg\u00e9szs\u00e9gbiztos\u00edt\u00e1si K\u00e1rtya) Ha az \u00d6n eg\u00e9szs\u00e9gbiztos\u00edt\u00e1si st\u00e1tusza nem rendezett, \u00fagy &hellip;<\/p>\n","protected":false},"author":102014,"featured_media":0,"parent":16,"menu_order":0,"comment_status":"closed","ping_status":"closed","template":"","meta":{"_acf_changed":false,"footnotes":""},"categories":[],"tags":[],"class_list":["post-1415","page","type-page","status-publish","hentry"],"acf":[],"_links":{"self":[{"href":"https:\/\/semmelweis.hu\/surgosseg\/wp-json\/wp\/v2\/pages\/1415","targetHints":{"allow":["GET"]}}],"collection":[{"href":"https:\/\/semmelweis.hu\/surgosseg\/wp-json\/wp\/v2\/pages"}],"about":[{"href":"https:\/\/semmelweis.hu\/surgosseg\/wp-json\/wp\/v2\/types\/page"}],"author":[{"embeddable":true,"href":"https:\/\/semmelweis.hu\/surgosseg\/wp-json\/wp\/v2\/users\/102014"}],"replies":[{"embeddable":true,"href":"https:\/\/semmelweis.hu\/surgosseg\/wp-json\/wp\/v2\/comments?post=1415"}],"version-history":[{"count":4,"href":"https:\/\/semmelweis.hu\/surgosseg\/wp-json\/wp\/v2\/pages\/1415\/revisions"}],"predecessor-version":[{"id":2148,"href":"https:\/\/semmelweis.hu\/surgosseg\/wp-json\/wp\/v2\/pages\/1415\/revisions\/2148"}],"up":[{"embeddable":true,"href":"https:\/\/semmelweis.hu\/surgosseg\/wp-json\/wp\/v2\/pages\/16"}],"wp:attachment":[{"href":"https:\/\/semmelweis.hu\/surgosseg\/wp-json\/wp\/v2\/media?parent=1415"}],"wp:term":[{"taxonomy":"category","embeddable":true,"href":"https:\/\/semmelweis.hu\/surgosseg\/wp-json\/wp\/v2\/categories?post=1415"},{"taxonomy":"post_tag","embeddable":true,"href":"https:\/\/semmelweis.hu\/surgosseg\/wp-json\/wp\/v2\/tags?post=1415"}],"curies":[{"name":"wp","href":"https:\/\/api.w.org\/{rel}","templated":true}]}}