{"id":1394,"date":"2022-06-16T21:24:03","date_gmt":"2022-06-16T19:24:03","guid":{"rendered":"https:\/\/semmelweis.hu\/surgosseg\/?page_id=1394"},"modified":"2025-06-10T07:29:48","modified_gmt":"2025-06-10T05:29:48","slug":"demonstratori-palyazat","status":"publish","type":"page","link":"https:\/\/semmelweis.hu\/surgosseg\/oktatas\/gradualis\/demonstratori-palyazat\/","title":{"rendered":"Demonstr\u00e1tori poz\u00edci\u00f3"},"content":{"rendered":"<p><span style=\"font-size: 18pt\"><strong>P\u00e1ly\u00e1zat demonstr\u00e1tori megb\u00edz\u00e1sra a S\u00fcrg\u0151ss\u00e9gi Orvostani Klinik\u00e1n <\/strong><\/span><\/p>\n<p>A S\u00fcrg\u0151ss\u00e9gi Orvostani Klinika p\u00e1ly\u00e1zatot hirdet az \u00c1ltal\u00e1nos Orvostudom\u00e1nyi Kar hallgat\u00f3inak demonstr\u00e1tori feladatok ell\u00e1t\u00e1s\u00e1ra a 2025\/26-\u00f6s tan\u00e9vben<\/p>\n<p><strong>\u00a0<\/strong><strong>A p\u00e1ly\u00e1zat c\u00e9lja: <\/strong><\/p>\n<p>Az arra alkalmas \u00e9s \u00e9rdemes hallgat\u00f3k bevon\u00e1sa a S\u00fcrg\u0151ss\u00e9gi Orvostani Klinika oktat\u00f3\u0301 (Els\u0151seg\u00e9ly, tov\u00e1bbi \u00e9rdekl\u0151d\u00e9s eset\u00e9n Oxiol\u00f3gia \u00e9s S\u00fcrg\u0151ss\u00e9gi Orvostan t\u00e1rgy) \u00e9s kutat\u00f3 munk\u00e1j\u00e1ba, ezzel lehet\u0151s\u00e9get teremtve a hallgat\u00f3k magasabb sz\u00ednvonal\u00fa szakmai k\u00e9pz\u00e9se mellett az oktat\u00f3i \u00e9s klinikai dolgoz\u00f3i ut\u00e1np\u00f3tl\u00e1s felk\u00e9sz\u00edt\u00e9s\u00e9re \u00e9s nevel\u00e9s\u00e9re.<\/p>\n<p>A demonstr\u00e1torok foglalkoztat\u00e1si ideje minimum 10 gyakorlati \u00f3ra\/h\u00f3 a 2025\/26-\u00f6s tan\u00e9v I. \u00e9s II. szemeszter\u00e9nek szorgalmi id\u0151szaka.<\/p>\n<p><strong>Demonstr\u00e1tori hely<\/strong> magyar nyelv\u0171 t\u00f6rzsk\u00e9pz\u00e9sn\u00e9l: 15 hallgat\u00f3<strong>\u00a0<\/strong><\/p>\n<p><strong>A jelentkeze\u0301s felte\u0301telei: <\/strong><\/p>\n<p>Demonstra\u0301tori megbi\u0301za\u0301sra pa\u0301lya\u0301zhat az a<\/p>\n<ol>\n<li>harmad- vagy fels\u0151bb \u00e9ves hallgat\u00f3, aki<\/li>\n<li>az el\u0151z\u0151 tan\u00e9vben legal\u00e1bb j\u00f3 tanulm\u00e1nyi \u00e1tlageredm\u00e9nyt \u00e9rt el<\/li>\n<li>magatart\u00e1sa p\u00e9ldamutat\u00f3,<\/li>\n<li>a\u0301tlagon felu\u0308li kifejezo\u030bke\u0301szse\u0301ggel e\u0301s idegen nyelvismerettel rendelkezik,<\/li>\n<li>elhivatotts\u00e1got \u00e9rez az Els\u0151seg\u00e9ly oktat\u00e1s\u00e1ban val\u00f3 k\u00f6zrem\u0171k\u00f6d\u00e9sre.<\/li>\n<\/ol>\n<p><strong>A demonstr\u00e1tor \u00e1ltal ell\u00e1tand\u00f3 feladatok: <\/strong><\/p>\n<p>A S\u00fcrg\u0151ss\u00e9gi Orvostani Klinik\u00e1n dolgoz\u00f3 demonstr\u00e1tor<\/p>\n<ol>\n<li>re\u0301szt vesz az Els\u0151seg\u00e9ly t\u00e1rgy gyakorlati foglalkoza\u0301sainak elo\u030bke\u0301szi\u0301te\u0301se\u0301ben (pl.: manikinek mu\u030bko\u0308de\u0301se\u0301nek elleno\u030brze\u0301se, oktat\u00e1si-demonstr\u00e1ci\u00f3s eszk\u00f6z\u00f6k el\u0151k\u00e9sz\u00edt\u00e9se &#8211; ellen\u0151rz\u00e9s),<\/li>\n<li>seg\u00edti a gyakorlatvezet\u0151 oktat\u00f3(k) munk\u00e1j\u00e1t a gyakorlati \u00f3r\u00e1n, ig\u00e9ny eset\u00e9n r\u00e9szt vesz az el\u0151ad\u00e1sok technikai el\u0151k\u00e9sz\u00edt\u00e9s\u00e9ben<\/li>\n<li>assziszta\u0301l a gyakorlatokon, fel\u00fcgyelet mellett a kiscsoportos gyakorlati r\u00e9szeket megtarthatja<\/li>\n<li>szerepet va\u0301llal az esetleges tanulma\u0301nyi versenyek szerveze\u0301se\u0301ben e\u0301s lebonyoli\u0301ta\u0301sa\u0301ban,<\/li>\n<li>ko\u0308zremu\u030bko\u0308dik u\u0301j gyakorlati oktata\u0301si m\u00f3dszerek kidolgoza\u0301sa\u0301ban, bevezete\u0301se\u0301ben.<\/li>\n<\/ol>\n<p><strong>A demonstra\u0301tori munka szaba\u0301lyai: <\/strong><\/p>\n<ul>\n<li>Minden demonstr\u00e1tornak az els\u0151 oktat\u00e1si h\u00e9ten jelentkeznie kell a tanulm\u00e1nyi felel\u0151sn\u00e9l, akivel egyeztetik a gyakorlati csoportokat, amelyek \u00f3r\u00e1in a f\u00e9l\u00e9v sor\u00e1n r\u00e9szt vesz<\/li>\n<li>A szorgalmi id\u0151szak kezdet\u00e9n minden demonstr\u00e1tornak r\u00e9szt kell vennie egy \u201cels\u0151seg\u00e9ly oktat\u00f3k oktat\u00e1sa\u201d egy alkalmas gyakorlati k\u00e9pz\u00e9sen<\/li>\n<li>Egy gyakorlati csoportban legfeljebb egy demonstra\u0301tor dolgozhat<\/li>\n<li>A fe\u0301le\u0301v sora\u0301n a demonstra\u0301tor legfeljebb ha\u0301rom alkalommal hia\u0301nyozhat a gyakorlatokro\u0301l<\/li>\n<li>Az ala\u0301i\u0301ra\u0301s megszerze\u0301se\u0301nek felte\u0301tele:\n<ul>\n<li>A megengedettne\u0301l nem to\u0308bb hia\u0301nyza\u0301s,<\/li>\n<li>A gyakorlatvezeto\u030b megi\u0301te\u0301le\u0301se szerinti akti\u0301v re\u0301szve\u0301tel a gyakorlatokon<\/li>\n<\/ul>\n<\/li>\n<\/ul>\n<p><strong>A demonstra\u0301tori o\u0308szto\u0308ndi\u0301j me\u0301rte\u0301ke:<\/strong><\/p>\n<p>A D\u00e9k\u00e1n \u00e1ltal meghat\u00e1rozott d\u00edjaz\u00e1s szerint havi 20 000 Ft, de maximum 80 000 Ft\/f\u00e9l\u00e9v.<\/p>\n<p><strong>Jelentkez\u00e9s m\u00f3dja: <\/strong><\/p>\n<p>A jelentkez\u00e9st elektronikusan kell elk\u00fcldeni Dr. Vass P\u00e9ter r\u00e9sz\u00e9re az al\u00e1bbi e-mail c\u00edmre:<\/p>\n<p>edu.sok@semmelweis.hu<strong>\u00a0<\/strong><\/p>\n<p><strong>A jelentkez\u00e9s formai k\u00f6vetelm\u00e9nyei:<\/strong><\/p>\n<p>A jelentkez\u00e9snek tartalmaznia kell a hallgat\u00f3 nev\u00e9t, NEPTUN k\u00f3dj\u00e1t, az utols\u00f3 f\u00e9l\u00e9v tanulm\u00e1nyi \u00e1tlag\u00e1t \u00e9s egy r\u00f6vid (max. 100 szavas) motiv\u00e1ci\u00f3s \u00f6sszefoglal\u00f3t, hogy a p\u00e1ly\u00e1z\u00f3 mi\u00e9rt k\u00edv\u00e1n az Els\u0151seg\u00e9ly t\u00e1rgy keretein bel\u00fcl demonstr\u00e1tori munk\u00e1t v\u00e9gezni.<\/p>\n<p><strong>Jelentkez\u00e9si hat\u00e1rid\u0151: 2025. j\u00falius 4.<\/strong><\/p>\n<p>A bee\u0301rkezett pa\u0301lya\u0301zatok elbi\u0301ra\u0301la\u0301sa\u0301ro\u0301l az \u00c1ltal\u00e1nos Orvostudom\u00e1nyi Kar vezeto\u030bje legke\u0301so\u030bbb az o\u030bszi fe\u0301le\u0301v szorgalmi ido\u030bszaka\u0301nak megkezde\u0301se\u0301ig do\u0308nt, mely do\u0308nte\u0301se\u0301ro\u030bl egyideju\u030bleg e\u0301rtesi\u0301ti a pa\u0301lya\u0301zo\u0301t.<\/p>\n<p>&nbsp;<\/p>\n","protected":false},"excerpt":{"rendered":"<p>P\u00e1ly\u00e1zat demonstr\u00e1tori megb\u00edz\u00e1sra a S\u00fcrg\u0151ss\u00e9gi Orvostani Klinik\u00e1n A S\u00fcrg\u0151ss\u00e9gi Orvostani Klinika p\u00e1ly\u00e1zatot hirdet az \u00c1ltal\u00e1nos Orvostudom\u00e1nyi Kar hallgat\u00f3inak demonstr\u00e1tori feladatok ell\u00e1t\u00e1s\u00e1ra a 2025\/26-\u00f6s tan\u00e9vben \u00a0A p\u00e1ly\u00e1zat c\u00e9lja: Az arra alkalmas \u00e9s \u00e9rdemes hallgat\u00f3k bevon\u00e1sa a S\u00fcrg\u0151ss\u00e9gi Orvostani Klinika oktat\u00f3\u0301 (Els\u0151seg\u00e9ly, tov\u00e1bbi \u00e9rdekl\u0151d\u00e9s eset\u00e9n Oxiol\u00f3gia \u00e9s S\u00fcrg\u0151ss\u00e9gi Orvostan t\u00e1rgy) \u00e9s kutat\u00f3 munk\u00e1j\u00e1ba, ezzel lehet\u0151s\u00e9get teremtve a &hellip;<\/p>\n","protected":false},"author":102014,"featured_media":0,"parent":1482,"menu_order":6,"comment_status":"closed","ping_status":"closed","template":"","meta":{"_acf_changed":false,"footnotes":""},"categories":[],"tags":[],"class_list":["post-1394","page","type-page","status-publish","hentry"],"acf":[],"_links":{"self":[{"href":"https:\/\/semmelweis.hu\/surgosseg\/wp-json\/wp\/v2\/pages\/1394","targetHints":{"allow":["GET"]}}],"collection":[{"href":"https:\/\/semmelweis.hu\/surgosseg\/wp-json\/wp\/v2\/pages"}],"about":[{"href":"https:\/\/semmelweis.hu\/surgosseg\/wp-json\/wp\/v2\/types\/page"}],"author":[{"embeddable":true,"href":"https:\/\/semmelweis.hu\/surgosseg\/wp-json\/wp\/v2\/users\/102014"}],"replies":[{"embeddable":true,"href":"https:\/\/semmelweis.hu\/surgosseg\/wp-json\/wp\/v2\/comments?post=1394"}],"version-history":[{"count":10,"href":"https:\/\/semmelweis.hu\/surgosseg\/wp-json\/wp\/v2\/pages\/1394\/revisions"}],"predecessor-version":[{"id":2329,"href":"https:\/\/semmelweis.hu\/surgosseg\/wp-json\/wp\/v2\/pages\/1394\/revisions\/2329"}],"up":[{"embeddable":true,"href":"https:\/\/semmelweis.hu\/surgosseg\/wp-json\/wp\/v2\/pages\/1482"}],"wp:attachment":[{"href":"https:\/\/semmelweis.hu\/surgosseg\/wp-json\/wp\/v2\/media?parent=1394"}],"wp:term":[{"taxonomy":"category","embeddable":true,"href":"https:\/\/semmelweis.hu\/surgosseg\/wp-json\/wp\/v2\/categories?post=1394"},{"taxonomy":"post_tag","embeddable":true,"href":"https:\/\/semmelweis.hu\/surgosseg\/wp-json\/wp\/v2\/tags?post=1394"}],"curies":[{"name":"wp","href":"https:\/\/api.w.org\/{rel}","templated":true}]}}