{"id":67,"date":"2013-04-17T16:00:35","date_gmt":"2013-04-17T14:00:35","guid":{"rendered":"http:\/\/semmelweis-egyetem.hu\/sugarvedelem\/?page_id=67"},"modified":"2025-04-14T11:02:46","modified_gmt":"2025-04-14T09:02:46","slug":"munkatarsak","status":"publish","type":"page","link":"https:\/\/semmelweis.hu\/sugarvedelem\/altalanos-informaciok\/munkatarsak\/","title":{"rendered":"Munkat\u00e1rsak"},"content":{"rendered":"<table border=\"0\" width=\"670\" cellpadding=\"0\">\n<tbody>\n<tr>\n<td><strong>Taba Gabriella<\/strong><br \/>\n<i>vegy\u00e9szm\u00e9rn\u00f6k, a Sug\u00e1rv\u00e9delmi szolg\u00e1lat vezet\u0151je<br \/>\nTelefon: 06-20-666-3769<br \/>\ne-mail: taba.gabriella@semmelweis.hu<\/i><\/td>\n<td width=\"28\">\u00a0<\/td>\n<\/tr>\n<tr>\n<td colspan=\"2\" width=\"608\"><strong>Dr. Voszka Istv\u00e1n<\/strong><br \/>\n<i><i>helyettes vezet\u0151 , orvos, egyetemi docens a Biofizikai \u00e9s Sug\u00e1rbiol\u00f3giai Int\u00e9zetben<br \/>\nTelefon: 459-1500\/60234 bels\u0151 mell\u00e9k: 60234 mobil: 06-20-663-2126<br \/>\ne-mail: voszka.istvan@semmelweis.hu<br \/>\n<\/i><\/i><strong>Ritvay Dorottya M\u00e1ria &#8211; m\u00e9rn\u00f6k<\/strong><br \/>\n<strong>Vizbel \u00c1kos &#8211; szakmai ir\u00e1ny\u00edt\u00f3<\/strong><\/td>\n<\/tr>\n<\/tbody>\n<\/table>\n<p>&nbsp;<\/p>\n","protected":false},"excerpt":{"rendered":"<p>Taba Gabriella<br \/>\nvegy\u00e9szm\u00e9rn\u00f6k, a Sug\u00e1rv\u00e9delmi szolg\u00e1lat vezet\u0151je<br \/>\nTelefon: 06-20-666-3769<br \/>\ne-mail: taba.gabriella@semmelweis.hu<br \/>\n\u00a0<\/p>\n<p>Dr. Voszka Istv\u00e1n<br \/>\nhelyettes vezet\u0151 , orvos, egyetemi docens a Biofizikai \u00e9s Sug\u00e1rbiol\u00f3giai Int\u00e9zetben<br \/>\nTelefon: 459-1500\/60234 bels\u0151 mell\u00e9k: 60234 mobil: 06-20-663-2126<br \/>\ne-mail: voszka.istvan@semmelweis.hu<br \/>\nRitvay Dorottya M\u00e1ria &#8211; m\u00e9rn\u00f6k<br \/>\nVizbel \u00c1kos &#8211; szakmai ir\u00e1ny\u00edt\u00f3<\/p>\n<p>&nbsp;<\/p>\n","protected":false},"author":190,"featured_media":0,"parent":13,"menu_order":0,"comment_status":"closed","ping_status":"closed","template":"","meta":{"_acf_changed":false,"footnotes":""},"categories":[],"tags":[],"class_list":["post-67","page","type-page","status-publish","hentry"],"acf":[],"_links":{"self":[{"href":"https:\/\/semmelweis.hu\/sugarvedelem\/wp-json\/wp\/v2\/pages\/67","targetHints":{"allow":["GET"]}}],"collection":[{"href":"https:\/\/semmelweis.hu\/sugarvedelem\/wp-json\/wp\/v2\/pages"}],"about":[{"href":"https:\/\/semmelweis.hu\/sugarvedelem\/wp-json\/wp\/v2\/types\/page"}],"author":[{"embeddable":true,"href":"https:\/\/semmelweis.hu\/sugarvedelem\/wp-json\/wp\/v2\/users\/190"}],"replies":[{"embeddable":true,"href":"https:\/\/semmelweis.hu\/sugarvedelem\/wp-json\/wp\/v2\/comments?post=67"}],"version-history":[{"count":10,"href":"https:\/\/semmelweis.hu\/sugarvedelem\/wp-json\/wp\/v2\/pages\/67\/revisions"}],"predecessor-version":[{"id":464,"href":"https:\/\/semmelweis.hu\/sugarvedelem\/wp-json\/wp\/v2\/pages\/67\/revisions\/464"}],"up":[{"embeddable":true,"href":"https:\/\/semmelweis.hu\/sugarvedelem\/wp-json\/wp\/v2\/pages\/13"}],"wp:attachment":[{"href":"https:\/\/semmelweis.hu\/sugarvedelem\/wp-json\/wp\/v2\/media?parent=67"}],"wp:term":[{"taxonomy":"category","embeddable":true,"href":"https:\/\/semmelweis.hu\/sugarvedelem\/wp-json\/wp\/v2\/categories?post=67"},{"taxonomy":"post_tag","embeddable":true,"href":"https:\/\/semmelweis.hu\/sugarvedelem\/wp-json\/wp\/v2\/tags?post=67"}],"curies":[{"name":"wp","href":"https:\/\/api.w.org\/{rel}","templated":true}]}}