{"id":62,"date":"2013-04-17T15:43:23","date_gmt":"2013-04-17T13:43:23","guid":{"rendered":"http:\/\/semmelweis-egyetem.hu\/sugarvedelem\/?page_id=62"},"modified":"2025-11-04T14:00:15","modified_gmt":"2025-11-04T13:00:15","slug":"alapfoku-sugarvedelmi-tanfolyam","status":"publish","type":"page","link":"https:\/\/semmelweis.hu\/sugarvedelem\/oktatas\/alapfoku-sugarvedelmi-tanfolyam\/","title":{"rendered":"Alapfok\u00fa sug\u00e1rv\u00e9delmi tanfolyam"},"content":{"rendered":"<p>Alap fokozat\u00fa sug\u00e1rv\u00e9delmi tanfolyamot tartunk 2025. december 12-\u00e9n 9 \u00f3rai kezdettel a V\u00e1rosmajori Sz\u00edv-\u00e9s \u00c9rgy\u00f3gy\u00e1szati Klinik\u00e1n (Bej\u00e1rat a Ga\u00e1l J\u00f3zsef \u00fat 9-11 fel\u0151l)<br \/>\nA vizsga december 13-\u00e1n 8:30-kor lesz ugyanott.<\/p>\n<p>Jelentkez\u00e9si lap let\u00f6lthet\u0151 <a href=\"https:\/\/semmelweis.hu\/sugarvedelem\/files\/2025\/11\/alap_jellap_2025_12.docx\">alap_jellap_2025_12<\/a><\/p>\n<p>OAH jegyzet let\u00f6lthet\u0151 innen: <a href=\"https:\/\/semmelweis.hu\/sugarvedelem\/files\/2019\/12\/Alap_Sv_jegyzet_2019_11.pdf\">Alap_Sv_jegyzet_2019_11<\/a><\/p>\n","protected":false},"excerpt":{"rendered":"<p>Alap fokozat\u00fa sug\u00e1rv\u00e9delmi tanfolyamot tartunk 2025. december 12-\u00e9n 9 \u00f3rai kezdettel a V\u00e1rosmajori Sz\u00edv-\u00e9s \u00c9rgy\u00f3gy\u00e1szati Klinik\u00e1n (Bej\u00e1rat a Ga\u00e1l J\u00f3zsef \u00fat 9-11 fel\u0151l)<br \/>\nA vizsga december 13-\u00e1n 8:30-kor lesz ugyanott.<br \/>\nJelentkez\u00e9si lap let\u00f6lthet\u0151 <a href=\"https:\/\/semmelweis.hu\/sugarvedelem\/files\/2025\/11\/alap_jellap_2025_12.docx\">alap_jellap_2025_12<\/a><br \/>\nOAH jegyzet let\u00f6lthet\u0151 innen: <a href=\"https:\/\/semmelweis.hu\/sugarvedelem\/files\/2019\/12\/Alap_Sv_jegyzet_2019_11.pdf\">Alap_Sv_jegyzet_2019_11<\/a><\/p>\n","protected":false},"author":190,"featured_media":0,"parent":14,"menu_order":0,"comment_status":"closed","ping_status":"closed","template":"","meta":{"_acf_changed":false,"footnotes":""},"categories":[],"tags":[],"class_list":["post-62","page","type-page","status-publish","hentry"],"acf":[],"_links":{"self":[{"href":"https:\/\/semmelweis.hu\/sugarvedelem\/wp-json\/wp\/v2\/pages\/62","targetHints":{"allow":["GET"]}}],"collection":[{"href":"https:\/\/semmelweis.hu\/sugarvedelem\/wp-json\/wp\/v2\/pages"}],"about":[{"href":"https:\/\/semmelweis.hu\/sugarvedelem\/wp-json\/wp\/v2\/types\/page"}],"author":[{"embeddable":true,"href":"https:\/\/semmelweis.hu\/sugarvedelem\/wp-json\/wp\/v2\/users\/190"}],"replies":[{"embeddable":true,"href":"https:\/\/semmelweis.hu\/sugarvedelem\/wp-json\/wp\/v2\/comments?post=62"}],"version-history":[{"count":10,"href":"https:\/\/semmelweis.hu\/sugarvedelem\/wp-json\/wp\/v2\/pages\/62\/revisions"}],"predecessor-version":[{"id":477,"href":"https:\/\/semmelweis.hu\/sugarvedelem\/wp-json\/wp\/v2\/pages\/62\/revisions\/477"}],"up":[{"embeddable":true,"href":"https:\/\/semmelweis.hu\/sugarvedelem\/wp-json\/wp\/v2\/pages\/14"}],"wp:attachment":[{"href":"https:\/\/semmelweis.hu\/sugarvedelem\/wp-json\/wp\/v2\/media?parent=62"}],"wp:term":[{"taxonomy":"category","embeddable":true,"href":"https:\/\/semmelweis.hu\/sugarvedelem\/wp-json\/wp\/v2\/categories?post=62"},{"taxonomy":"post_tag","embeddable":true,"href":"https:\/\/semmelweis.hu\/sugarvedelem\/wp-json\/wp\/v2\/tags?post=62"}],"curies":[{"name":"wp","href":"https:\/\/api.w.org\/{rel}","templated":true}]}}